897
CDUS43 KMKX 142245
CLIMSN


CLIMATE REPORT
NATIONAL WEATHER SERVICE IN MILWAUKEE
545 PM CDT THU MAY 14 2015


...................................

...THE MADISON WI CLIMATE SUMMARY FOR MAY 14 2015...
VALID TODAY AS OF 0500 PM LOCAL TIME.

CLIMATE NORMAL PERIOD 1981 TO 2010
CLIMATE RECORD PERIOD 1871 TO 2015


WEATHER ITEM   OBSERVED TIME   RECORD YEAR NORMAL DEPARTURE LAST
                VALUE   (LST)  VALUE       VALUE  FROM      YEAR
                                                  NORMAL
..................................................................
TEMPERATURE (F)
 TODAY
  MAXIMUM         66    400 PM  89    1991  68     -2       58
  MINIMUM         40        MM  32    1964  46     -6       41
  AVERAGE         53                        57     -4       50

PRECIPITATION (IN)
  TODAY            0.00          1.70 1883   0.11  -0.11     0.00
  MONTH TO DATE    0.92                      1.53  -0.61     1.36
  SINCE MAR 1      6.06                      7.13  -1.07     7.75
  SINCE JAN 1      7.26                      9.81  -2.55     9.64

SNOWFALL (IN)
  TODAY            0.0           0.0    MM   0.0    0.0      0.0
  MONTH TO DATE    0.0                       0.2   -0.2      0.0
  SINCE MAR 1      4.2                       9.8   -5.6      9.2
  SINCE JUL 1     33.7                      50.9  -17.2     59.2
  SNOW DEPTH       0

DEGREE DAYS
 HEATING
  TODAY           12                         9      3       15
  MONTH TO DATE   99                       151    -52      130
  SINCE MAR 1   1528                      1672   -144     1858
  SINCE JUL 1   7239                      7158     81     7970

 COOLING
  TODAY            0                         1     -1        0
  MONTH TO DATE   12                         4      8        9
  SINCE MAR 1     12                         8      4        9
  SINCE JAN 1     12                         8      4        9
..................................................................


WIND (MPH)
  HIGHEST WIND SPEED    22   HIGHEST WIND DIRECTION     S (170)
  HIGHEST GUST SPEED    25   HIGHEST GUST DIRECTION    SE (150)
  AVERAGE WIND SPEED    11.8


SKY COVER
  POSSIBLE SUNSHINE  MM
  AVERAGE SKY COVER 0.7


WEATHER CONDITIONS
 THE FOLLOWING WEATHER WAS RECORDED TODAY.
  LIGHT RAIN


RELATIVE HUMIDITY (PERCENT)
 HIGHEST    71           700 AM
 LOWEST     45           300 PM
 AVERAGE    58

..........................................................


THE MADISON WI CLIMATE NORMALS FOR TOMORROW
                         NORMAL    RECORD    YEAR
 MAXIMUM TEMPERATURE (F)   68        86      2012
                                             1977
 MINIMUM TEMPERATURE (F)   46        30      1983


SUNRISE AND SUNSET
MAY 14 2015...........SUNRISE   535 AM CDT   SUNSET   813 PM CDT
MAY 15 2015...........SUNRISE   534 AM CDT   SUNSET   814 PM CDT


-  INDICATES NEGATIVE NUMBERS.
R  INDICATES RECORD WAS SET OR TIED.
MM INDICATES DATA IS MISSING.
T  INDICATES TRACE AMOUNT.




$$
