000
CDUS43 KMKX 210050
CLIMSN


CLIMATE REPORT
NATIONAL WEATHER SERVICE IN MILWAUKEE
650 PM CST TUE JAN 20 2015


...................................

...THE MADISON WI CLIMATE SUMMARY FOR JANUARY 20 2015...
VALID TODAY AS OF 0600 PM LOCAL TIME.

CLIMATE NORMAL PERIOD 1981 TO 2010
CLIMATE RECORD PERIOD 1871 TO 2015


WEATHER ITEM   OBSERVED TIME   RECORD YEAR NORMAL DEPARTURE LAST
                VALUE   (LST)  VALUE       VALUE  FROM      YEAR
                                                  NORMAL
..................................................................
TEMPERATURE (F)
 TODAY
  MAXIMUM         33   1234 PM  53    1906  26      7       35
  MINIMUM         31    559 PM -27    1994  11     20        6
  AVERAGE         32                        18     14       21

PRECIPITATION (IN)
  TODAY            0.00          1.11 1898   0.04  -0.04      T
  MONTH TO DATE    0.41                      0.80  -0.39     0.36
  SINCE DEC 1      1.44                      2.54  -1.10     1.98
  SINCE JAN 1      0.41                      0.80  -0.39     0.36

SNOWFALL (IN)
  TODAY            0.0           9.4  1898   0.4   -0.4      0.8
  MONTH TO DATE    6.6                       8.3   -1.7      6.4
  SINCE DEC 1      6.7                      21.8  -15.1     28.5
  SINCE JUL 1     15.2                      25.9  -10.7     32.0
  SNOW DEPTH       T

DEGREE DAYS
 HEATING
  TODAY           33                        47    -14       44
  MONTH TO DATE  970                       929     41     1024
  SINCE DEC 1   2098                      2229   -131     2490
  SINCE JUL 1   3782                      3808    -26     4009

 COOLING
  TODAY            0                         0      0        0
  MONTH TO DATE    0                         0      0        0
  SINCE DEC 1      0                         0      0        0
  SINCE JAN 1      0                         0      0        0
..................................................................


WIND (MPH)
  HIGHEST WIND SPEED    15   HIGHEST WIND DIRECTION    NE (60)
  HIGHEST GUST SPEED    21   HIGHEST GUST DIRECTION    NE (30)
  AVERAGE WIND SPEED     7.4


SKY COVER
  POSSIBLE SUNSHINE  MM
  AVERAGE SKY COVER 1.0


WEATHER CONDITIONS
 THE FOLLOWING WEATHER WAS RECORDED TODAY.
  FOG


RELATIVE HUMIDITY (PERCENT)
 HIGHEST    92           600 AM
 LOWEST     82           300 AM
 AVERAGE    87

..........................................................


THE MADISON WI CLIMATE NORMALS FOR TOMORROW
                         NORMAL    RECORD    YEAR
 MAXIMUM TEMPERATURE (F)   26        52      1964
 MINIMUM TEMPERATURE (F)   11       -29      1888


SUNRISE AND SUNSET
JANUARY 20 2015.......SUNRISE   723 AM CST   SUNSET   454 PM CST
JANUARY 21 2015.......SUNRISE   723 AM CST   SUNSET   455 PM CST


-  INDICATES NEGATIVE NUMBERS.
R  INDICATES RECORD WAS SET OR TIED.
MM INDICATES DATA IS MISSING.
T  INDICATES TRACE AMOUNT.




$$
