000
CDUS43 KMKX 140047
CLIMSN


CLIMATE REPORT
NATIONAL WEATHER SERVICE IN MILWAUKEE
746 PM CDT WED JUL 13 2016


...................................

...THE MADISON WI CLIMATE SUMMARY FOR JULY 13 2016...
VALID TODAY AS OF 0700 PM LOCAL TIME.

CLIMATE NORMAL PERIOD 1981 TO 2010
CLIMATE RECORD PERIOD 1871 TO 2016


WEATHER ITEM   OBSERVED TIME   RECORD YEAR NORMAL DEPARTURE LAST
                VALUE   (LST)  VALUE       VALUE  FROM      YEAR
                                                  NORMAL
..................................................................
TEMPERATURE (F)
 TODAY
  MAXIMUM         87    102 PM 106    1936  82      5       88
  MINIMUM         71    503 AM  46    1964  61     10       65
  AVERAGE         79                        72      7       77

PRECIPITATION (IN)
  TODAY            0.00          1.40 1912   0.14  -0.14     0.88
  MONTH TO DATE    0.63                      1.83  -1.20     1.65
  SINCE JUN 1      5.98                      6.37  -0.39     4.80
  SINCE JAN 1     15.77                     18.20  -2.43    15.32

SNOWFALL (IN)
  TODAY            0.0           0.0    MM   0.0    0.0      0.0
  MONTH TO DATE    0.0                       0.0    0.0      0.0
  SINCE JUN 1      0.0                       0.0    0.0      0.0
  SINCE JUL 1      0.0                       0.0    0.0      0.0
  SNOW DEPTH       0

DEGREE DAYS
 HEATING
  TODAY            0                         0      0        0
  MONTH TO DATE    3                         0      3       16
  SINCE JUN 1     17                        60    -43       53
  SINCE JUL 1      3                         0      3       16

 COOLING
  TODAY           14                         7      7       12
  MONTH TO DATE   93                        89      4       47
  SINCE JUN 1    242                       209     33      158
  SINCE JAN 1    294                       239     55      208
..................................................................


WIND (MPH)
  HIGHEST WIND SPEED    15   HIGHEST WIND DIRECTION     S (200)
  HIGHEST GUST SPEED    21   HIGHEST GUST DIRECTION    SW (210)
  AVERAGE WIND SPEED     5.8


SKY COVER
  POSSIBLE SUNSHINE  MM
  AVERAGE SKY COVER 0.5


WEATHER CONDITIONS
 THE FOLLOWING WEATHER WAS RECORDED TODAY.
  NO SIGNIFICANT WEATHER WAS OBSERVED.


RELATIVE HUMIDITY (PERCENT)
 HIGHEST    90           500 AM
 LOWEST     57           200 PM
 AVERAGE    74

..........................................................


THE MADISON WI CLIMATE NORMALS FOR TOMORROW
                         NORMAL    RECORD    YEAR
 MAXIMUM TEMPERATURE (F)   82       107      1936
 MINIMUM TEMPERATURE (F)   61        45      1950


SUNRISE AND SUNSET
JULY 13 2016..........SUNRISE   530 AM CDT   SUNSET   836 PM CDT
JULY 14 2016..........SUNRISE   531 AM CDT   SUNSET   835 PM CDT


-  INDICATES NEGATIVE NUMBERS.
R  INDICATES RECORD WAS SET OR TIED.
MM INDICATES DATA IS MISSING.
T  INDICATES TRACE AMOUNT.




$$
