000
CDUS43 KMKX 290648
CLIMSN


CLIMATE REPORT
NATIONAL WEATHER SERVICE IN MILWAUKEE
148 AM CDT FRI SEP 29 2017


...................................

...THE MADISON WI CLIMATE SUMMARY FOR SEPTEMBER 28 2017...

CLIMATE NORMAL PERIOD 1981 TO 2010
CLIMATE RECORD PERIOD 1871 TO 2017


WEATHER ITEM   OBSERVED TIME   RECORD YEAR NORMAL DEPARTURE LAST
                VALUE   (LST)  VALUE       VALUE  FROM      YEAR
                                                  NORMAL
..................................................................
TEMPERATURE (F)
 YESTERDAY
  MAXIMUM         72    410 PM  89    1971  67      5       62
  MINIMUM         44    611 AM  27    1964  45     -1       48
  AVERAGE         58                        56      2       55

PRECIPITATION (IN)
  YESTERDAY        0.00          1.21 1904   0.09  -0.09     0.10
  MONTH TO DATE    0.55                      2.96  -2.41     8.37
  SINCE SEP 1      0.55                      2.96  -2.41     8.37
  SINCE JAN 1     33.31                     27.78   5.53    36.61

SNOWFALL (IN)
  YESTERDAY        0.0           0.0    MM   0.0    0.0      0.0
  MONTH TO DATE    0.0                       0.0    0.0      0.0
  SINCE SEP 1      0.0                       0.0    0.0      0.0
  SINCE JUL 1      0.0                       0.0    0.0      0.0
  SNOW DEPTH       0

DEGREE DAYS
 HEATING
  YESTERDAY        7                        10     -3       10
  MONTH TO DATE   93                       152    -59       34
  SINCE SEP 1     93                       152    -59       34
  SINCE JUL 1    118                       189    -71       41

 COOLING
  YESTERDAY        0                         1     -1        0
  MONTH TO DATE  110                        52     58       76
  SINCE SEP 1    110                        52     58       76
  SINCE JAN 1    570                       565      5      771
..................................................................


WIND (MPH)
  HIGHEST WIND SPEED    12   HIGHEST WIND DIRECTION    SW (230)
  HIGHEST GUST SPEED    17   HIGHEST GUST DIRECTION    SW (210)
  AVERAGE WIND SPEED     3.9


SKY COVER
  POSSIBLE SUNSHINE  MM
  AVERAGE SKY COVER 0.2


WEATHER CONDITIONS
 THE FOLLOWING WEATHER WAS RECORDED YESTERDAY.
  FOG


RELATIVE HUMIDITY (PERCENT)
 HIGHEST   100           100 AM
 LOWEST     41           200 PM
 AVERAGE    71

..........................................................


THE MADISON WI CLIMATE NORMALS FOR TODAY
                         NORMAL    RECORD    YEAR
 MAXIMUM TEMPERATURE (F)   66        90      1953
 MINIMUM TEMPERATURE (F)   44        25      1949


SUNRISE AND SUNSET
SEPTEMBER 29 2017.....SUNRISE   653 AM CDT   SUNSET   642 PM CDT
SEPTEMBER 30 2017.....SUNRISE   654 AM CDT   SUNSET   640 PM CDT


-  INDICATES NEGATIVE NUMBERS.
R  INDICATES RECORD WAS SET OR TIED.
MM INDICATES DATA IS MISSING.
T  INDICATES TRACE AMOUNT.




$$
