000
CDUS43 KMKX 190648
CLIMSN


CLIMATE REPORT
NATIONAL WEATHER SERVICE IN MILWAUKEE
148 AM CDT TUE APR 19 2016


...................................

...THE MADISON WI CLIMATE SUMMARY FOR APRIL 18 2016...

CLIMATE NORMAL PERIOD 1981 TO 2010
CLIMATE RECORD PERIOD 1871 TO 2016


WEATHER ITEM   OBSERVED TIME   RECORD YEAR NORMAL DEPARTURE LAST
                VALUE   (LST)  VALUE       VALUE  FROM      YEAR
                                                  NORMAL
..................................................................
TEMPERATURE (F)
 YESTERDAY
  MAXIMUM         80    352 PM  87    1977  59     21       68
  MINIMUM         46    536 AM  18    1983  37      9       44
  AVERAGE         63                        48     15       56

PRECIPITATION (IN)
  YESTERDAY        0.00          2.15 1880   0.12  -0.12     0.00
  MONTH TO DATE    0.83                      2.02  -1.19     3.42
  SINCE MAR 1      4.79                      4.22   0.57     4.18
  SINCE JAN 1      6.29                      6.90  -0.61     5.38

SNOWFALL (IN)
  YESTERDAY        0.0           3.4  1912   0.1   -0.1      0.0
  MONTH TO DATE    4.2                       2.0    2.2      0.0
  SINCE MAR 1      8.2                       9.0   -0.8      4.2
  SINCE JUL 1     32.7                      50.1  -17.4     33.7
  SNOW DEPTH       0

DEGREE DAYS
 HEATING
  YESTERDAY        2                        18    -16        9
  MONTH TO DATE  399                       377     22      268
  SINCE MAR 1   1169                      1340   -171     1203
  SINCE JUL 1   5769                      6826  -1057     6914

 COOLING
  YESTERDAY        0                         0      0        0
  MONTH TO DATE    0                         0      0        0
  SINCE MAR 1      0                         0      0        0
  SINCE JAN 1      0                         0      0        0
..................................................................


WIND (MPH)
  HIGHEST WIND SPEED    16   HIGHEST WIND DIRECTION    NE (60)
  HIGHEST GUST SPEED    19   HIGHEST GUST DIRECTION    NE (50)
  AVERAGE WIND SPEED     3.1


SKY COVER
  POSSIBLE SUNSHINE  MM
  AVERAGE SKY COVER 0.7


WEATHER CONDITIONS
 THE FOLLOWING WEATHER WAS RECORDED YESTERDAY.
  NO SIGNIFICANT WEATHER WAS OBSERVED.


RELATIVE HUMIDITY (PERCENT)
 HIGHEST    86           400 AM
 LOWEST     27           400 PM
 AVERAGE    57

..........................................................


THE MADISON WI CLIMATE NORMALS FOR TODAY
                         NORMAL    RECORD    YEAR
 MAXIMUM TEMPERATURE (F)   59        84      1985
 MINIMUM TEMPERATURE (F)   37        16      1983


SUNRISE AND SUNSET
APRIL 19 2016.........SUNRISE   608 AM CDT   SUNSET   745 PM CDT
APRIL 20 2016.........SUNRISE   607 AM CDT   SUNSET   746 PM CDT


-  INDICATES NEGATIVE NUMBERS.
R  INDICATES RECORD WAS SET OR TIED.
MM INDICATES DATA IS MISSING.
T  INDICATES TRACE AMOUNT.




$$
