000
CDUS43 KMKX 052240
CLIMSN


CLIMATE REPORT
NATIONAL WEATHER SERVICE IN MILWAUKEE
440 PM CST MON FEB 5 2018


...................................

...THE MADISON WI CLIMATE SUMMARY FOR FEBRUARY 5 2018...
VALID TODAY AS OF 0400 PM LOCAL TIME.

CLIMATE NORMAL PERIOD 1981 TO 2010
CLIMATE RECORD PERIOD 1871 TO 2018


WEATHER ITEM   OBSERVED TIME   RECORD YEAR NORMAL DEPARTURE LAST
                VALUE   (LST)  VALUE       VALUE  FROM      YEAR
                                                  NORMAL
..................................................................
TEMPERATURE (F)
 TODAY
  MAXIMUM          9    359 PM  54    1946  28    -19       33
  MINIMUM         -9    709 AM -21    1936  13    -22       16
                                      1895
  AVERAGE          0                        20    -20       25

PRECIPITATION (IN)
  TODAY            0.08          0.64 1953   0.04   0.04     0.00
  MONTH TO DATE    0.40                      0.21   0.19      T
  SINCE DEC 1      2.81                      3.18  -0.37     4.79
  SINCE JAN 1      2.08                      1.44   0.64     2.76

SNOWFALL (IN)
  TODAY           MM             5.0  1974   0.4   MM        0.0
  MONTH TO DATE    4.3                       2.1    2.2       T
  SINCE DEC 1     18.2                      28.5  -10.3     33.8
  SINCE JUL 1     18.5                      32.6  -14.1     33.8
  SNOW DEPTH       3

DEGREE DAYS
 HEATING
  TODAY           65                        45     20       40
  MONTH TO DATE  265                       225     40      234
  SINCE DEC 1   2971                      2959     12     2816
  SINCE JUL 1   4330                      4538   -208     3838

 COOLING
  TODAY            0                         0      0        0
  MONTH TO DATE    0                         0      0        0
  SINCE DEC 1      0                         0      0        0
  SINCE JAN 1      0                         0      0        0
..................................................................


WIND (MPH)
  HIGHEST WIND SPEED    12   HIGHEST WIND DIRECTION     S (200)
  HIGHEST GUST SPEED    18   HIGHEST GUST DIRECTION    SW (240)
  AVERAGE WIND SPEED     4.3


SKY COVER
  POSSIBLE SUNSHINE  MM
  AVERAGE SKY COVER 0.5


WEATHER CONDITIONS
 THE FOLLOWING WEATHER WAS RECORDED TODAY.
  SNOW
  LIGHT SNOW
  FOG
  FOG W/VISIBILITY <= 1/4 MILE


RELATIVE HUMIDITY (PERCENT)
 HIGHEST    92           600 AM
 LOWEST     63           100 PM
 AVERAGE    78

..........................................................


THE MADISON WI CLIMATE NORMALS FOR TOMORROW
                         NORMAL    RECORD    YEAR
 MAXIMUM TEMPERATURE (F)   29        54      1882
 MINIMUM TEMPERATURE (F)   13       -19      1977


SUNRISE AND SUNSET
FEBRUARY  5 2018......SUNRISE   708 AM CST   SUNSET   515 PM CST
FEBRUARY  6 2018......SUNRISE   707 AM CST   SUNSET   516 PM CST


-  INDICATES NEGATIVE NUMBERS.
R  INDICATES RECORD WAS SET OR TIED.
MM INDICATES DATA IS MISSING.
T  INDICATES TRACE AMOUNT.




$$
