000
CDUS43 KMKX 090645
CLIMSN


CLIMATE REPORT
NATIONAL WEATHER SERVICE IN MILWAUKEE
144 AM CDT TUE MAY 9 2017


...................................

...THE MADISON WI CLIMATE SUMMARY FOR MAY 8 2017...

CLIMATE NORMAL PERIOD 1981 TO 2010
CLIMATE RECORD PERIOD 1871 TO 2017


WEATHER ITEM   OBSERVED TIME   RECORD YEAR NORMAL DEPARTURE LAST
                VALUE   (LST)  VALUE       VALUE  FROM      YEAR
                                                  NORMAL
..................................................................
TEMPERATURE (F)
 YESTERDAY
  MAXIMUM         62    352 PM  85    1993  66     -4       71
                                      1979
                                      1953
  MINIMUM         33    422 AM  26    1966  44    -11       36
  AVERAGE         48                        55     -7       54

PRECIPITATION (IN)
  YESTERDAY        0.02          1.61 1927   0.11  -0.09     0.00
  MONTH TO DATE    0.60                      0.87  -0.27     0.09
  SINCE MAR 1      8.73                      6.47   2.26     6.16
  SINCE JAN 1     13.43                      9.15   4.28     7.66

SNOWFALL (IN)
  YESTERDAY        0.0           0.4  1923   0.0    0.0      0.0
  MONTH TO DATE    0.0                       0.1   -0.1      0.0
  SINCE MAR 1      8.3                       9.7   -1.4      8.2
  SINCE JUL 1     44.0                      50.8   -6.8     32.7
  SNOW DEPTH       0

DEGREE DAYS
 HEATING
  YESTERDAY       17                        11      6       11
  MONTH TO DATE  134                        93     41       90
  SINCE MAR 1   1526                      1614    -88     1428
  SINCE JUL 1   6038                      7100  -1062     6028

 COOLING
  YESTERDAY        0                         0      0        0
  MONTH TO DATE    0                         0      0        0
  SINCE MAR 1      0                         4     -4        0
  SINCE JAN 1      0                         4     -4        0
..................................................................


WIND (MPH)
  HIGHEST WIND SPEED    16   HIGHEST WIND DIRECTION    SE (120)
  HIGHEST GUST SPEED    19   HIGHEST GUST DIRECTION    SE (120)
  AVERAGE WIND SPEED     7.8


SKY COVER
  POSSIBLE SUNSHINE  MM
  AVERAGE SKY COVER 0.5


WEATHER CONDITIONS
 THE FOLLOWING WEATHER WAS RECORDED YESTERDAY.
  LIGHT RAIN


RELATIVE HUMIDITY (PERCENT)
 HIGHEST    76          1200 AM
 LOWEST     32           400 PM
 AVERAGE    54

..........................................................


THE MADISON WI CLIMATE NORMALS FOR TODAY
                         NORMAL    RECORD    YEAR
 MAXIMUM TEMPERATURE (F)   66        92      1934
 MINIMUM TEMPERATURE (F)   44        20      1966


SUNRISE AND SUNSET
MAY  9 2017...........SUNRISE   540 AM CDT   SUNSET   808 PM CDT
MAY 10 2017...........SUNRISE   539 AM CDT   SUNSET   809 PM CDT


-  INDICATES NEGATIVE NUMBERS.
R  INDICATES RECORD WAS SET OR TIED.
MM INDICATES DATA IS MISSING.
T  INDICATES TRACE AMOUNT.




$$
