000
CDUS43 KMKX 160043
CLIMSN


CLIMATE REPORT
NATIONAL WEATHER SERVICE IN MILWAUKEE
743 PM CDT THU SEP 15 2016


...................................

...THE MADISON WI CLIMATE SUMMARY FOR SEPTEMBER 15 2016...
VALID TODAY AS OF 0700 PM LOCAL TIME.

CLIMATE NORMAL PERIOD 1981 TO 2010
CLIMATE RECORD PERIOD 1871 TO 2016


WEATHER ITEM   OBSERVED TIME   RECORD YEAR NORMAL DEPARTURE LAST
                VALUE   (LST)  VALUE       VALUE  FROM      YEAR
                                                  NORMAL
..................................................................
TEMPERATURE (F)
 TODAY
  MAXIMUM         77    356 PM  96    1939  72      5       83
  MINIMUM         53    547 AM  32    2007  51      2       64
  AVERAGE         65                        61      4       74

PRECIPITATION (IN)
  TODAY            0.00          1.60 1931   0.10  -0.10      T
  MONTH TO DATE    3.84                      1.64   2.20     1.28
  SINCE SEP 1      3.84                      1.64   2.20     1.28
  SINCE JAN 1     32.08                     26.46   5.62    24.07

SNOWFALL (IN)
  TODAY            0.0           0.0    MM   0.0    0.0      0.0
  MONTH TO DATE    0.0                       0.0    0.0      0.0
  SINCE SEP 1      0.0                       0.0    0.0      0.0
  SINCE JUL 1      0.0                       0.0    0.0      0.0
  SNOW DEPTH       0

DEGREE DAYS
 HEATING
  TODAY            0                         5     -5        0
  MONTH TO DATE    9                        51    -42       23
  SINCE SEP 1      9                        51    -42       23
  SINCE JUL 1     16                        88    -72       55

 COOLING
  TODAY            0                         2     -2        9
  MONTH TO DATE   45                        38      7      109
  SINCE SEP 1     45                        38      7      109
  SINCE JAN 1    740                       551    189      638
..................................................................


WIND (MPH)
  HIGHEST WIND SPEED    17   HIGHEST WIND DIRECTION    SE (140)
  HIGHEST GUST SPEED    24   HIGHEST GUST DIRECTION    SW (240)
  AVERAGE WIND SPEED     6.8


SKY COVER
  POSSIBLE SUNSHINE  MM
  AVERAGE SKY COVER 0.4


WEATHER CONDITIONS
 THE FOLLOWING WEATHER WAS RECORDED TODAY.
  FOG


RELATIVE HUMIDITY (PERCENT)
 HIGHEST   100           300 AM
 LOWEST     47           400 PM
 AVERAGE    74

..........................................................


THE MADISON WI CLIMATE NORMALS FOR TOMORROW
                         NORMAL    RECORD    YEAR
 MAXIMUM TEMPERATURE (F)   72        91      1931
 MINIMUM TEMPERATURE (F)   50        32      1984


SUNRISE AND SUNSET
SEPTEMBER 15 2016.....SUNRISE   637 AM CDT   SUNSET   706 PM CDT
SEPTEMBER 16 2016.....SUNRISE   639 AM CDT   SUNSET   705 PM CDT


-  INDICATES NEGATIVE NUMBERS.
R  INDICATES RECORD WAS SET OR TIED.
MM INDICATES DATA IS MISSING.
T  INDICATES TRACE AMOUNT.




$$
