000
CDUS43 KMKX 100655
CLIMSN


CLIMATE REPORT
NATIONAL WEATHER SERVICE IN MILWAUKEE
1254 AM CST FRI MAR 10 2017


...................................

...THE MADISON WI CLIMATE SUMMARY FOR MARCH 9 2017...

CLIMATE NORMAL PERIOD 1981 TO 2010
CLIMATE RECORD PERIOD 1871 TO 2017


WEATHER ITEM   OBSERVED TIME   RECORD YEAR NORMAL DEPARTURE LAST
                VALUE   (LST)  VALUE       VALUE  FROM      YEAR
                                                  NORMAL
..................................................................
TEMPERATURE (F)
 YESTERDAY
  MAXIMUM         38    417 PM  66    1977  40     -2       61
  MINIMUM         27   1159 PM  -8    1975  22      5       41
  AVERAGE         33                        31      2       51

PRECIPITATION (IN)
  YESTERDAY        0.00          0.84 1918   0.06  -0.06     0.13
  MONTH TO DATE    0.66                      0.55   0.11     0.48
  SINCE MAR 1      0.66                      0.55   0.11     0.48
  SINCE JAN 1      5.36                      3.23   2.13     1.98

SNOWFALL (IN)
  YESTERDAY        0.0           5.7  1943   0.3   -0.3      0.0
  MONTH TO DATE    4.1                       2.6    1.5      3.5
  SINCE MAR 1      4.1                       2.6    1.5      3.5
  SINCE JUL 1     39.8                      43.7   -3.9     28.0
  SNOW DEPTH       0

DEGREE DAYS
 HEATING
  YESTERDAY       32                        34     -2       14
  MONTH TO DATE  261                       319    -58      264
  SINCE MAR 1    261                       319    -58      264
  SINCE JUL 1   4773                      5805  -1032     4864

 COOLING
  YESTERDAY        0                         0      0        0
  MONTH TO DATE    0                         0      0        0
  SINCE MAR 1      0                         0      0        0
  SINCE JAN 1      0                         0      0        0
..................................................................


WIND (MPH)
  HIGHEST WIND SPEED    16   HIGHEST WIND DIRECTION    NW (330)
  HIGHEST GUST SPEED    23   HIGHEST GUST DIRECTION     N (340)
  AVERAGE WIND SPEED     6.8


SKY COVER
  POSSIBLE SUNSHINE  MM
  AVERAGE SKY COVER 0.9


WEATHER CONDITIONS
 THE FOLLOWING WEATHER WAS RECORDED YESTERDAY.
  NO SIGNIFICANT WEATHER WAS OBSERVED.


RELATIVE HUMIDITY (PERCENT)
 HIGHEST    63           600 AM
 LOWEST     29           300 PM
 AVERAGE    46

..........................................................


THE MADISON WI CLIMATE NORMALS FOR TODAY
                         NORMAL    RECORD    YEAR
 MAXIMUM TEMPERATURE (F)   40        66      1894
 MINIMUM TEMPERATURE (F)   23        -5      2003


SUNRISE AND SUNSET
MARCH 10 2017.........SUNRISE   618 AM CST   SUNSET   558 PM CST
MARCH 11 2017.........SUNRISE   616 AM CST   SUNSET   559 PM CST


-  INDICATES NEGATIVE NUMBERS.
R  INDICATES RECORD WAS SET OR TIED.
MM INDICATES DATA IS MISSING.
T  INDICATES TRACE AMOUNT.




$$
