000
CDUS43 KMKX 150047
CLIMSN


CLIMATE REPORT
NATIONAL WEATHER SERVICE IN MILWAUKEE
641 PM CST TUE FEB 14 2017


...................................

...THE MADISON WI CLIMATE SUMMARY FOR FEBRUARY 14 2017...
VALID TODAY AS OF 0600 PM LOCAL TIME.

CLIMATE NORMAL PERIOD 1981 TO 2010
CLIMATE RECORD PERIOD 1871 TO 2017


WEATHER ITEM   OBSERVED TIME   RECORD YEAR NORMAL DEPARTURE LAST
                VALUE   (LST)  VALUE       VALUE  FROM      YEAR
                                                  NORMAL
..................................................................
TEMPERATURE (F)
 TODAY
  MAXIMUM         46    317 PM  55    1954  31     15       17
                                      1934
  MINIMUM         32    726 AM -13    1951  15     17        4
  AVERAGE         39                        23     16       11

PRECIPITATION (IN)
  TODAY            0.00          1.30 1869   0.05  -0.05     0.06
  MONTH TO DATE    0.28                      0.65  -0.37     0.46
  SINCE DEC 1      5.07                      3.62   1.45     4.77
  SINCE JAN 1      3.04                      1.88   1.16     1.44

SNOWFALL (IN)
  TODAY            0.0           6.6  1909   0.4   -0.4      1.6
  MONTH TO DATE    T                         5.6   -5.6      5.3
  SINCE DEC 1     33.8                      32.0    1.8     19.6
  SINCE JUL 1     33.8                      36.1   -2.3     23.7
  SNOW DEPTH       0

DEGREE DAYS
 HEATING
  TODAY           26                        42    -16       54
  MONTH TO DATE  551                       615    -64      627
  SINCE DEC 1   3133                      3349   -216     2938
  SINCE JUL 1   4155                      4928   -773     4129

 COOLING
  TODAY            0                         0      0        0
  MONTH TO DATE    0                         0      0        0
  SINCE DEC 1      0                         0      0        0
  SINCE JAN 1      0                         0      0        0
..................................................................


WIND (MPH)
  HIGHEST WIND SPEED    18   HIGHEST WIND DIRECTION     W (290)
  HIGHEST GUST SPEED    26   HIGHEST GUST DIRECTION     W (290)
  AVERAGE WIND SPEED     6.9


SKY COVER
  POSSIBLE SUNSHINE  MM
  AVERAGE SKY COVER 0.4


WEATHER CONDITIONS
 THE FOLLOWING WEATHER WAS RECORDED TODAY.
  NO SIGNIFICANT WEATHER WAS OBSERVED.


RELATIVE HUMIDITY (PERCENT)
 HIGHEST    82           500 AM
 LOWEST     45           300 PM
 AVERAGE    64

..........................................................


THE MADISON WI CLIMATE NORMALS FOR TOMORROW
                         NORMAL    RECORD    YEAR
 MAXIMUM TEMPERATURE (F)   31        63      1921
 MINIMUM TEMPERATURE (F)   15       -14      1920


SUNRISE AND SUNSET
FEBRUARY 14 2017......SUNRISE   656 AM CST   SUNSET   527 PM CST
FEBRUARY 15 2017......SUNRISE   655 AM CST   SUNSET   529 PM CST


-  INDICATES NEGATIVE NUMBERS.
R  INDICATES RECORD WAS SET OR TIED.
MM INDICATES DATA IS MISSING.
T  INDICATES TRACE AMOUNT.




$$

HAHN
