000
CDUS43 KMKX 030643
CLIMSN


CLIMATE REPORT
NATIONAL WEATHER SERVICE IN MILWAUKEE
142 AM CDT SAT JUN 3 2017


...................................

...THE MADISON WI CLIMATE SUMMARY FOR JUNE 2 2017...

CLIMATE NORMAL PERIOD 1981 TO 2010
CLIMATE RECORD PERIOD 1871 TO 2017


WEATHER ITEM   OBSERVED TIME   RECORD YEAR NORMAL DEPARTURE LAST
                VALUE   (LST)  VALUE       VALUE  FROM      YEAR
                                                  NORMAL
..................................................................
TEMPERATURE (F)
 YESTERDAY
  MAXIMUM         82    523 PM  91    1948  74      8       74
  MINIMUM         47    429 AM  35    1956  52     -5       53
  AVERAGE         65                        63      2       64

PRECIPITATION (IN)
  YESTERDAY        0.00          2.26 1878   0.14  -0.14     0.00
  MONTH TO DATE    0.00                      0.29  -0.29     0.93
  SINCE JUN 1      0.00                      0.29  -0.29     0.93
  SINCE JAN 1     15.66                     12.12   3.54    10.72

SNOWFALL (IN)
  YESTERDAY        0.0           0.0    MM   0.0    0.0      0.0
  MONTH TO DATE    0.0                       0.0    0.0      0.0
  SINCE JUN 1      0.0                       0.0    0.0      0.0
  SINCE JUL 1     44.0                      50.9   -6.9     32.7
  SNOW DEPTH       0

DEGREE DAYS
 HEATING
  YESTERDAY        0                         4     -4        1
  MONTH TO DATE    4                         9     -5        1
  SINCE JUN 1      4                         9     -5        1
  SINCE JUL 1   6192                      7282  -1090     6185

 COOLING
  YESTERDAY        0                         2     -2        0
  MONTH TO DATE    0                         4     -4        5
  SINCE JUN 1      0                         4     -4        5
  SINCE JAN 1     15                        34    -19       57
..................................................................


WIND (MPH)
  HIGHEST WIND SPEED    10   HIGHEST WIND DIRECTION    SW (210)
  HIGHEST GUST SPEED    15   HIGHEST GUST DIRECTION    SW (220)
  AVERAGE WIND SPEED     3.0


SKY COVER
  POSSIBLE SUNSHINE  MM
  AVERAGE SKY COVER 0.3


WEATHER CONDITIONS
 THE FOLLOWING WEATHER WAS RECORDED YESTERDAY.
  NO SIGNIFICANT WEATHER WAS OBSERVED.


RELATIVE HUMIDITY (PERCENT)
 HIGHEST    93           300 AM
 LOWEST     31           400 PM
 AVERAGE    62

..........................................................


THE MADISON WI CLIMATE NORMALS FOR TODAY
                         NORMAL    RECORD    YEAR
 MAXIMUM TEMPERATURE (F)   74        91      2011
                                             1972
                                             1948
 MINIMUM TEMPERATURE (F)   52        37      1969
                                             1956


SUNRISE AND SUNSET
JUNE  3 2017..........SUNRISE   519 AM CDT   SUNSET   832 PM CDT
JUNE  4 2017..........SUNRISE   519 AM CDT   SUNSET   833 PM CDT


-  INDICATES NEGATIVE NUMBERS.
R  INDICATES RECORD WAS SET OR TIED.
MM INDICATES DATA IS MISSING.
T  INDICATES TRACE AMOUNT.




$$
