000
CDUS43 KMKX 220045
CLIMSN


CLIMATE REPORT
NATIONAL WEATHER SERVICE IN MILWAUKEE
744 PM CDT SAT MAR 21 2015


...................................

...THE MADISON WI CLIMATE SUMMARY FOR MARCH 21 2015...
VALID TODAY AS OF 0700 PM LOCAL TIME.

CLIMATE NORMAL PERIOD 1981 TO 2010
CLIMATE RECORD PERIOD 1871 TO 2015


WEATHER ITEM   OBSERVED TIME   RECORD YEAR NORMAL DEPARTURE LAST
                VALUE   (LST)  VALUE       VALUE  FROM      YEAR
                                                  NORMAL
..................................................................
TEMPERATURE (F)
 TODAY
  MAXIMUM         50    405 PM  83    2012  45      5       50
  MINIMUM         33    237 AM  -1    1965  27      6       22
  AVERAGE         42                        36      6       36

PRECIPITATION (IN)
  TODAY            0.00          1.50 1886   0.08  -0.08     0.00
  MONTH TO DATE    0.11                      1.35  -1.24     0.71
  SINCE MAR 1      0.11                      1.35  -1.24     0.71
  SINCE JAN 1      1.31                      4.03  -2.72     2.60

SNOWFALL (IN)
  TODAY            0.0          11.0  1886   0.2   -0.2      0.0
  MONTH TO DATE    0.8                       5.3   -4.5      6.6
  SINCE MAR 1      0.8                       5.3   -4.5      6.6
  SINCE JUL 1     30.3                      46.4  -16.1     56.6
  SNOW DEPTH       0

DEGREE DAYS
 HEATING
  TODAY           23                        29     -6       29
  MONTH TO DATE  627                       694    -67      829
  SINCE MAR 1    627                       694    -67      829
  SINCE JUL 1   6338                      6180    158     6941

 COOLING
  TODAY            0                         0      0        0
  MONTH TO DATE    0                         0      0        0
  SINCE MAR 1      0                         0      0        0
  SINCE JAN 1      0                         0      0        0
..................................................................


WIND (MPH)
  HIGHEST WIND SPEED    16   HIGHEST WIND DIRECTION     N (340)
  HIGHEST GUST SPEED    20   HIGHEST GUST DIRECTION    NW (320)
  AVERAGE WIND SPEED     8.2


SKY COVER
  POSSIBLE SUNSHINE  MM
  AVERAGE SKY COVER 0.3


WEATHER CONDITIONS
 THE FOLLOWING WEATHER WAS RECORDED TODAY.
  NO SIGNIFICANT WEATHER WAS OBSERVED.


RELATIVE HUMIDITY (PERCENT)
 HIGHEST    82           200 AM
 LOWEST     20           300 PM
 AVERAGE    51

..........................................................


THE MADISON WI CLIMATE NORMALS FOR TOMORROW
                         NORMAL    RECORD    YEAR
 MAXIMUM TEMPERATURE (F)   46        79      2012
 MINIMUM TEMPERATURE (F)   27        -5      1888


SUNRISE AND SUNSET
MARCH 21 2015.........SUNRISE   659 AM CDT   SUNSET   711 PM CDT
MARCH 22 2015.........SUNRISE   657 AM CDT   SUNSET   712 PM CDT


-  INDICATES NEGATIVE NUMBERS.
R  INDICATES RECORD WAS SET OR TIED.
MM INDICATES DATA IS MISSING.
T  INDICATES TRACE AMOUNT.




$$
