000
CDUS43 KMKX 180043
CLIMSN


CLIMATE REPORT
NATIONAL WEATHER SERVICE IN MILWAUKEE
743 PM CDT FRI OCT 17 2014


...................................

...THE MADISON WI CLIMATE SUMMARY FOR OCTOBER 17 2014...
VALID TODAY AS OF 0700 PM LOCAL TIME.

CLIMATE NORMAL PERIOD 1981 TO 2010
CLIMATE RECORD PERIOD 1871 TO 2014


WEATHER ITEM   OBSERVED TIME   RECORD YEAR NORMAL DEPARTURE LAST
                VALUE   (LST)  VALUE       VALUE  FROM      YEAR
                                                  NORMAL
..................................................................
TEMPERATURE (F)
 TODAY
  MAXIMUM         58   1027 AM  81    1956  59     -1       54
                                      1953
                                      1910
  MINIMUM         51    630 AM  19    1948  38     13       39
  AVERAGE         55                        48      7       47

PRECIPITATION (IN)
  TODAY            0.00          1.99 1881   0.08  -0.08     0.09
  MONTH TO DATE    2.88                      1.30   1.58     1.19
  SINCE SEP 1      4.72                      4.43   0.29     4.38
  SINCE JAN 1     32.53                     29.25   3.28    40.86

SNOWFALL (IN)
  TODAY            0.0           0.5  1952   0.0    0.0      0.0
  MONTH TO DATE    T                         0.1   -0.1      0.0
  SINCE SEP 1      T                         0.1   -0.1      0.0
  SINCE JUL 1      T                         0.1   -0.1      0.0
  SNOW DEPTH       0

DEGREE DAYS
 HEATING
  TODAY           10                        17     -7       18
  MONTH TO DATE  213                       237    -24      140
  SINCE SEP 1    379                       408    -29      267
  SINCE JUL 1    396                       445    -49      297

 COOLING
  TODAY            0                         0      0        0
  MONTH TO DATE    0                         0      0        2
  SINCE SEP 1     44                        51     -7       96
  SINCE JAN 1    620                       564     56      709
..................................................................


WIND (MPH)
  HIGHEST WIND SPEED    18   HIGHEST WIND DIRECTION    NW (320)
  HIGHEST GUST SPEED    26   HIGHEST GUST DIRECTION    NW (300)
  AVERAGE WIND SPEED     8.7


SKY COVER
  POSSIBLE SUNSHINE  MM
  AVERAGE SKY COVER 0.6


WEATHER CONDITIONS
 THE FOLLOWING WEATHER WAS RECORDED TODAY.
  NO SIGNIFICANT WEATHER WAS OBSERVED.


RELATIVE HUMIDITY (PERCENT)
 HIGHEST    77          1200 AM
 LOWEST     66          1200 PM
 AVERAGE    72

..........................................................


THE MADISON WI CLIMATE NORMALS FOR TOMORROW
                         NORMAL    RECORD    YEAR
 MAXIMUM TEMPERATURE (F)   58        82      1953
                                             1950
 MINIMUM TEMPERATURE (F)   38        18      1976
                                             1948


SUNRISE AND SUNSET
OCTOBER 17 2014.......SUNRISE   713 AM CDT   SUNSET   611 PM CDT
OCTOBER 18 2014.......SUNRISE   715 AM CDT   SUNSET   610 PM CDT


-  INDICATES NEGATIVE NUMBERS.
R  INDICATES RECORD WAS SET OR TIED.
MM INDICATES DATA IS MISSING.
T  INDICATES TRACE AMOUNT.




$$
