000
CDUS43 KMKX 180650
CLIMSN


CLIMATE REPORT
NATIONAL WEATHER SERVICE IN MILWAUKEE
147 AM CDT MON APR 18 2016


...................................

...THE MADISON WI CLIMATE SUMMARY FOR APRIL 17 2016...

CLIMATE NORMAL PERIOD 1981 TO 2010
CLIMATE RECORD PERIOD 1871 TO 2016


WEATHER ITEM   OBSERVED TIME   RECORD YEAR NORMAL DEPARTURE LAST
                VALUE   (LST)  VALUE       VALUE  FROM      YEAR
                                                  NORMAL
..................................................................
TEMPERATURE (F)
 YESTERDAY
  MAXIMUM         79    431 PM  86    1977  58     21       79
  MINIMUM         44    527 AM  11    1875  36      8       43
  AVERAGE         62                        47     15       61

PRECIPITATION (IN)
  YESTERDAY        0.00          1.29 2013   0.12  -0.12     0.00
  MONTH TO DATE    0.83                      1.90  -1.07     3.42
  SINCE MAR 1      4.79                      4.10   0.69     4.18
  SINCE JAN 1      6.29                      6.78  -0.49     5.38

SNOWFALL (IN)
  YESTERDAY        0.0           2.0  1940   0.1   -0.1      0.0
                                      1912
  MONTH TO DATE    4.2                       1.9    2.3      0.0
  SINCE MAR 1      8.2                       8.9   -0.7      4.2
  SINCE JUL 1     32.7                      50.0  -17.3     33.7
  SNOW DEPTH       0

DEGREE DAYS
 HEATING
  YESTERDAY        3                        18    -15        4
  MONTH TO DATE  397                       359     38      259
  SINCE MAR 1   1167                      1322   -155     1194
  SINCE JUL 1   5767                      6808  -1041     6905

 COOLING
  YESTERDAY        0                         0      0        0
  MONTH TO DATE    0                         0      0        0
  SINCE MAR 1      0                         0      0        0
  SINCE JAN 1      0                         0      0        0
..................................................................


WIND (MPH)
  HIGHEST WIND SPEED    15   HIGHEST WIND DIRECTION    SE (120)
  HIGHEST GUST SPEED    20   HIGHEST GUST DIRECTION     S (180)
  AVERAGE WIND SPEED     3.8


SKY COVER
  POSSIBLE SUNSHINE  MM
  AVERAGE SKY COVER 0.6


WEATHER CONDITIONS
 THE FOLLOWING WEATHER WAS RECORDED YESTERDAY.
  NO SIGNIFICANT WEATHER WAS OBSERVED.


RELATIVE HUMIDITY (PERCENT)
 HIGHEST    76           500 AM
 LOWEST     28           100 PM
 AVERAGE    52

..........................................................


THE MADISON WI CLIMATE NORMALS FOR TODAY
                         NORMAL    RECORD    YEAR
 MAXIMUM TEMPERATURE (F)   59        87      1977
 MINIMUM TEMPERATURE (F)   37        18      1983


SUNRISE AND SUNSET
APRIL 18 2016.........SUNRISE   610 AM CDT   SUNSET   744 PM CDT
APRIL 19 2016.........SUNRISE   608 AM CDT   SUNSET   745 PM CDT


-  INDICATES NEGATIVE NUMBERS.
R  INDICATES RECORD WAS SET OR TIED.
MM INDICATES DATA IS MISSING.
T  INDICATES TRACE AMOUNT.




$$
