000
CDUS43 KMKX 030655
CLIMSN


CLIMATE REPORT
NATIONAL WEATHER SERVICE IN MILWAUKEE
1255 AM CST SAT FEB 3 2018


...................................

...THE MADISON WI CLIMATE SUMMARY FOR FEBRUARY 2 2018...

CLIMATE NORMAL PERIOD 1981 TO 2010
CLIMATE RECORD PERIOD 1871 TO 2018


WEATHER ITEM   OBSERVED TIME   RECORD YEAR NORMAL DEPARTURE LAST
                VALUE   (LST)  VALUE       VALUE  FROM      YEAR
                                                  NORMAL
..................................................................
TEMPERATURE (F)
 YESTERDAY
  MAXIMUM         18   1159 PM  47    1987  28    -10       18
  MINIMUM         -1    654 AM -28    1959  12    -13        6
  AVERAGE          9                        20    -11       12

PRECIPITATION (IN)
  YESTERDAY        T             1.48 1983   0.04  -0.04     0.00
  MONTH TO DATE    T                         0.08  -0.08     0.00
  SINCE DEC 1      2.41                      3.05  -0.64     4.79
  SINCE JAN 1      1.68                      1.31   0.37     2.76

SNOWFALL (IN)
  YESTERDAY        T             6.6  1983   0.5   -0.5      0.0
  MONTH TO DATE    T                         0.9   -0.9      0.0
  SINCE DEC 1     13.9                      27.3  -13.4     33.8
  SINCE JUL 1     14.2                      31.4  -17.2     33.8
  SNOW DEPTH       0

DEGREE DAYS
 HEATING
  YESTERDAY       56                        45     11       53
  MONTH TO DATE  103                        90     13       96
  SINCE DEC 1   2809                      2824    -15     2678
  SINCE JUL 1   4168                      4403   -235     3700

 COOLING
  YESTERDAY        0                         0      0        0
  MONTH TO DATE    0                         0      0        0
  SINCE DEC 1      0                         0      0        0
  SINCE JAN 1      0                         0      0        0
..................................................................


WIND (MPH)
  HIGHEST WIND SPEED    12   HIGHEST WIND DIRECTION    SW (220)
  HIGHEST GUST SPEED    20   HIGHEST GUST DIRECTION     W (290)
  AVERAGE WIND SPEED     6.3


SKY COVER
  POSSIBLE SUNSHINE  MM
  AVERAGE SKY COVER 0.4


WEATHER CONDITIONS
 THE FOLLOWING WEATHER WAS RECORDED YESTERDAY.
  LIGHT SNOW


RELATIVE HUMIDITY (PERCENT)
 HIGHEST    72           400 AM
 LOWEST     36           300 PM
 AVERAGE    54

..........................................................


THE MADISON WI CLIMATE NORMALS FOR TODAY
                         NORMAL    RECORD    YEAR
 MAXIMUM TEMPERATURE (F)   28        52      1992
 MINIMUM TEMPERATURE (F)   12       -29      1996


SUNRISE AND SUNSET
FEBRUARY  3 2018......SUNRISE   710 AM CST   SUNSET   512 PM CST
FEBRUARY  4 2018......SUNRISE   709 AM CST   SUNSET   514 PM CST


-  INDICATES NEGATIVE NUMBERS.
R  INDICATES RECORD WAS SET OR TIED.
MM INDICATES DATA IS MISSING.
T  INDICATES TRACE AMOUNT.




$$
