000
CDUS43 KMKX 032141
CLIMSN


CLIMATE REPORT
NATIONAL WEATHER SERVICE IN MILWAUKEE
438 PM CDT WED MAY 3 2017


...................................

...THE MADISON WI CLIMATE SUMMARY FOR MAY 3 2017...
VALID TODAY AS OF 0400 PM LOCAL TIME.

CLIMATE NORMAL PERIOD 1981 TO 2010
CLIMATE RECORD PERIOD 1871 TO 2017


WEATHER ITEM   OBSERVED TIME   RECORD YEAR NORMAL DEPARTURE LAST
                VALUE   (LST)  VALUE       VALUE  FROM      YEAR
                                                  NORMAL
..................................................................
TEMPERATURE (F)
 TODAY
  MAXIMUM         60    259 PM  88    1949  64     -4       68
  MINIMUM         32    523 AM  25    1971  42    -10       38
  AVERAGE         46                        53     -7       53

PRECIPITATION (IN)
  TODAY            0.00          1.50 1873   0.11  -0.11     0.07
  MONTH TO DATE    0.37                      0.32   0.05     0.07
  SINCE MAR 1      8.50                      5.92   2.58     6.14
  SINCE JAN 1     13.20                      8.60   4.60     7.64

SNOWFALL (IN)
  TODAY            0.0           4.8  1935   0.0    0.0      0.0
  MONTH TO DATE    0.0                       0.0    0.0      0.0
  SINCE MAR 1      8.3                       9.6   -1.3      8.2
  SINCE JUL 1     44.0                      50.7   -6.7     32.7
  SNOW DEPTH       0

DEGREE DAYS
 HEATING
  TODAY           19                        12      7       12
  MONTH TO DATE   59                        37     22       41
  SINCE MAR 1   1451                      1558   -107     1379
  SINCE JUL 1   5963                      7044  -1081     5979

 COOLING
  TODAY            0                         0      0        0
  MONTH TO DATE    0                         0      0        0
  SINCE MAR 1      0                         4     -4        0
  SINCE JAN 1      0                         4     -4        0
..................................................................


WIND (MPH)
  HIGHEST WIND SPEED    15   HIGHEST WIND DIRECTION     E (90)
  HIGHEST GUST SPEED    20   HIGHEST GUST DIRECTION     E (80)
  AVERAGE WIND SPEED     3.6


SKY COVER
  POSSIBLE SUNSHINE  MM
  AVERAGE SKY COVER 0.4


WEATHER CONDITIONS
 THE FOLLOWING WEATHER WAS RECORDED TODAY.
  FOG


RELATIVE HUMIDITY (PERCENT)
 HIGHEST    96           300 AM
 LOWEST     33           100 PM
 AVERAGE    65

..........................................................


THE MADISON WI CLIMATE NORMALS FOR TOMORROW
                         NORMAL    RECORD    YEAR
 MAXIMUM TEMPERATURE (F)   65        90      1952
 MINIMUM TEMPERATURE (F)   42        26      1966


SUNRISE AND SUNSET
MAY  3 2017...........SUNRISE   548 AM CDT   SUNSET   801 PM CDT
MAY  4 2017...........SUNRISE   546 AM CDT   SUNSET   802 PM CDT


-  INDICATES NEGATIVE NUMBERS.
R  INDICATES RECORD WAS SET OR TIED.
MM INDICATES DATA IS MISSING.
T  INDICATES TRACE AMOUNT.




$$

HAHN
