000
CDUS43 KMKX 090701
CLIMSN


CLIMATE REPORT
NATIONAL WEATHER SERVICE IN MILWAUKEE
100 AM CST MON JAN 9 2017


...................................

...THE MADISON WI CLIMATE SUMMARY FOR JANUARY 8 2017...

CLIMATE NORMAL PERIOD 1981 TO 2010
CLIMATE RECORD PERIOD 1871 TO 2017


WEATHER ITEM   OBSERVED TIME   RECORD YEAR NORMAL DEPARTURE LAST
                VALUE   (LST)  VALUE       VALUE  FROM      YEAR
                                                  NORMAL
..................................................................
TEMPERATURE (F)
 YESTERDAY
  MAXIMUM         17   1159 PM  54    2003  26     -9       38
  MINIMUM         -3    733 AM -23    1971  11    -14       34
  AVERAGE          7                        19    -12       36

PRECIPITATION (IN)
  YESTERDAY        0.00          1.04 1937   0.04  -0.04     0.37
  MONTH TO DATE    0.03                      0.33  -0.30     0.50
  SINCE DEC 1      2.06                      2.07  -0.01     3.83
  SINCE JAN 1      0.03                      0.33  -0.30     0.50

SNOWFALL (IN)
  YESTERDAY        0.0           5.3  1998   0.4   -0.4      0.0
  MONTH TO DATE    0.1                       3.2   -3.1      0.1
  SINCE DEC 1     22.8                      16.7    6.1      7.5
  SINCE JUL 1     22.8                      20.8    2.0     11.6
  SNOW DEPTH       2

DEGREE DAYS
 HEATING
  YESTERDAY       58                        46     12       29
  MONTH TO DATE  418                       368     50      314
  SINCE DEC 1   1727                      1668     59     1235
  SINCE JUL 1   2749                      3247   -498     2426

 COOLING
  YESTERDAY        0                         0      0        0
  MONTH TO DATE    0                         0      0        0
  SINCE DEC 1      0                         0      0        0
  SINCE JAN 1      0                         0      0        0
..................................................................


WIND (MPH)
  HIGHEST WIND SPEED    22   HIGHEST WIND DIRECTION     S (170)
  HIGHEST GUST SPEED    28   HIGHEST GUST DIRECTION     S (170)
  AVERAGE WIND SPEED     8.1


SKY COVER
  POSSIBLE SUNSHINE  MM
  AVERAGE SKY COVER 0.5


WEATHER CONDITIONS
 THE FOLLOWING WEATHER WAS RECORDED YESTERDAY.
  NO SIGNIFICANT WEATHER WAS OBSERVED.


RELATIVE HUMIDITY (PERCENT)
 HIGHEST    79           600 AM
 LOWEST     48           200 PM
 AVERAGE    64

..........................................................


THE MADISON WI CLIMATE NORMALS FOR TODAY
                         NORMAL    RECORD    YEAR
 MAXIMUM TEMPERATURE (F)   26        53      2002
                                             1939
 MINIMUM TEMPERATURE (F)   11       -25      1875


SUNRISE AND SUNSET
JANUARY  9 2017.......SUNRISE   728 AM CST   SUNSET   441 PM CST
JANUARY 10 2017.......SUNRISE   728 AM CST   SUNSET   442 PM CST


-  INDICATES NEGATIVE NUMBERS.
R  INDICATES RECORD WAS SET OR TIED.
MM INDICATES DATA IS MISSING.
T  INDICATES TRACE AMOUNT.




$$
