000
CDUS43 KMKX 240646
CLIMSN


CLIMATE REPORT
NATIONAL WEATHER SERVICE IN MILWAUKEE
146 AM CDT FRI JUL 24 2015


...................................

...THE MADISON WI CLIMATE SUMMARY FOR JULY 23 2015...

CLIMATE NORMAL PERIOD 1981 TO 2010
CLIMATE RECORD PERIOD 1871 TO 2015


WEATHER ITEM   OBSERVED TIME   RECORD YEAR NORMAL DEPARTURE LAST
                VALUE   (LST)  VALUE       VALUE  FROM      YEAR
                                                  NORMAL
..................................................................
TEMPERATURE (F)
 YESTERDAY
  MAXIMUM         85    439 PM 101    1934  81      4       80
  MINIMUM         58    452 AM  46    1985  61     -3       58
                                      1970
  AVERAGE         72                        71      1       69

PRECIPITATION (IN)
  YESTERDAY        0.00          2.05 1884   0.13  -0.13     0.00
  MONTH TO DATE    3.60                      3.17   0.43     1.03
  SINCE JUN 1      6.75                      7.71  -0.96    10.58
  SINCE JAN 1     17.27                     19.54  -2.27    22.33

SNOWFALL (IN)
  YESTERDAY        0.0           0.0    MM   0.0    0.0      0.0
  MONTH TO DATE    0.0                       0.0    0.0      0.0
  SINCE JUN 1      0.0                       0.0    0.0      0.0
  SINCE JUL 1      0.0                       0.0    0.0      0.0
  SNOW DEPTH       0

DEGREE DAYS
 HEATING
  YESTERDAY        0                         0      0        0
  MONTH TO DATE   16                         0     16       13
  SINCE JUN 1     53                        60     -7       22
  SINCE JUL 1     16                         0     16       13

 COOLING
  YESTERDAY        7                         7      0        4
  MONTH TO DATE  120                       159    -39      108
  SINCE JUN 1    231                       279    -48      290
  SINCE JAN 1    281                       309    -28      341
..................................................................


WIND (MPH)
  HIGHEST WIND SPEED    15   HIGHEST WIND DIRECTION     S (170)
  HIGHEST GUST SPEED    23   HIGHEST GUST DIRECTION     S (170)
  AVERAGE WIND SPEED     2.1


SKY COVER
  POSSIBLE SUNSHINE  MM
  AVERAGE SKY COVER 0.2


WEATHER CONDITIONS
 THE FOLLOWING WEATHER WAS RECORDED YESTERDAY.
  FOG


RELATIVE HUMIDITY (PERCENT)
 HIGHEST    97           200 AM
 LOWEST     40           400 PM
 AVERAGE    69

..........................................................


THE MADISON WI CLIMATE NORMALS FOR TODAY
                         NORMAL    RECORD    YEAR
 MAXIMUM TEMPERATURE (F)   81       101      1934
                                             1901
 MINIMUM TEMPERATURE (F)   61        48      1957


SUNRISE AND SUNSET
JULY 24 2015..........SUNRISE   539 AM CDT   SUNSET   828 PM CDT
JULY 25 2015..........SUNRISE   540 AM CDT   SUNSET   827 PM CDT


-  INDICATES NEGATIVE NUMBERS.
R  INDICATES RECORD WAS SET OR TIED.
MM INDICATES DATA IS MISSING.
T  INDICATES TRACE AMOUNT.




$$
