942
CDUS43 KMKX 230653
CLIMSN


CLIMATE REPORT
NATIONAL WEATHER SERVICE IN MILWAUKEE
148 AM CDT SAT APR 23 2016


...................................

...THE MADISON WI CLIMATE SUMMARY FOR APRIL 22 2016...

CLIMATE NORMAL PERIOD 1981 TO 2010
CLIMATE RECORD PERIOD 1871 TO 2016


WEATHER ITEM   OBSERVED TIME   RECORD YEAR NORMAL DEPARTURE LAST
                VALUE   (LST)  VALUE       VALUE  FROM      YEAR
                                                  NORMAL
..................................................................
TEMPERATURE (F)
 YESTERDAY
  MAXIMUM         58    536 PM  94    1980  60     -2       46
  MINIMUM         41   1159 PM  19    1986  38      3       32
  AVERAGE         50                        49      1       39

PRECIPITATION (IN)
  YESTERDAY        0.00          1.69 1999   0.12  -0.12     0.01
  MONTH TO DATE    1.02                      2.48  -1.46     4.14
  SINCE MAR 1      4.98                      4.68   0.30     4.90
  SINCE JAN 1      6.48                      7.36  -0.88     6.10

SNOWFALL (IN)
  YESTERDAY        0.0           2.0  1984   0.1   -0.1       T
  MONTH TO DATE    4.2                       2.3    1.9       T
  SINCE MAR 1      8.2                       9.3   -1.1      4.2
  SINCE JUL 1     32.7                      50.4  -17.7     33.7
  SNOW DEPTH       0

DEGREE DAYS
 HEATING
  YESTERDAY       15                        16     -1       26
  MONTH TO DATE  441                       443     -2      344
  SINCE MAR 1   1211                      1406   -195     1279
  SINCE JUL 1   5811                      6892  -1081     6990

 COOLING
  YESTERDAY        0                         0      0        0
  MONTH TO DATE    0                         0      0        0
  SINCE MAR 1      0                         0      0        0
  SINCE JAN 1      0                         0      0        0
..................................................................


WIND (MPH)
  HIGHEST WIND SPEED    20   HIGHEST WIND DIRECTION    NE (30)
  HIGHEST GUST SPEED    25   HIGHEST GUST DIRECTION    NE (30)
  AVERAGE WIND SPEED     8.4


SKY COVER
  POSSIBLE SUNSHINE  MM
  AVERAGE SKY COVER 0.7


WEATHER CONDITIONS
 THE FOLLOWING WEATHER WAS RECORDED YESTERDAY.
  FOG


RELATIVE HUMIDITY (PERCENT)
 HIGHEST    93           400 AM
 LOWEST     51           600 PM
 AVERAGE    72

..........................................................


THE MADISON WI CLIMATE NORMALS FOR TODAY
                         NORMAL    RECORD    YEAR
 MAXIMUM TEMPERATURE (F)   61        83      1960
 MINIMUM TEMPERATURE (F)   39        19      1910


SUNRISE AND SUNSET
APRIL 23 2016.........SUNRISE   602 AM CDT   SUNSET   750 PM CDT
APRIL 24 2016.........SUNRISE   600 AM CDT   SUNSET   751 PM CDT


-  INDICATES NEGATIVE NUMBERS.
R  INDICATES RECORD WAS SET OR TIED.
MM INDICATES DATA IS MISSING.
T  INDICATES TRACE AMOUNT.




$$
