392
CDUS43 KMKX 182156
CLIMSN


CLIMATE REPORT
NATIONAL WEATHER SERVICE IN MILWAUKEE
351 PM CST SAT FEB 18 2017


...................................

...THE MADISON WI CLIMATE SUMMARY FOR FEBRUARY 18 2017...
VALID TODAY AS OF 0300 PM LOCAL TIME.

CLIMATE NORMAL PERIOD 1981 TO 2010
CLIMATE RECORD PERIOD 1871 TO 2017


WEATHER ITEM   OBSERVED TIME   RECORD YEAR NORMAL DEPARTURE LAST
                VALUE   (LST)  VALUE       VALUE  FROM      YEAR
                                                  NORMAL
..................................................................
TEMPERATURE (F)
 TODAY
  MAXIMUM         62R   258 PM  57    1981  32     30       40
  MINIMUM         33    640 AM -19    1936  16     17       17
  AVERAGE         48                        24     24       29

PRECIPITATION (IN)
  TODAY            0.00          0.69 1882   0.06  -0.06     0.00
  MONTH TO DATE    0.28                      0.87  -0.59     0.50
  SINCE DEC 1      5.07                      3.84   1.23     4.81
  SINCE JAN 1      3.04                      2.10   0.94     1.48

SNOWFALL (IN)
  TODAY            0.0           4.6  2000   0.4   -0.4      0.0
  MONTH TO DATE    T                         7.1   -7.1      6.0
  SINCE DEC 1     33.8                      33.5    0.3     20.3
  SINCE JUL 1     33.8                      37.6   -3.8     24.4
  SNOW DEPTH       0

DEGREE DAYS
 HEATING
  TODAY           17                        41    -24       36
  MONTH TO DATE  660                       781   -121      793
  SINCE DEC 1   3242                      3515   -273     3104
  SINCE JUL 1   4264                      5094   -830     4295

 COOLING
  TODAY            0                         0      0        0
  MONTH TO DATE    0                         0      0        0
  SINCE DEC 1      0                         0      0        0
  SINCE JAN 1      0                         0      0        0
..................................................................


WIND (MPH)
  HIGHEST WIND SPEED    10   HIGHEST WIND DIRECTION    SW (220)
  HIGHEST GUST SPEED    16   HIGHEST GUST DIRECTION    SW (230)
  AVERAGE WIND SPEED     4.7


SKY COVER
  POSSIBLE SUNSHINE  MM
  AVERAGE SKY COVER 0.2


WEATHER CONDITIONS
 THE FOLLOWING WEATHER WAS RECORDED TODAY.
  NO SIGNIFICANT WEATHER WAS OBSERVED.


RELATIVE HUMIDITY (PERCENT)
 HIGHEST    85           700 AM
 LOWEST     43           300 PM
 AVERAGE    64

..........................................................


THE MADISON WI CLIMATE NORMALS FOR TOMORROW
                         NORMAL    RECORD    YEAR
 MAXIMUM TEMPERATURE (F)   32        60      1981
 MINIMUM TEMPERATURE (F)   16       -15      1979


SUNRISE AND SUNSET
FEBRUARY 18 2017......SUNRISE   650 AM CST   SUNSET   533 PM CST
FEBRUARY 19 2017......SUNRISE   649 AM CST   SUNSET   534 PM CST


-  INDICATES NEGATIVE NUMBERS.
R  INDICATES RECORD WAS SET OR TIED.
MM INDICATES DATA IS MISSING.
T  INDICATES TRACE AMOUNT.




$$

HAHN
