434
CDUS43 KMKX 210648
CLIMSN


CLIMATE REPORT
NATIONAL WEATHER SERVICE IN MILWAUKEE
147 AM CDT TUE MAR 21 2017


...................................

...THE MADISON WI CLIMATE SUMMARY FOR MARCH 20 2017...

CLIMATE NORMAL PERIOD 1981 TO 2010
CLIMATE RECORD PERIOD 1871 TO 2017


WEATHER ITEM   OBSERVED TIME   RECORD YEAR NORMAL DEPARTURE LAST
                VALUE   (LST)  VALUE       VALUE  FROM      YEAR
                                                  NORMAL
..................................................................
TEMPERATURE (F)
 YESTERDAY
  MAXIMUM         60    144 PM  81    2012  45     15       45
  MINIMUM         34   1153 PM  -7    1965  26      8       28
  AVERAGE         47                        36     11       37

PRECIPITATION (IN)
  YESTERDAY        0.00          1.39 2011   0.08  -0.08     0.00
  MONTH TO DATE    1.04                      1.27  -0.23     2.11
  SINCE MAR 1      1.04                      1.27  -0.23     2.11
  SINCE JAN 1      5.74                      3.95   1.79     3.61

SNOWFALL (IN)
  YESTERDAY        0.0           5.4  1927   0.2   -0.2      0.0
  MONTH TO DATE    8.3                       5.1    3.2      3.5
  SINCE MAR 1      8.3                       5.1    3.2      3.5
  SINCE JUL 1     44.0                      46.2   -2.2     28.0
  SNOW DEPTH       0

DEGREE DAYS
 HEATING
  YESTERDAY       18                        29    -11       28
  MONTH TO DATE  672                       665      7      498
  SINCE MAR 1    672                       665      7      498
  SINCE JUL 1   5184                      6151   -967     5098

 COOLING
  YESTERDAY        0                         0      0        0
  MONTH TO DATE    0                         0      0        0
  SINCE MAR 1      0                         0      0        0
  SINCE JAN 1      0                         0      0        0
..................................................................


WIND (MPH)
  HIGHEST WIND SPEED    21   HIGHEST WIND DIRECTION    NE (50)
  HIGHEST GUST SPEED    24   HIGHEST GUST DIRECTION    NE (50)
  AVERAGE WIND SPEED     6.0


SKY COVER
  POSSIBLE SUNSHINE  MM
  AVERAGE SKY COVER 0.5


WEATHER CONDITIONS
 THE FOLLOWING WEATHER WAS RECORDED YESTERDAY.
  NO SIGNIFICANT WEATHER WAS OBSERVED.


RELATIVE HUMIDITY (PERCENT)
 HIGHEST    92           700 AM
 LOWEST     47           100 PM
 AVERAGE    70

..........................................................


THE MADISON WI CLIMATE NORMALS FOR TODAY
                         NORMAL    RECORD    YEAR
 MAXIMUM TEMPERATURE (F)   45        83      2012
 MINIMUM TEMPERATURE (F)   27        -1      1965


SUNRISE AND SUNSET
MARCH 21 2017.........SUNRISE   658 AM CDT   SUNSET   711 PM CDT
MARCH 22 2017.........SUNRISE   657 AM CDT   SUNSET   712 PM CDT


-  INDICATES NEGATIVE NUMBERS.
R  INDICATES RECORD WAS SET OR TIED.
MM INDICATES DATA IS MISSING.
T  INDICATES TRACE AMOUNT.




$$
