724
CDUS43 KMKX 090654
CLIMSN


CLIMATE REPORT
NATIONAL WEATHER SERVICE IN MILWAUKEE
1253 AM CST FRI FEB 9 2018


...................................

...THE MADISON WI CLIMATE SUMMARY FOR FEBRUARY 8 2018...

CLIMATE NORMAL PERIOD 1981 TO 2010
CLIMATE RECORD PERIOD 1871 TO 2018


WEATHER ITEM   OBSERVED TIME   RECORD YEAR NORMAL DEPARTURE LAST
                VALUE   (LST)  VALUE       VALUE  FROM      YEAR
                                                  NORMAL
..................................................................
TEMPERATURE (F)
 YESTERDAY
  MAXIMUM         18    640 PM  55    1925  29    -11       27
  MINIMUM         -4   1247 AM -22    1899  13    -17       11
  AVERAGE          7                        21    -14       19

PRECIPITATION (IN)
  YESTERDAY        0.09          0.93 1900   0.05   0.04     0.00
  MONTH TO DATE    0.58                      0.35   0.23     0.25
  SINCE DEC 1      2.99                      3.32  -0.33     5.04
  SINCE JAN 1      2.26                      1.58   0.68     3.01

SNOWFALL (IN)
  YESTERDAY        1.4           5.2  1994   0.4    1.0      0.0
  MONTH TO DATE    7.8                       3.3    4.5       T
  SINCE DEC 1     21.7                      29.7   -8.0     33.8
  SINCE JUL 1     22.0                      33.8  -11.8     33.8
  SNOW DEPTH       4

DEGREE DAYS
 HEATING
  YESTERDAY       58                        44     14       46
  MONTH TO DATE  441                       357     84      352
  SINCE DEC 1   3147                      3091     56     2934
  SINCE JUL 1   4506                      4670   -164     3956

 COOLING
  YESTERDAY        0                         0      0        0
  MONTH TO DATE    0                         0      0        0
  SINCE DEC 1      0                         0      0        0
  SINCE JAN 1      0                         0      0        0
..................................................................


WIND (MPH)
  HIGHEST WIND SPEED    10   HIGHEST WIND DIRECTION     S (200)
  HIGHEST GUST SPEED    15   HIGHEST GUST DIRECTION    SW (230)
  AVERAGE WIND SPEED     3.7


SKY COVER
  POSSIBLE SUNSHINE  MM
  AVERAGE SKY COVER 0.8


WEATHER CONDITIONS
 THE FOLLOWING WEATHER WAS RECORDED YESTERDAY.
  LIGHT SNOW
  FOG


RELATIVE HUMIDITY (PERCENT)
 HIGHEST    92          1000 PM
 LOWEST     59          1200 PM
 AVERAGE    76

..........................................................


THE MADISON WI CLIMATE NORMALS FOR TODAY
                         NORMAL    RECORD    YEAR
 MAXIMUM TEMPERATURE (F)   29        50      1966
                                             1925
 MINIMUM TEMPERATURE (F)   13       -28      1899


SUNRISE AND SUNSET
FEBRUARY  9 2018......SUNRISE   703 AM CST   SUNSET   520 PM CST
FEBRUARY 10 2018......SUNRISE   702 AM CST   SUNSET   522 PM CST


-  INDICATES NEGATIVE NUMBERS.
R  INDICATES RECORD WAS SET OR TIED.
MM INDICATES DATA IS MISSING.
T  INDICATES TRACE AMOUNT.




$$
