972
CDUS43 KMKX 022233
CLIMSN


CLIMATE REPORT
NATIONAL WEATHER SERVICE IN MILWAUKEE
432 PM CST SAT DEC 2 2017


...................................

...THE MADISON WI CLIMATE SUMMARY FOR DECEMBER 2 2017...
VALID TODAY AS OF 0400 PM LOCAL TIME.

CLIMATE NORMAL PERIOD 1981 TO 2010
CLIMATE RECORD PERIOD 1871 TO 2017


WEATHER ITEM   OBSERVED TIME   RECORD YEAR NORMAL DEPARTURE LAST
                VALUE   (LST)  VALUE       VALUE  FROM      YEAR
                                                  NORMAL
..................................................................
TEMPERATURE (F)
 TODAY
  MAXIMUM         52    204 PM  62    1982  35     17       35
  MINIMUM         30    731 AM -12    1886  21      9       30
  AVERAGE         41                        28     13       33

PRECIPITATION (IN)
  TODAY            0.00          1.58 1982   0.08  -0.08      T
  MONTH TO DATE    0.00                      0.15  -0.15      T
  SINCE DEC 1      0.00                      0.15  -0.15      T
  SINCE JAN 1     37.55                     32.89   4.66    43.53

SNOWFALL (IN)
  TODAY            0.0           4.5  1978   0.4   -0.4      0.0
  MONTH TO DATE    0.0                       0.8   -0.8      0.0
  SINCE DEC 1      0.0                       0.8   -0.8      0.0
  SINCE JUL 1      0.3                       4.9   -4.6       T
  SNOW DEPTH       0

DEGREE DAYS
 HEATING
  TODAY           24                        37    -13       32
  MONTH TO DATE   54                        74    -20       59
  SINCE DEC 1     54                        74    -20       59
  SINCE JUL 1   1413                      1653   -240     1081

 COOLING
  TODAY            0                         0      0        0
  MONTH TO DATE    0                         0      0        0
  SINCE DEC 1      0                         0      0        0
  SINCE JAN 1    580                       568     12      780
..................................................................


WIND (MPH)
  HIGHEST WIND SPEED     9   HIGHEST WIND DIRECTION     S (180)
  HIGHEST GUST SPEED    11   HIGHEST GUST DIRECTION    SE (150)
  AVERAGE WIND SPEED     4.1


SKY COVER
  POSSIBLE SUNSHINE  MM
  AVERAGE SKY COVER 0.6


WEATHER CONDITIONS
 THE FOLLOWING WEATHER WAS RECORDED TODAY.
  NO SIGNIFICANT WEATHER WAS OBSERVED.


RELATIVE HUMIDITY (PERCENT)
 HIGHEST    85           800 AM
 LOWEST     39           300 PM
 AVERAGE    62

..........................................................


THE MADISON WI CLIMATE NORMALS FOR TOMORROW
                         NORMAL    RECORD    YEAR
 MAXIMUM TEMPERATURE (F)   35        65      2012
 MINIMUM TEMPERATURE (F)   20       -12      1940


SUNRISE AND SUNSET
DECEMBER  2 2017......SUNRISE   711 AM CST   SUNSET   423 PM CST
DECEMBER  3 2017......SUNRISE   712 AM CST   SUNSET   423 PM CST


-  INDICATES NEGATIVE NUMBERS.
R  INDICATES RECORD WAS SET OR TIED.
MM INDICATES DATA IS MISSING.
T  INDICATES TRACE AMOUNT.




$$
