651
CDUS43 KMKX 140641
CLIMSN


CLIMATE REPORT
NATIONAL WEATHER SERVICE IN MILWAUKEE
1240 AM CST TUE FEB 14 2017


...................................

...THE MADISON WI CLIMATE SUMMARY FOR FEBRUARY 13 2017...

CLIMATE NORMAL PERIOD 1981 TO 2010
CLIMATE RECORD PERIOD 1871 TO 2017


WEATHER ITEM   OBSERVED TIME   RECORD YEAR NORMAL DEPARTURE LAST
                VALUE   (LST)  VALUE       VALUE  FROM      YEAR
                                                  NORMAL
..................................................................
TEMPERATURE (F)
 YESTERDAY
  MAXIMUM         45    417 PM  51    1921  30     15       12
  MINIMUM         24    650 AM -24    1905  14     10       -3
  AVERAGE         35                        22     13        5

PRECIPITATION (IN)
  YESTERDAY        0.00          1.03 1950   0.05  -0.05     0.00
  MONTH TO DATE    0.28                      0.60  -0.32     0.40
  SINCE DEC 1      5.07                      3.57   1.50     4.71
  SINCE JAN 1      3.04                      1.83   1.21     1.38

SNOWFALL (IN)
  YESTERDAY        0.0          10.3  1950   0.4   -0.4      0.0
  MONTH TO DATE    T                         5.2   -5.2      3.7
  SINCE DEC 1     33.8                      31.6    2.2     18.0
  SINCE JUL 1     33.8                      35.7   -1.9     22.1
  SNOW DEPTH       1

DEGREE DAYS
 HEATING
  YESTERDAY       30                        43    -13       60
  MONTH TO DATE  525                       573    -48      573
  SINCE DEC 1   3107                      3307   -200     2884
  SINCE JUL 1   4129                      4886   -757     4075

 COOLING
  YESTERDAY        0                         0      0        0
  MONTH TO DATE    0                         0      0        0
  SINCE DEC 1      0                         0      0        0
  SINCE JAN 1      0                         0      0        0
..................................................................


WIND (MPH)
  HIGHEST WIND SPEED    15   HIGHEST WIND DIRECTION    SW (230)
  HIGHEST GUST SPEED    22   HIGHEST GUST DIRECTION    SW (230)
  AVERAGE WIND SPEED     6.0


SKY COVER
  POSSIBLE SUNSHINE  MM
  AVERAGE SKY COVER 0.1


WEATHER CONDITIONS
 THE FOLLOWING WEATHER WAS RECORDED YESTERDAY.
  NO SIGNIFICANT WEATHER WAS OBSERVED.


RELATIVE HUMIDITY (PERCENT)
 HIGHEST    81           700 AM
 LOWEST     40           300 PM
 AVERAGE    61

..........................................................


THE MADISON WI CLIMATE NORMALS FOR TODAY
                         NORMAL    RECORD    YEAR
 MAXIMUM TEMPERATURE (F)   31        55      1954
                                             1934
 MINIMUM TEMPERATURE (F)   15       -13      1951


SUNRISE AND SUNSET
FEBRUARY 14 2017......SUNRISE   656 AM CST   SUNSET   527 PM CST
FEBRUARY 15 2017......SUNRISE   655 AM CST   SUNSET   529 PM CST


-  INDICATES NEGATIVE NUMBERS.
R  INDICATES RECORD WAS SET OR TIED.
MM INDICATES DATA IS MISSING.
T  INDICATES TRACE AMOUNT.




$$
