000
CDUS43 KMKX 280655
CLIMSN


CLIMATE REPORT
NATIONAL WEATHER SERVICE IN MILWAUKEE
155 AM CDT THU SEP 28 2017


...................................

...THE MADISON WI CLIMATE SUMMARY FOR SEPTEMBER 27 2017...

CLIMATE NORMAL PERIOD 1981 TO 2010
CLIMATE RECORD PERIOD 1871 TO 2017


WEATHER ITEM   OBSERVED TIME   RECORD YEAR NORMAL DEPARTURE LAST
                VALUE   (LST)  VALUE       VALUE  FROM      YEAR
                                                  NORMAL
..................................................................
TEMPERATURE (F)
 YESTERDAY
  MAXIMUM         64   1210 PM  87    1954  67     -3       61
  MINIMUM         45   1159 PM  27    1991  45      0       48
  AVERAGE         55                        56     -1       55

PRECIPITATION (IN)
  YESTERDAY        0.00          1.57 1902   0.09  -0.09     0.05
  MONTH TO DATE    0.55                      2.87  -2.32     8.27
  SINCE SEP 1      0.55                      2.87  -2.32     8.27
  SINCE JAN 1     33.31                     27.69   5.62    36.51

SNOWFALL (IN)
  YESTERDAY        0.0           0.0    MM   0.0    0.0      0.0
  MONTH TO DATE    0.0                       0.0    0.0      0.0
  SINCE SEP 1      0.0                       0.0    0.0      0.0
  SINCE JUL 1      0.0                       0.0    0.0      0.0
  SNOW DEPTH       0

DEGREE DAYS
 HEATING
  YESTERDAY       10                        10      0       10
  MONTH TO DATE   86                       142    -56       24
  SINCE SEP 1     86                       142    -56       24
  SINCE JUL 1    111                       179    -68       31

 COOLING
  YESTERDAY        0                         1     -1        0
  MONTH TO DATE  110                        51     59       76
  SINCE SEP 1    110                        51     59       76
  SINCE JAN 1    570                       564      6      771
..................................................................


WIND (MPH)
  HIGHEST WIND SPEED    15   HIGHEST WIND DIRECTION    NW (320)
  HIGHEST GUST SPEED    23   HIGHEST GUST DIRECTION    NW (310)
  AVERAGE WIND SPEED     5.9


SKY COVER
  POSSIBLE SUNSHINE  MM
  AVERAGE SKY COVER 0.5


WEATHER CONDITIONS
 THE FOLLOWING WEATHER WAS RECORDED YESTERDAY.
  NO SIGNIFICANT WEATHER WAS OBSERVED.


RELATIVE HUMIDITY (PERCENT)
 HIGHEST    93           600 AM
 LOWEST     55           300 PM
 AVERAGE    74

..........................................................


THE MADISON WI CLIMATE NORMALS FOR TODAY
                         NORMAL    RECORD    YEAR
 MAXIMUM TEMPERATURE (F)   67        89      1971
 MINIMUM TEMPERATURE (F)   45        27      1964


SUNRISE AND SUNSET
SEPTEMBER 28 2017.....SUNRISE   652 AM CDT   SUNSET   643 PM CDT
SEPTEMBER 29 2017.....SUNRISE   653 AM CDT   SUNSET   642 PM CDT


-  INDICATES NEGATIVE NUMBERS.
R  INDICATES RECORD WAS SET OR TIED.
MM INDICATES DATA IS MISSING.
T  INDICATES TRACE AMOUNT.




$$
