000
CDUS43 KMKX 090651
CLIMSN


CLIMATE REPORT
NATIONAL WEATHER SERVICE IN MILWAUKEE
1250 AM CST THU MAR 9 2017


...................................

...THE MADISON WI CLIMATE SUMMARY FOR MARCH 8 2017...

CLIMATE NORMAL PERIOD 1981 TO 2010
CLIMATE RECORD PERIOD 1871 TO 2017


WEATHER ITEM   OBSERVED TIME   RECORD YEAR NORMAL DEPARTURE LAST
                VALUE   (LST)  VALUE       VALUE  FROM      YEAR
                                                  NORMAL
..................................................................
TEMPERATURE (F)
 YESTERDAY
  MAXIMUM         44    228 PM  73    2000  39      5       68
  MINIMUM         31   1159 PM -10    1960  22      9       53
  AVERAGE         38                        31      7       61

PRECIPITATION (IN)
  YESTERDAY        0.00          1.24 1893   0.06  -0.06     0.01
  MONTH TO DATE    0.66                      0.49   0.17     0.35
  SINCE MAR 1      0.66                      0.49   0.17     0.35
  SINCE JAN 1      5.36                      3.17   2.19     1.85

SNOWFALL (IN)
  YESTERDAY        0.0          10.0  1961   0.3   -0.3      0.0
  MONTH TO DATE    4.1                       2.3    1.8      3.5
  SINCE MAR 1      4.1                       2.3    1.8      3.5
  SINCE JUL 1     39.8                      43.4   -3.6     28.0
  SNOW DEPTH       0

DEGREE DAYS
 HEATING
  YESTERDAY       27                        34     -7        4
  MONTH TO DATE  229                       285    -56      250
  SINCE MAR 1    229                       285    -56      250
  SINCE JUL 1   4741                      5771  -1030     4850

 COOLING
  YESTERDAY        0                         0      0        0
  MONTH TO DATE    0                         0      0        0
  SINCE MAR 1      0                         0      0        0
  SINCE JAN 1      0                         0      0        0
..................................................................


WIND (MPH)
  HIGHEST WIND SPEED    28   HIGHEST WIND DIRECTION     W (290)
  HIGHEST GUST SPEED    44   HIGHEST GUST DIRECTION     W (280)
  AVERAGE WIND SPEED    13.4


SKY COVER
  POSSIBLE SUNSHINE  MM
  AVERAGE SKY COVER 0.1


WEATHER CONDITIONS
 THE FOLLOWING WEATHER WAS RECORDED YESTERDAY.
  NO SIGNIFICANT WEATHER WAS OBSERVED.


RELATIVE HUMIDITY (PERCENT)
 HIGHEST    59          1200 AM
 LOWEST     29           100 PM
 AVERAGE    44

..........................................................


THE MADISON WI CLIMATE NORMALS FOR TODAY
                         NORMAL    RECORD    YEAR
 MAXIMUM TEMPERATURE (F)   40        66      1977
 MINIMUM TEMPERATURE (F)   22        -8      1975


SUNRISE AND SUNSET
MARCH  9 2017.........SUNRISE   619 AM CST   SUNSET   557 PM CST
MARCH 10 2017.........SUNRISE   618 AM CST   SUNSET   558 PM CST


-  INDICATES NEGATIVE NUMBERS.
R  INDICATES RECORD WAS SET OR TIED.
MM INDICATES DATA IS MISSING.
T  INDICATES TRACE AMOUNT.




$$
