000
CDUS43 KMKX 052140
CLIMSN


CLIMATE REPORT
NATIONAL WEATHER SERVICE IN MILWAUKEE
440 PM CDT WED APR 5 2017


...................................

...THE MADISON WI CLIMATE SUMMARY FOR APRIL 5 2017...
VALID TODAY AS OF 0400 PM LOCAL TIME.

CLIMATE NORMAL PERIOD 1981 TO 2010
CLIMATE RECORD PERIOD 1871 TO 2017


WEATHER ITEM   OBSERVED TIME   RECORD YEAR NORMAL DEPARTURE LAST
                VALUE   (LST)  VALUE       VALUE  FROM      YEAR
                                                  NORMAL
..................................................................
TEMPERATURE (F)
 TODAY
  MAXIMUM         46   1236 AM  80    1873  53     -7       42
  MINIMUM         37   1146 AM  14    1995  32      5       22
                                      1886
                                      1881
  AVERAGE         42                        42      0       32

PRECIPITATION (IN)
  TODAY            0.14          1.48 1958   0.11   0.03     0.02
  MONTH TO DATE    0.87                      0.52   0.35     0.13
  SINCE MAR 1      3.70                      2.72   0.98     4.09
  SINCE JAN 1      8.40                      5.40   3.00     5.59

SNOWFALL (IN)
  TODAY           MM             8.0  1982   0.1   MM        0.0
  MONTH TO DATE    0.0                       0.7   -0.7      2.4
  SINCE MAR 1      8.3                       7.7    0.6      6.4
  SINCE JUL 1     44.0                      48.8   -4.8     30.9
  SNOW DEPTH       0

DEGREE DAYS
 HEATING
  TODAY           23                        23      0       33
  MONTH TO DATE   97                       118    -21      138
  SINCE MAR 1   1046                      1081    -35      908
  SINCE JUL 1   5558                      6567  -1009     5508

 COOLING
  TODAY            0                         0      0        0
  MONTH TO DATE    0                         0      0        0
  SINCE MAR 1      0                         0      0        0
  SINCE JAN 1      0                         0      0        0
..................................................................


WIND (MPH)
  HIGHEST WIND SPEED    26   HIGHEST WIND DIRECTION    NE (30)
  HIGHEST GUST SPEED    32   HIGHEST GUST DIRECTION     N (20)
  AVERAGE WIND SPEED     9.9


SKY COVER
  POSSIBLE SUNSHINE  MM
  AVERAGE SKY COVER 0.7


WEATHER CONDITIONS
 THE FOLLOWING WEATHER WAS RECORDED TODAY.
  LIGHT RAIN
  SNOW
  FOG


RELATIVE HUMIDITY (PERCENT)
 HIGHEST    93          1200 AM
 LOWEST     57           200 AM
 AVERAGE    75

..........................................................


THE MADISON WI CLIMATE NORMALS FOR TOMORROW
                         NORMAL    RECORD    YEAR
 MAXIMUM TEMPERATURE (F)   53        85      1991
 MINIMUM TEMPERATURE (F)   32         4      1982


SUNRISE AND SUNSET
APRIL  5 2017.........SUNRISE   632 AM CDT   SUNSET   729 PM CDT
APRIL  6 2017.........SUNRISE   630 AM CDT   SUNSET   730 PM CDT


-  INDICATES NEGATIVE NUMBERS.
R  INDICATES RECORD WAS SET OR TIED.
MM INDICATES DATA IS MISSING.
T  INDICATES TRACE AMOUNT.




$$
