000
CDUS43 KMKX 052242
CLIMSN


CLIMATE REPORT
NATIONAL WEATHER SERVICE IN MILWAUKEE
441 PM CST THU JAN 5 2017


...................................

...THE MADISON WI CLIMATE SUMMARY FOR JANUARY 5 2017...
VALID TODAY AS OF 0400 PM LOCAL TIME.

CLIMATE NORMAL PERIOD 1981 TO 2010
CLIMATE RECORD PERIOD 1871 TO 2017


WEATHER ITEM   OBSERVED TIME   RECORD YEAR NORMAL DEPARTURE LAST
                VALUE   (LST)  VALUE       VALUE  FROM      YEAR
                                                  NORMAL
..................................................................
TEMPERATURE (F)
 TODAY
  MAXIMUM          7    218 PM  51    2012  26    -19       29
  MINIMUM          2    624 AM -27    1884  12    -10        9
  AVERAGE          5                        19    -14       19

PRECIPITATION (IN)
  TODAY            T             1.11 1939   0.05  -0.05     0.00
  MONTH TO DATE    0.03                      0.21  -0.18      T
  SINCE DEC 1      2.06                      1.95   0.11     3.33
  SINCE JAN 1      0.03                      0.21  -0.18      T

SNOWFALL (IN)
  TODAY            T             9.9  1929   0.4   -0.4      0.0
  MONTH TO DATE    T                         2.0   -2.0       T
  SINCE DEC 1     22.7                      15.5    7.2      7.4
  SINCE JUL 1     22.7                      19.6    3.1     11.5
  SNOW DEPTH       2

DEGREE DAYS
 HEATING
  TODAY           60                        46     14       46
  MONTH TO DATE  233                       230      3      216
  SINCE DEC 1   1542                      1530     12     1137
  SINCE JUL 1   2564                      3109   -545     2328

 COOLING
  TODAY            0                         0      0        0
  MONTH TO DATE    0                         0      0        0
  SINCE DEC 1      0                         0      0        0
  SINCE JAN 1      0                         0      0        0
..................................................................


WIND (MPH)
  HIGHEST WIND SPEED    14   HIGHEST WIND DIRECTION    NW (300)
  HIGHEST GUST SPEED    20   HIGHEST GUST DIRECTION    NW (300)
  AVERAGE WIND SPEED     8.1


SKY COVER
  POSSIBLE SUNSHINE  MM
  AVERAGE SKY COVER 0.8


WEATHER CONDITIONS
 THE FOLLOWING WEATHER WAS RECORDED TODAY.
  LIGHT SNOW


RELATIVE HUMIDITY (PERCENT)
 HIGHEST    75           600 AM
 LOWEST     62           400 PM
 AVERAGE    69

..........................................................


THE MADISON WI CLIMATE NORMALS FOR TOMORROW
                         NORMAL    RECORD    YEAR
 MAXIMUM TEMPERATURE (F)   26        58      1880
 MINIMUM TEMPERATURE (F)   11       -24      1912


SUNRISE AND SUNSET
JANUARY  5 2017.......SUNRISE   729 AM CST   SUNSET   437 PM CST
JANUARY  6 2017.......SUNRISE   729 AM CST   SUNSET   438 PM CST


-  INDICATES NEGATIVE NUMBERS.
R  INDICATES RECORD WAS SET OR TIED.
MM INDICATES DATA IS MISSING.
T  INDICATES TRACE AMOUNT.




$$
