000
CDUS43 KMKX 090048
CLIMSN


CLIMATE REPORT
NATIONAL WEATHER SERVICE IN MILWAUKEE
647 PM CST WED FEB 8 2017


...................................

...THE MADISON WI CLIMATE SUMMARY FOR FEBRUARY 8 2017...
VALID TODAY AS OF 0600 PM LOCAL TIME.

CLIMATE NORMAL PERIOD 1981 TO 2010
CLIMATE RECORD PERIOD 1871 TO 2017


WEATHER ITEM   OBSERVED TIME   RECORD YEAR NORMAL DEPARTURE LAST
                VALUE   (LST)  VALUE       VALUE  FROM      YEAR
                                                  NORMAL
..................................................................
TEMPERATURE (F)
 TODAY
  MAXIMUM         27   1222 AM  55    1925  29     -2       33
  MINIMUM         18    559 PM -22    1899  13      5       14
  AVERAGE         23                        21      2       24

PRECIPITATION (IN)
  TODAY            0.00          0.93 1900   0.05  -0.05     0.01
  MONTH TO DATE    0.25                      0.35  -0.10     0.39
  SINCE DEC 1      5.04                      3.32   1.72     4.70
  SINCE JAN 1      3.01                      1.58   1.43     1.37

SNOWFALL (IN)
  TODAY            0.0           5.2  1994   0.4   -0.4      0.2
  MONTH TO DATE    T                         3.3   -3.3      3.3
  SINCE DEC 1     33.8                      29.7    4.1     17.6
  SINCE JUL 1     33.8                      33.8    0.0     21.7
  SNOW DEPTH       2

DEGREE DAYS
 HEATING
  TODAY           42                        44     -2       41
  MONTH TO DATE  348                       357     -9      295
  SINCE DEC 1   2930                      3091   -161     2606
  SINCE JUL 1   3952                      4670   -718     3797

 COOLING
  TODAY            0                         0      0        0
  MONTH TO DATE    0                         0      0        0
  SINCE DEC 1      0                         0      0        0
  SINCE JAN 1      0                         0      0        0
..................................................................


WIND (MPH)
  HIGHEST WIND SPEED    17   HIGHEST WIND DIRECTION     N (340)
  HIGHEST GUST SPEED    21   HIGHEST GUST DIRECTION     N (360)
  AVERAGE WIND SPEED     9.7


SKY COVER
  POSSIBLE SUNSHINE  MM
  AVERAGE SKY COVER 0.8


WEATHER CONDITIONS
 THE FOLLOWING WEATHER WAS RECORDED TODAY.
  NO SIGNIFICANT WEATHER WAS OBSERVED.


RELATIVE HUMIDITY (PERCENT)
 HIGHEST    77           500 AM
 LOWEST     56           400 PM
 AVERAGE    67

..........................................................


THE MADISON WI CLIMATE NORMALS FOR TOMORROW
                         NORMAL    RECORD    YEAR
 MAXIMUM TEMPERATURE (F)   29        50      1966
                                             1925
 MINIMUM TEMPERATURE (F)   13       -28      1899


SUNRISE AND SUNSET
FEBRUARY  8 2017......SUNRISE   704 AM CST   SUNSET   519 PM CST
FEBRUARY  9 2017......SUNRISE   703 AM CST   SUNSET   521 PM CST


-  INDICATES NEGATIVE NUMBERS.
R  INDICATES RECORD WAS SET OR TIED.
MM INDICATES DATA IS MISSING.
T  INDICATES TRACE AMOUNT.




$$
