000
CDUS43 KMKX 190644
CLIMSN


CLIMATE REPORT
NATIONAL WEATHER SERVICE IN MILWAUKEE
143 AM CDT THU MAY 19 2016


...................................

...THE MADISON WI CLIMATE SUMMARY FOR MAY 18 2016...

CLIMATE NORMAL PERIOD 1981 TO 2010
CLIMATE RECORD PERIOD 1871 TO 2016


WEATHER ITEM   OBSERVED TIME   RECORD YEAR NORMAL DEPARTURE LAST
                VALUE   (LST)  VALUE       VALUE  FROM      YEAR
                                                  NORMAL
..................................................................
TEMPERATURE (F)
 YESTERDAY
  MAXIMUM         67    428 PM  91    1934  69     -2       70
  MINIMUM         34    352 AM  28    2002  47    -13       46
  AVERAGE         51                        58     -7       58

PRECIPITATION (IN)
  YESTERDAY        0.00          2.09 2000   0.11  -0.11     0.00
  MONTH TO DATE    1.49                      1.96  -0.47     2.64
  SINCE MAR 1      7.56                      7.56   0.00     7.78
  SINCE JAN 1      9.06                     10.24  -1.18     8.98

SNOWFALL (IN)
  YESTERDAY        0.0           0.0    MM   0.0    0.0      0.0
  MONTH TO DATE    0.0                       0.2   -0.2      0.0
  SINCE MAR 1      8.2                       9.8   -1.6      4.2
  SINCE JUL 1     32.7                      50.9  -18.2     33.7
  SNOW DEPTH       0

DEGREE DAYS
 HEATING
  YESTERDAY       14                         8      6        7
  MONTH TO DATE  223                       184     39      106
  SINCE MAR 1   1561                      1705   -144     1535
  SINCE JUL 1   6161                      7191  -1030     7246

 COOLING
  YESTERDAY        0                         1     -1        0
  MONTH TO DATE    0                         8     -8       26
  SINCE MAR 1      0                        12    -12       26
  SINCE JAN 1      0                        12    -12       26
..................................................................


WIND (MPH)
  HIGHEST WIND SPEED    16   HIGHEST WIND DIRECTION    SE (140)
  HIGHEST GUST SPEED    21   HIGHEST GUST DIRECTION    SE (140)
  AVERAGE WIND SPEED     4.1


SKY COVER
  POSSIBLE SUNSHINE  MM
  AVERAGE SKY COVER 0.2


WEATHER CONDITIONS
 THE FOLLOWING WEATHER WAS RECORDED YESTERDAY.
  NO SIGNIFICANT WEATHER WAS OBSERVED.


RELATIVE HUMIDITY (PERCENT)
 HIGHEST    92           200 AM
 LOWEST     24           500 PM
 AVERAGE    58

..........................................................


THE MADISON WI CLIMATE NORMALS FOR TODAY
                         NORMAL    RECORD    YEAR
 MAXIMUM TEMPERATURE (F)   69        93      1975
 MINIMUM TEMPERATURE (F)   47        31      2002


SUNRISE AND SUNSET
MAY 19 2016...........SUNRISE   529 AM CDT   SUNSET   819 PM CDT
MAY 20 2016...........SUNRISE   528 AM CDT   SUNSET   820 PM CDT


-  INDICATES NEGATIVE NUMBERS.
R  INDICATES RECORD WAS SET OR TIED.
MM INDICATES DATA IS MISSING.
T  INDICATES TRACE AMOUNT.




$$
