000
CDUS43 KMKX 230652
CLIMSN


CLIMATE REPORT
NATIONAL WEATHER SERVICE IN MILWAUKEE
149 AM CDT SAT MAY 23 2015


...................................

...THE MADISON WI CLIMATE SUMMARY FOR MAY 22 2015...

CLIMATE NORMAL PERIOD 1981 TO 2010
CLIMATE RECORD PERIOD 1871 TO 2015


WEATHER ITEM   OBSERVED TIME   RECORD YEAR NORMAL DEPARTURE LAST
                VALUE   (LST)  VALUE       VALUE  FROM      YEAR
                                                  NORMAL
..................................................................
TEMPERATURE (F)
 YESTERDAY
  MAXIMUM         73    439 PM  92    1975  70      3       73
  MINIMUM         40    431 AM  27    1967  48     -8       51
  AVERAGE         57                        59     -2       62

PRECIPITATION (IN)
  YESTERDAY        0.00          1.60 1907   0.12  -0.12     0.00
  MONTH TO DATE    2.65                      2.43   0.22     1.58
  SINCE MAR 1      7.79                      8.03  -0.24     7.97
  SINCE JAN 1      8.99                     10.71  -1.72     9.86

SNOWFALL (IN)
  YESTERDAY        0.0           T    1963   0.0    0.0      0.0
                                      1917
  MONTH TO DATE    0.0                       0.2   -0.2      0.0
  SINCE MAR 1      4.2                       9.8   -5.6      9.2
  SINCE JUL 1     33.7                      50.9  -17.2     59.2
  SNOW DEPTH       0

DEGREE DAYS
 HEATING
  YESTERDAY        8                         7      1        3
  MONTH TO DATE  157                       214    -57      196
  SINCE MAR 1   1586                      1735   -149     1924
  SINCE JUL 1   7297                      7221     76     8036

 COOLING
  YESTERDAY        0                         1     -1        0
  MONTH TO DATE   26                        12     14       22
  SINCE MAR 1     26                        16     10       22
  SINCE JAN 1     26                        16     10       22
..................................................................


WIND (MPH)
  HIGHEST WIND SPEED    14   HIGHEST WIND DIRECTION    SE (140)
  HIGHEST GUST SPEED    17   HIGHEST GUST DIRECTION    SE (130)
  AVERAGE WIND SPEED     4.3


SKY COVER
  POSSIBLE SUNSHINE  MM
  AVERAGE SKY COVER 0.3


WEATHER CONDITIONS
 THE FOLLOWING WEATHER WAS RECORDED YESTERDAY.
  HAZE


RELATIVE HUMIDITY (PERCENT)
 HIGHEST    79           400 AM
 LOWEST     28          1200 PM
 AVERAGE    54

..........................................................


THE MADISON WI CLIMATE NORMALS FOR TODAY
                         NORMAL    RECORD    YEAR
 MAXIMUM TEMPERATURE (F)   71        91      1975
 MINIMUM TEMPERATURE (F)   48        28      1958


SUNRISE AND SUNSET
MAY 23 2015...........SUNRISE   527 AM CDT   SUNSET   822 PM CDT
MAY 24 2015...........SUNRISE   526 AM CDT   SUNSET   823 PM CDT


-  INDICATES NEGATIVE NUMBERS.
R  INDICATES RECORD WAS SET OR TIED.
MM INDICATES DATA IS MISSING.
T  INDICATES TRACE AMOUNT.




$$
