000
CDUS43 KMKX 132142
CLIMSN


CLIMATE REPORT
NATIONAL WEATHER SERVICE IN MILWAUKEE
441 PM CDT FRI MAY 13 2016


...................................

...THE MADISON WI CLIMATE SUMMARY FOR MAY 13 2016...
VALID TODAY AS OF 0400 PM LOCAL TIME.

CLIMATE NORMAL PERIOD 1981 TO 2010
CLIMATE RECORD PERIOD 1871 TO 2016


WEATHER ITEM   OBSERVED TIME   RECORD YEAR NORMAL DEPARTURE LAST
                VALUE   (LST)  VALUE       VALUE  FROM      YEAR
                                                  NORMAL
..................................................................
TEMPERATURE (F)
 TODAY
  MAXIMUM         60   1028 AM  88    1977  68     -8       62
  MINIMUM         47    440 AM  29    1966  45      2       33
  AVERAGE         54                        56     -2       48

PRECIPITATION (IN)
  TODAY            T             2.39 1978   0.11  -0.11     0.00
  MONTH TO DATE    1.27                      1.42  -0.15     0.92
  SINCE MAR 1      7.34                      7.02   0.32     6.06
  SINCE JAN 1      8.84                      9.70  -0.86     7.26

SNOWFALL (IN)
  TODAY            0.0           0.0    MM   0.0    0.0      0.0
  MONTH TO DATE    0.0                       0.2   -0.2      0.0
  SINCE MAR 1      8.2                       9.8   -1.6      4.2
  SINCE JUL 1     32.7                      50.9  -18.2     33.7
  SNOW DEPTH       0

DEGREE DAYS
 HEATING
  TODAY           11                         9      2       17
  MONTH TO DATE  139                       142     -3       87
  SINCE MAR 1   1477                      1663   -186     1516
  SINCE JUL 1   6077                      7149  -1072     7227

 COOLING
  TODAY            0                         1     -1        0
  MONTH TO DATE    0                         3     -3       12
  SINCE MAR 1      0                         7     -7       12
  SINCE JAN 1      0                         7     -7       12
..................................................................


WIND (MPH)
  HIGHEST WIND SPEED    17   HIGHEST WIND DIRECTION     N (350)
  HIGHEST GUST SPEED    27   HIGHEST GUST DIRECTION    NW (300)
  AVERAGE WIND SPEED     6.3


SKY COVER
  POSSIBLE SUNSHINE  MM
  AVERAGE SKY COVER 0.5


WEATHER CONDITIONS
 THE FOLLOWING WEATHER WAS RECORDED TODAY.
  LIGHT RAIN
  FOG


RELATIVE HUMIDITY (PERCENT)
 HIGHEST    86           600 AM
 LOWEST     43          1100 AM
 AVERAGE    65

..........................................................


THE MADISON WI CLIMATE NORMALS FOR TOMORROW
                         NORMAL    RECORD    YEAR
 MAXIMUM TEMPERATURE (F)   68        89      1991
 MINIMUM TEMPERATURE (F)   46        32      1964


SUNRISE AND SUNSET
MAY 13 2016...........SUNRISE   535 AM CDT   SUNSET   813 PM CDT
MAY 14 2016...........SUNRISE   534 AM CDT   SUNSET   814 PM CDT


-  INDICATES NEGATIVE NUMBERS.
R  INDICATES RECORD WAS SET OR TIED.
MM INDICATES DATA IS MISSING.
T  INDICATES TRACE AMOUNT.




$$
