000
CDUS43 KMKX 160657
CLIMSN


CLIMATE REPORT
NATIONAL WEATHER SERVICE IN MILWAUKEE
1257 AM CST SUN NOV 16 2014


...................................

...THE MADISON WI CLIMATE SUMMARY FOR NOVEMBER 15 2014...

CLIMATE NORMAL PERIOD 1981 TO 2010
CLIMATE RECORD PERIOD 1871 TO 2014


WEATHER ITEM   OBSERVED TIME   RECORD YEAR NORMAL DEPARTURE LAST
                VALUE   (LST)  VALUE       VALUE  FROM      YEAR
                                                  NORMAL
..................................................................
TEMPERATURE (F)
 YESTERDAY
  MAXIMUM         27    213 PM  68    1990  44    -17       55
  MINIMUM         10    701 AM   5    1959  29    -19       33
  AVERAGE         19                        36    -17       44

PRECIPITATION (IN)
  YESTERDAY        0.10          0.95 1947   0.09   0.01     0.00
  MONTH TO DATE    0.41                      1.21  -0.80     0.87
  SINCE SEP 1      5.34                      6.74  -1.40     5.95
  SINCE JAN 1     33.15                     31.56   1.59    42.43

SNOWFALL (IN)
  YESTERDAY        1.5           3.8  1947   0.1    1.4      0.0
  MONTH TO DATE    1.9                       0.9    1.0      0.8
  SINCE SEP 1      2.1                       1.4    0.7      0.8
  SINCE JUL 1      2.1                       1.4    0.7      0.8
  SNOW DEPTH       0

DEGREE DAYS
 HEATING
  YESTERDAY       46                        28     18       21
  MONTH TO DATE  420                       376     44      376
  SINCE SEP 1   1046                      1052     -6      964
  SINCE JUL 1   1063                      1089    -26      994

 COOLING
  YESTERDAY        0                         0      0        0
  MONTH TO DATE    0                         0      0        0
  SINCE SEP 1     44                        55    -11       96
  SINCE JAN 1    620                       568     52      709
..................................................................


WIND (MPH)
  HIGHEST WIND SPEED     8   HIGHEST WIND DIRECTION    SW (210)
  HIGHEST GUST SPEED    12   HIGHEST GUST DIRECTION     W (290)
  AVERAGE WIND SPEED     2.0


SKY COVER
  POSSIBLE SUNSHINE  MM
  AVERAGE SKY COVER 0.6


WEATHER CONDITIONS
 THE FOLLOWING WEATHER WAS RECORDED YESTERDAY.
  LIGHT SNOW
  FOG


RELATIVE HUMIDITY (PERCENT)
 HIGHEST    92           700 PM
 LOWEST     42           300 PM
 AVERAGE    67

..........................................................


THE MADISON WI CLIMATE NORMALS FOR TODAY
                         NORMAL    RECORD    YEAR
 MAXIMUM TEMPERATURE (F)   44        70      1953
                                             1931
 MINIMUM TEMPERATURE (F)   28         2      1959
                                             1883


SUNRISE AND SUNSET
NOVEMBER 16 2014......SUNRISE   651 AM CST   SUNSET   432 PM CST
NOVEMBER 17 2014......SUNRISE   653 AM CST   SUNSET   432 PM CST


-  INDICATES NEGATIVE NUMBERS.
R  INDICATES RECORD WAS SET OR TIED.
MM INDICATES DATA IS MISSING.
T  INDICATES TRACE AMOUNT.




$$
