000
CDUS43 KMKX 170652
CLIMSN


CLIMATE REPORT
NATIONAL WEATHER SERVICE IN MILWAUKEE
151 AM CDT SUN APR 17 2016


...................................

...THE MADISON WI CLIMATE SUMMARY FOR APRIL 16 2016...

CLIMATE NORMAL PERIOD 1981 TO 2010
CLIMATE RECORD PERIOD 1871 TO 2016


WEATHER ITEM   OBSERVED TIME   RECORD YEAR NORMAL DEPARTURE LAST
                VALUE   (LST)  VALUE       VALUE  FROM      YEAR
                                                  NORMAL
..................................................................
TEMPERATURE (F)
 YESTERDAY
  MAXIMUM         78    307 PM  86    2002  58     20       72
  MINIMUM         39    529 AM  12    1875  36      3       36
  AVERAGE         59                        47     12       54

PRECIPITATION (IN)
  YESTERDAY        0.00          1.10 1880   0.12  -0.12     0.00
  MONTH TO DATE    0.83                      1.78  -0.95     3.42
  SINCE MAR 1      4.79                      3.98   0.81     4.18
  SINCE JAN 1      6.29                      6.66  -0.37     5.38

SNOWFALL (IN)
  YESTERDAY        0.0          10.2  1921   0.0    0.0      0.0
  MONTH TO DATE    4.2                       1.8    2.4      0.0
  SINCE MAR 1      8.2                       8.8   -0.6      4.2
  SINCE JUL 1     32.7                      49.9  -17.2     33.7
  SNOW DEPTH       0

DEGREE DAYS
 HEATING
  YESTERDAY        6                        18    -12       11
  MONTH TO DATE  394                       341     53      255
  SINCE MAR 1   1164                      1304   -140     1190
  SINCE JUL 1   5764                      6790  -1026     6901

 COOLING
  YESTERDAY        0                         0      0        0
  MONTH TO DATE    0                         0      0        0
  SINCE MAR 1      0                         0      0        0
  SINCE JAN 1      0                         0      0        0
..................................................................


WIND (MPH)
  HIGHEST WIND SPEED    21   HIGHEST WIND DIRECTION     E (110)
  HIGHEST GUST SPEED    24   HIGHEST GUST DIRECTION     E (110)
  AVERAGE WIND SPEED     6.6


SKY COVER
  POSSIBLE SUNSHINE  MM
  AVERAGE SKY COVER 0.3


WEATHER CONDITIONS
 THE FOLLOWING WEATHER WAS RECORDED YESTERDAY.
  NO SIGNIFICANT WEATHER WAS OBSERVED.


RELATIVE HUMIDITY (PERCENT)
 HIGHEST    76           500 AM
 LOWEST     29           200 PM
 AVERAGE    53

..........................................................


THE MADISON WI CLIMATE NORMALS FOR TODAY
                         NORMAL    RECORD    YEAR
 MAXIMUM TEMPERATURE (F)   58        86      1977
 MINIMUM TEMPERATURE (F)   36        11      1875


SUNRISE AND SUNSET
APRIL 17 2016.........SUNRISE   611 AM CDT   SUNSET   743 PM CDT
APRIL 18 2016.........SUNRISE   610 AM CDT   SUNSET   744 PM CDT


-  INDICATES NEGATIVE NUMBERS.
R  INDICATES RECORD WAS SET OR TIED.
MM INDICATES DATA IS MISSING.
T  INDICATES TRACE AMOUNT.




$$
