000
CDUS43 KMKX 302230
CLIMSN


CLIMATE REPORT
NATIONAL WEATHER SERVICE IN MILWAUKEE
430 PM CST TUE JAN 30 2018


...................................

...THE MADISON WI CLIMATE SUMMARY FOR JANUARY 30 2018...
VALID TODAY AS OF 0400 PM LOCAL TIME.

CLIMATE NORMAL PERIOD 1981 TO 2010
CLIMATE RECORD PERIOD 1871 TO 2018


WEATHER ITEM   OBSERVED TIME   RECORD YEAR NORMAL DEPARTURE LAST
                VALUE   (LST)  VALUE       VALUE  FROM      YEAR
                                                  NORMAL
..................................................................
TEMPERATURE (F)
 TODAY
  MAXIMUM         27    359 PM  47    1974  27      0       33
  MINIMUM          4    712 AM -37    1951  12     -8        3
  AVERAGE         16                        19     -3       18

PRECIPITATION (IN)
  TODAY            0.00          0.65 1947   0.04  -0.04     0.12
  MONTH TO DATE    1.68                      1.19   0.49     2.71
  SINCE DEC 1      2.41                      2.93  -0.52     4.74
  SINCE JAN 1      1.68                      1.19   0.49     2.71

SNOWFALL (IN)
  TODAY            0.0           5.8  2013   0.5   -0.5      2.0
  MONTH TO DATE   10.2                      12.5   -2.3     10.4
  SINCE DEC 1     13.9                      26.0  -12.1     33.1
  SINCE JUL 1     14.2                      30.1  -15.9     33.1
  SNOW DEPTH       0

DEGREE DAYS
 HEATING
  TODAY           49                        46      3       47
  MONTH TO DATE 1355                      1389    -34     1242
  SINCE DEC 1   2678                      2689    -11     2551
  SINCE JUL 1   4037                      4268   -231     3573

 COOLING
  TODAY            0                         0      0        0
  MONTH TO DATE    0                         0      0        0
  SINCE DEC 1      0                         0      0        0
  SINCE JAN 1      0                         0      0        0
..................................................................


WIND (MPH)
  HIGHEST WIND SPEED    20   HIGHEST WIND DIRECTION     S (170)
  HIGHEST GUST SPEED    24   HIGHEST GUST DIRECTION     S (180)
  AVERAGE WIND SPEED     5.6


SKY COVER
  POSSIBLE SUNSHINE  MM
  AVERAGE SKY COVER 0.3


WEATHER CONDITIONS
 THE FOLLOWING WEATHER WAS RECORDED TODAY.
  NO SIGNIFICANT WEATHER WAS OBSERVED.


RELATIVE HUMIDITY (PERCENT)
 HIGHEST    87           600 AM
 LOWEST     50           100 PM
 AVERAGE    69

..........................................................


THE MADISON WI CLIMATE NORMALS FOR TOMORROW
                         NORMAL    RECORD    YEAR
 MAXIMUM TEMPERATURE (F)   27        56      1989
 MINIMUM TEMPERATURE (F)   12       -22      1985


SUNRISE AND SUNSET
JANUARY 30 2018.......SUNRISE   715 AM CST   SUNSET   507 PM CST
JANUARY 31 2018.......SUNRISE   714 AM CST   SUNSET   508 PM CST


-  INDICATES NEGATIVE NUMBERS.
R  INDICATES RECORD WAS SET OR TIED.
MM INDICATES DATA IS MISSING.
T  INDICATES TRACE AMOUNT.




$$
