000
CDUS43 KMKX 072247
CLIMSN


CLIMATE REPORT
NATIONAL WEATHER SERVICE IN MILWAUKEE
444 PM CST SAT JAN 7 2017


...................................

...THE MADISON WI CLIMATE SUMMARY FOR JANUARY 7 2017...
VALID TODAY AS OF 0400 PM LOCAL TIME.

CLIMATE NORMAL PERIOD 1981 TO 2010
CLIMATE RECORD PERIOD 1871 TO 2017


WEATHER ITEM   OBSERVED TIME   RECORD YEAR NORMAL DEPARTURE LAST
                VALUE   (LST)  VALUE       VALUE  FROM      YEAR
                                                  NORMAL
..................................................................
TEMPERATURE (F)
 TODAY
  MAXIMUM         13    107 PM  50    2008  26    -13       35
  MINIMUM         -3    720 AM -29    1887  11    -14       31
  AVERAGE          5                        19    -14       33

PRECIPITATION (IN)
  TODAY            0.00          0.68 1913   0.04  -0.04     0.13
  MONTH TO DATE    0.03                      0.29  -0.26     0.13
  SINCE DEC 1      2.06                      2.03   0.03     3.46
  SINCE JAN 1      0.03                      0.29  -0.26     0.13

SNOWFALL (IN)
  TODAY            0.0           7.0  1913   0.4   -0.4      0.1
  MONTH TO DATE    0.1                       2.8   -2.7      0.1
  SINCE DEC 1     22.8                      16.3    6.5      7.5
  SINCE JUL 1     22.8                      20.4    2.4     11.6
  SNOW DEPTH       2

DEGREE DAYS
 HEATING
  TODAY           60                        46     14       32
  MONTH TO DATE  360                       322     38      285
  SINCE DEC 1   1669                      1622     47     1206
  SINCE JUL 1   2691                      3201   -510     2397

 COOLING
  TODAY            0                         0      0        0
  MONTH TO DATE    0                         0      0        0
  SINCE DEC 1      0                         0      0        0
  SINCE JAN 1      0                         0      0        0
..................................................................


WIND (MPH)
  HIGHEST WIND SPEED    18   HIGHEST WIND DIRECTION    NW (310)
  HIGHEST GUST SPEED    25   HIGHEST GUST DIRECTION    NW (300)
  AVERAGE WIND SPEED     5.8


SKY COVER
  POSSIBLE SUNSHINE  MM
  AVERAGE SKY COVER 0.1


WEATHER CONDITIONS
 THE FOLLOWING WEATHER WAS RECORDED TODAY.
  NO SIGNIFICANT WEATHER WAS OBSERVED.


RELATIVE HUMIDITY (PERCENT)
 HIGHEST    79           700 AM
 LOWEST     50           400 PM
 AVERAGE    65

..........................................................


THE MADISON WI CLIMATE NORMALS FOR TOMORROW
                         NORMAL    RECORD    YEAR
 MAXIMUM TEMPERATURE (F)   26        54      2003
 MINIMUM TEMPERATURE (F)   11       -23      1971


SUNRISE AND SUNSET
JANUARY  7 2017.......SUNRISE   729 AM CST   SUNSET   439 PM CST
JANUARY  8 2017.......SUNRISE   729 AM CST   SUNSET   440 PM CST


-  INDICATES NEGATIVE NUMBERS.
R  INDICATES RECORD WAS SET OR TIED.
MM INDICATES DATA IS MISSING.
T  INDICATES TRACE AMOUNT.




$$

HAHN
