000
CDUS43 KMKX 080648
CLIMSN


CLIMATE REPORT
NATIONAL WEATHER SERVICE IN MILWAUKEE
147 AM CDT TUE JUL 8 2014


...................................

...THE MADISON WI CLIMATE SUMMARY FOR JULY 7 2014...

CLIMATE NORMAL PERIOD 1981 TO 2010
CLIMATE RECORD PERIOD 1871 TO 2014


WEATHER ITEM   OBSERVED TIME   RECORD YEAR NORMAL DEPARTURE LAST
                VALUE   (LST)  VALUE       VALUE  FROM      YEAR
                                                  NORMAL
..................................................................
TEMPERATURE (F)
 YESTERDAY
  MAXIMUM         84    218 PM 102    1936  82      2       89
  MINIMUM         66   1159 PM  45    1997  61      5       70
  AVERAGE         75                        72      3       80

PRECIPITATION (IN)
  YESTERDAY        0.30          2.51 1879   0.14   0.16     0.00
  MONTH TO DATE    0.31                      0.97  -0.66     0.00
  SINCE JUN 1      9.86                      5.51   4.35    10.86
  SINCE JAN 1     21.61                     17.34   4.27    30.95

SNOWFALL (IN)
  YESTERDAY        0.0           0.0    MM   0.0    0.0      0.0
  MONTH TO DATE    0.0                       0.0    0.0      0.0
  SINCE JUN 1      0.0                       0.0    0.0      0.0
  SINCE JUL 1      0.0                       0.0    0.0      0.0
  SNOW DEPTH       0

DEGREE DAYS
 HEATING
  YESTERDAY        0                         0      0        0
  MONTH TO DATE    3                         0      3        2
  SINCE JUN 1     12                        60    -48       54
  SINCE JUL 1      3                         0      3        2

 COOLING
  YESTERDAY       10                         7      3       15
  MONTH TO DATE   32                        47    -15       45
  SINCE JUN 1    214                       167     47      182
  SINCE JAN 1    265                       197     68      235
..................................................................


WIND (MPH)
  HIGHEST WIND SPEED    17   HIGHEST WIND DIRECTION     W (260)
  HIGHEST GUST SPEED    24   HIGHEST GUST DIRECTION    NW (310)
  AVERAGE WIND SPEED     5.5


SKY COVER
  POSSIBLE SUNSHINE  MM
  AVERAGE SKY COVER 0.4


WEATHER CONDITIONS
 THE FOLLOWING WEATHER WAS RECORDED YESTERDAY.
  THUNDERSTORM
  HEAVY RAIN
  RAIN
  LIGHT RAIN
  FOG


RELATIVE HUMIDITY (PERCENT)
 HIGHEST    87          1200 AM
 LOWEST     46           100 PM
 AVERAGE    67

..........................................................


THE MADISON WI CLIMATE NORMALS FOR TODAY
                         NORMAL    RECORD    YEAR
 MAXIMUM TEMPERATURE (F)   82       100      1936
 MINIMUM TEMPERATURE (F)   61        43      1972


SUNRISE AND SUNSET
JULY  8 2014..........SUNRISE   526 AM CDT   SUNSET   839 PM CDT
JULY  9 2014..........SUNRISE   527 AM CDT   SUNSET   838 PM CDT


-  INDICATES NEGATIVE NUMBERS.
R  INDICATES RECORD WAS SET OR TIED.
MM INDICATES DATA IS MISSING.
T  INDICATES TRACE AMOUNT.




$$
