000
CDUS43 KMKX 170702
CLIMSN


CLIMATE REPORT
NATIONAL WEATHER SERVICE IN MILWAUKEE
200 AM CDT THU JUL 17 2014


...................................

...THE MADISON WI CLIMATE SUMMARY FOR JULY 16 2014...

CLIMATE NORMAL PERIOD 1981 TO 2010
CLIMATE RECORD PERIOD 1871 TO 2014


WEATHER ITEM   OBSERVED TIME   RECORD YEAR NORMAL DEPARTURE LAST
                VALUE   (LST)  VALUE       VALUE  FROM      YEAR
                                                  NORMAL
..................................................................
TEMPERATURE (F)
 YESTERDAY
  MAXIMUM         74    405 PM  98    2012  82     -8       92
  MINIMUM         48R   447 AM  48    1973  61    -13       74
                                      1966
  AVERAGE         61                        72    -11       83

PRECIPITATION (IN)
  YESTERDAY        0.00          2.68 1950   0.14  -0.14      T
  MONTH TO DATE    1.03                      2.24  -1.21     1.66
  SINCE JUN 1     10.58                      6.78   3.80    12.52
  SINCE JAN 1     22.33                     18.61   3.72    32.61

SNOWFALL (IN)
  YESTERDAY        0.0           0.0    MM   0.0    0.0      0.0
  MONTH TO DATE    0.0                       0.0    0.0      0.0
  SINCE JUN 1      0.0                       0.0    0.0      0.0
  SINCE JUL 1      0.0                       0.0    0.0      0.0
  SNOW DEPTH       0

DEGREE DAYS
 HEATING
  YESTERDAY        4                         0      4        0
  MONTH TO DATE   12                         0     12        2
  SINCE JUN 1     21                        60    -39       54
  SINCE JUL 1     12                         0     12        2

 COOLING
  YESTERDAY        0                         7     -7       18
  MONTH TO DATE   61                       110    -49      135
  SINCE JUN 1    243                       230     13      272
  SINCE JAN 1    294                       260     34      325
..................................................................


WIND (MPH)
  HIGHEST WIND SPEED    12   HIGHEST WIND DIRECTION     N (360)
  HIGHEST GUST SPEED    18   HIGHEST GUST DIRECTION     N (340)
  AVERAGE WIND SPEED     3.3


SKY COVER
  POSSIBLE SUNSHINE  MM
  AVERAGE SKY COVER 0.3


WEATHER CONDITIONS
 THE FOLLOWING WEATHER WAS RECORDED YESTERDAY.
  FOG
  FOG W/VISIBILITY <= 1/4 MILE


RELATIVE HUMIDITY (PERCENT)
 HIGHEST    93          1200 AM
 LOWEST     38           400 PM
 AVERAGE    66

..........................................................


THE MADISON WI CLIMATE NORMALS FOR TODAY
                         NORMAL    RECORD    YEAR
 MAXIMUM TEMPERATURE (F)   82       100      2012
 MINIMUM TEMPERATURE (F)   61        45      1976
                                             1958


SUNRISE AND SUNSET
JULY 17 2014..........SUNRISE   533 AM CDT   SUNSET   833 PM CDT
JULY 18 2014..........SUNRISE   534 AM CDT   SUNSET   833 PM CDT


-  INDICATES NEGATIVE NUMBERS.
R  INDICATES RECORD WAS SET OR TIED.
MM INDICATES DATA IS MISSING.
T  INDICATES TRACE AMOUNT.




$$
