000
CDUS43 KMKX 232045
CLIMSN


CLIMATE REPORT
NATIONAL WEATHER SERVICE IN MILWAUKEE
345 PM CDT TUE SEP 23 2014


...................................

...THE MADISON WI CLIMATE SUMMARY FOR SEPTEMBER 23 2014...
VALID TODAY AS OF 0300 PM LOCAL TIME.

CLIMATE NORMAL PERIOD 1981 TO 2010
CLIMATE RECORD PERIOD 1871 TO 2014


WEATHER ITEM   OBSERVED TIME   RECORD YEAR NORMAL DEPARTURE LAST
                VALUE   (LST)  VALUE       VALUE  FROM      YEAR
                                                  NORMAL
..................................................................
TEMPERATURE (F)
 TODAY
  MAXIMUM         74    144 PM  90    1937  69      5       68
  MINIMUM         45    616 AM  26    1974  47     -2       41
  AVERAGE         60                        58      2       55

PRECIPITATION (IN)
  TODAY            0.00          2.55 1970   0.11  -0.11     0.00
  MONTH TO DATE    1.79                      2.48  -0.69     3.02
  SINCE SEP 1      1.79                      2.48  -0.69     3.02
  SINCE JAN 1     29.60                     27.30   2.30    39.50

SNOWFALL (IN)
  TODAY            0.0           T    1928   0.0    0.0      0.0
  MONTH TO DATE    0.0                       0.0    0.0      0.0
  SINCE SEP 1      0.0                       0.0    0.0      0.0
  SINCE JUL 1      0.0                       0.0    0.0      0.0
  SNOW DEPTH       0

DEGREE DAYS
 HEATING
  TODAY            5                         8     -3       10
  MONTH TO DATE  143                       106     37       89
  SINCE SEP 1    143                       106     37       89
  SINCE JUL 1    160                       143     17      119

 COOLING
  TODAY            0                         1     -1        0
  MONTH TO DATE   39                        47     -8       92
  SINCE SEP 1     39                        47     -8       92
  SINCE JAN 1    615                       560     55      705
..................................................................


WIND (MPH)
  HIGHEST WIND SPEED    12   HIGHEST WIND DIRECTION     S (200)
  HIGHEST GUST SPEED    19   HIGHEST GUST DIRECTION    SW (240)
  AVERAGE WIND SPEED     2.6


SKY COVER
  POSSIBLE SUNSHINE  MM
  AVERAGE SKY COVER 0.1


WEATHER CONDITIONS
 THE FOLLOWING WEATHER WAS RECORDED TODAY.
  FOG


RELATIVE HUMIDITY (PERCENT)
 HIGHEST    93          1200 AM
 LOWEST     41           100 PM
 AVERAGE    67

..........................................................


THE MADISON WI CLIMATE NORMALS FOR TOMORROW
                         NORMAL    RECORD    YEAR
 MAXIMUM TEMPERATURE (F)   68        88      1935
 MINIMUM TEMPERATURE (F)   47        26      1976


SUNRISE AND SUNSET
SEPTEMBER 23 2014.....SUNRISE   646 AM CDT   SUNSET   653 PM CDT
SEPTEMBER 24 2014.....SUNRISE   647 AM CDT   SUNSET   651 PM CDT


-  INDICATES NEGATIVE NUMBERS.
R  INDICATES RECORD WAS SET OR TIED.
MM INDICATES DATA IS MISSING.
T  INDICATES TRACE AMOUNT.




$$
