759
CDUS43 KMKX 150645
CLIMSN


CLIMATE REPORT
NATIONAL WEATHER SERVICE IN MILWAUKEE
145 AM CDT MON MAY 15 2017


...................................

...THE MADISON WI CLIMATE SUMMARY FOR MAY 14 2017...

CLIMATE NORMAL PERIOD 1981 TO 2010
CLIMATE RECORD PERIOD 1871 TO 2017


WEATHER ITEM   OBSERVED TIME   RECORD YEAR NORMAL DEPARTURE LAST
                VALUE   (LST)  VALUE       VALUE  FROM      YEAR
                                                  NORMAL
..................................................................
TEMPERATURE (F)
 YESTERDAY
  MAXIMUM         73    207 PM  89    1991  68      5       45
  MINIMUM         46    433 AM  32    2016  46      0       32
                                      1964
  AVERAGE         60                        57      3       39

PRECIPITATION (IN)
  YESTERDAY        T             1.70 1883   0.11  -0.11      T
  MONTH TO DATE    0.88                      1.53  -0.65     1.47
  SINCE MAR 1      9.01                      7.13   1.88     7.54
  SINCE JAN 1     13.71                      9.81   3.90     9.04

SNOWFALL (IN)
  YESTERDAY        0.0           T    2016   0.0    0.0      0.0
  MONTH TO DATE    0.0                       0.2   -0.2      0.0
  SINCE MAR 1      8.3                       9.8   -1.5      8.2
  SINCE JUL 1     44.0                      50.9   -6.9     32.7
  SNOW DEPTH       0

DEGREE DAYS
 HEATING
  YESTERDAY        5                         9     -4       26
  MONTH TO DATE  172                       151     21      168
  SINCE MAR 1   1564                      1672   -108     1506
  SINCE JUL 1   6076                      7158  -1082     6106

 COOLING
  YESTERDAY        0                         1     -1        0
  MONTH TO DATE    2                         4     -2        0
  SINCE MAR 1      2                         8     -6        0
  SINCE JAN 1      2                         8     -6        0
..................................................................


WIND (MPH)
  HIGHEST WIND SPEED    21   HIGHEST WIND DIRECTION     E (100)
  HIGHEST GUST SPEED    24   HIGHEST GUST DIRECTION     E (100)
  AVERAGE WIND SPEED     7.6


SKY COVER
  POSSIBLE SUNSHINE  MM
  AVERAGE SKY COVER 0.3


WEATHER CONDITIONS
 THE FOLLOWING WEATHER WAS RECORDED YESTERDAY.
  THUNDERSTORM
  LIGHT RAIN


RELATIVE HUMIDITY (PERCENT)
 HIGHEST    86           300 AM
 LOWEST     37           400 PM
 AVERAGE    62

..........................................................


THE MADISON WI CLIMATE NORMALS FOR TODAY
                         NORMAL    RECORD    YEAR
 MAXIMUM TEMPERATURE (F)   68        86      2012
                                             1977
 MINIMUM TEMPERATURE (F)   46        30      2016
                                             1983


SUNRISE AND SUNSET
MAY 15 2017...........SUNRISE   533 AM CDT   SUNSET   815 PM CDT
MAY 16 2017...........SUNRISE   532 AM CDT   SUNSET   816 PM CDT


-  INDICATES NEGATIVE NUMBERS.
R  INDICATES RECORD WAS SET OR TIED.
MM INDICATES DATA IS MISSING.
T  INDICATES TRACE AMOUNT.




$$
