000
CDUS43 KMKX 100050
CLIMSN


CLIMATE REPORT
NATIONAL WEATHER SERVICE IN MILWAUKEE
749 PM CDT WED APR 9 2014


...................................

...THE MADISON WI CLIMATE SUMMARY FOR APRIL 9 2014...
VALID TODAY AS OF 0700 PM LOCAL TIME.

CLIMATE NORMAL PERIOD 1981 TO 2010
CLIMATE RECORD PERIOD 1871 TO 2014


WEATHER ITEM   OBSERVED TIME   RECORD YEAR NORMAL DEPARTURE LAST
                VALUE   (LST)  VALUE       VALUE  FROM      YEAR
                                                  NORMAL
..................................................................
TEMPERATURE (F)
 TODAY
  MAXIMUM         64    303 PM  75    1955  55      9       41
  MINIMUM         28    541 AM  10    2003  33     -5       35
  AVERAGE         46                        44      2       38

PRECIPITATION (IN)
  TODAY            0.00          1.46 2013   0.12  -0.12     1.46
  MONTH TO DATE    0.27                      0.96  -0.69     2.07
  SINCE MAR 1      1.53                      3.16  -1.63     4.48
  SINCE JAN 1      3.42                      5.84  -2.42     9.76

SNOWFALL (IN)
  TODAY            0.0          12.9  1973   0.1   -0.1      0.0
  MONTH TO DATE    T                         1.2   -1.2      0.0
  SINCE MAR 1      8.2                       8.2    0.0     15.2
  SINCE JUL 1     58.2                      49.3    8.9     70.3
  SNOW DEPTH       0

DEGREE DAYS
 HEATING
  TODAY           19                        21     -2       27
  MONTH TO DATE  206                       205      1      226
  SINCE MAR 1   1354                      1168    186     1408
  SINCE JUL 1   7466                      6654    812     6566

 COOLING
  TODAY            0                         0      0        0
  MONTH TO DATE    0                         0      0        0
  SINCE MAR 1      0                         0      0        0
  SINCE JAN 1      0                         0      0        0
..................................................................


WIND (MPH)
  HIGHEST WIND SPEED    21   HIGHEST WIND DIRECTION     S (200)
  HIGHEST GUST SPEED    27   HIGHEST GUST DIRECTION     S (200)
  AVERAGE WIND SPEED     6.4


SKY COVER
  POSSIBLE SUNSHINE  MM
  AVERAGE SKY COVER 0.3


WEATHER CONDITIONS
 THE FOLLOWING WEATHER WAS RECORDED TODAY.
  NO SIGNIFICANT WEATHER WAS OBSERVED.


RELATIVE HUMIDITY (PERCENT)
 HIGHEST    85           500 AM
 LOWEST     23           300 PM
 AVERAGE    54

..........................................................


THE MADISON WI CLIMATE NORMALS FOR TOMORROW
                         NORMAL    RECORD    YEAR
 MAXIMUM TEMPERATURE (F)   55        89      1930
 MINIMUM TEMPERATURE (F)   34         1      2013


SUNRISE AND SUNSET
APRIL  9 2014.........SUNRISE   625 AM CDT   SUNSET   733 PM CDT
APRIL 10 2014.........SUNRISE   624 AM CDT   SUNSET   734 PM CDT


-  INDICATES NEGATIVE NUMBERS.
R  INDICATES RECORD WAS SET OR TIED.
MM INDICATES DATA IS MISSING.
T  INDICATES TRACE AMOUNT.




$$
