000
CDUS43 KMKX 252044
CLIMSN


CLIMATE REPORT
NATIONAL WEATHER SERVICE IN MILWAUKEE
343 PM CDT THU JUN 25 2015


...................................

...THE MADISON WI CLIMATE SUMMARY FOR JUNE 25 2015...
VALID TODAY AS OF 0300 PM LOCAL TIME.

CLIMATE NORMAL PERIOD 1981 TO 2010
CLIMATE RECORD PERIOD 1871 TO 2015


WEATHER ITEM   OBSERVED TIME   RECORD YEAR NORMAL DEPARTURE LAST
                VALUE   (LST)  VALUE       VALUE  FROM      YEAR
                                                  NORMAL
..................................................................
TEMPERATURE (F)
 TODAY
  MAXIMUM         77    159 PM  97    1988  81     -4       76
  MINIMUM         65   1211 AM  36    1979  59      6       63
  AVERAGE         71                        70      1       70

PRECIPITATION (IN)
  TODAY            T             2.17 1969   0.15  -0.15      T
  MONTH TO DATE    3.06                      3.79  -0.73     6.80
  SINCE JUN 1      3.06                      3.79  -0.73     6.80
  SINCE JAN 1     13.58                     15.62  -2.04    18.55

SNOWFALL (IN)
  TODAY            0.0           0.0    MM   0.0    0.0      0.0
  MONTH TO DATE    0.0                       0.0    0.0      0.0
  SINCE JUN 1      0.0                       0.0    0.0      0.0
  SINCE JUL 1     33.7                      50.9  -17.2     59.2
  SNOW DEPTH       0

DEGREE DAYS
 HEATING
  TODAY            0                         1     -1        0
  MONTH TO DATE   35                        58    -23        9
  SINCE JUN 1     35                        58    -23        9
  SINCE JUL 1   7365                      7331     34     8057

 COOLING
  TODAY            6                         6      0        5
  MONTH TO DATE  102                        90     12      127
  SINCE JUN 1    102                        90     12      127
  SINCE JAN 1    152                       120     32      178
..................................................................


WIND (MPH)
  HIGHEST WIND SPEED     9   HIGHEST WIND DIRECTION    NE (30)
  HIGHEST GUST SPEED    15   HIGHEST GUST DIRECTION     N (20)
  AVERAGE WIND SPEED     3.5


SKY COVER
  POSSIBLE SUNSHINE  MM
  AVERAGE SKY COVER 0.9


WEATHER CONDITIONS
 THE FOLLOWING WEATHER WAS RECORDED TODAY.
  LIGHT RAIN
  FOG
  HAZE


RELATIVE HUMIDITY (PERCENT)
 HIGHEST    87          1200 AM
 LOWEST     64           200 PM
 AVERAGE    76

..........................................................


THE MADISON WI CLIMATE NORMALS FOR TOMORROW
                         NORMAL    RECORD    YEAR
 MAXIMUM TEMPERATURE (F)   81        96      1980
                                             1931
 MINIMUM TEMPERATURE (F)   59        45      1974


SUNRISE AND SUNSET
JUNE 25 2015..........SUNRISE   519 AM CDT   SUNSET   841 PM CDT
JUNE 26 2015..........SUNRISE   519 AM CDT   SUNSET   841 PM CDT


-  INDICATES NEGATIVE NUMBERS.
R  INDICATES RECORD WAS SET OR TIED.
MM INDICATES DATA IS MISSING.
T  INDICATES TRACE AMOUNT.




$$
