000
CDUS43 KMKX 190700
CLIMSN


CLIMATE REPORT
NATIONAL WEATHER SERVICE IN MILWAUKEE
200 AM CDT SAT AUG 19 2017


...................................

...THE MADISON WI CLIMATE SUMMARY FOR AUGUST 18 2017...

CLIMATE NORMAL PERIOD 1981 TO 2010
CLIMATE RECORD PERIOD 1871 TO 2017


WEATHER ITEM   OBSERVED TIME   RECORD YEAR NORMAL DEPARTURE LAST
                VALUE   (LST)  VALUE       VALUE  FROM      YEAR
                                                  NORMAL
..................................................................
TEMPERATURE (F)
 YESTERDAY
  MAXIMUM         77    154 PM 101    1936  79     -2       86
  MINIMUM         61   1152 PM  41    1977  59      2       65
  AVERAGE         69                        69      0       76

PRECIPITATION (IN)
  YESTERDAY        0.00          3.39 2007   0.15  -0.15     0.10
  MONTH TO DATE    3.34                      2.55   0.79     3.26
  SINCE JUN 1     16.59                     11.27   5.32    13.84
  SINCE JAN 1     32.25                     23.10   9.15    23.63

SNOWFALL (IN)
  YESTERDAY        0.0           0.0    MM   0.0    0.0      0.0
  MONTH TO DATE    0.0                       0.0    0.0      0.0
  SINCE JUN 1      0.0                       0.0    0.0      0.0
  SINCE JUL 1      0.0                       0.0    0.0      0.0
  SNOW DEPTH       0

DEGREE DAYS
 HEATING
  YESTERDAY        0                         1     -1        0
  MONTH TO DATE    6                        15     -9        0
  SINCE JUN 1     36                        85    -49       18
  SINCE JUL 1      6                        25    -19        4

 COOLING
  YESTERDAY        4                         5     -1       11
  MONTH TO DATE   59                       102    -43      170
  SINCE JUN 1    418                       428    -10      574
  SINCE JAN 1    433                       458    -25      626
..................................................................


WIND (MPH)
  HIGHEST WIND SPEED    18   HIGHEST WIND DIRECTION    NW (320)
  HIGHEST GUST SPEED    26   HIGHEST GUST DIRECTION    NW (310)
  AVERAGE WIND SPEED     6.8


SKY COVER
  POSSIBLE SUNSHINE  MM
  AVERAGE SKY COVER 0.8


WEATHER CONDITIONS
 THE FOLLOWING WEATHER WAS RECORDED YESTERDAY.
  NO SIGNIFICANT WEATHER WAS OBSERVED.


RELATIVE HUMIDITY (PERCENT)
 HIGHEST    93           300 AM
 LOWEST     56           200 PM
 AVERAGE    75

..........................................................


THE MADISON WI CLIMATE NORMALS FOR TODAY
                         NORMAL    RECORD    YEAR
 MAXIMUM TEMPERATURE (F)   79        97      1983
 MINIMUM TEMPERATURE (F)   59        43      1981


SUNRISE AND SUNSET
AUGUST 19 2017........SUNRISE   608 AM CDT   SUNSET   753 PM CDT
AUGUST 20 2017........SUNRISE   609 AM CDT   SUNSET   752 PM CDT


-  INDICATES NEGATIVE NUMBERS.
R  INDICATES RECORD WAS SET OR TIED.
MM INDICATES DATA IS MISSING.
T  INDICATES TRACE AMOUNT.




$$
