000
CDUS43 KMKX 032145
CLIMSN


CLIMATE REPORT
NATIONAL WEATHER SERVICE IN MILWAUKEE
442 PM CDT MON AUG 3 2015


...................................

...THE MADISON WI CLIMATE SUMMARY FOR AUGUST 3 2015...
VALID TODAY AS OF 0400 PM LOCAL TIME.

CLIMATE NORMAL PERIOD 1981 TO 2010
CLIMATE RECORD PERIOD 1871 TO 2015


WEATHER ITEM   OBSERVED TIME   RECORD YEAR NORMAL DEPARTURE LAST
                VALUE   (LST)  VALUE       VALUE  FROM      YEAR
                                                  NORMAL
..................................................................
TEMPERATURE (F)
 TODAY
  MAXIMUM         80    231 PM  96    1958  81     -1       85
  MINIMUM         62    516 AM  43    1966  60      2       60
  AVERAGE         71                        70      1       73

PRECIPITATION (IN)
  TODAY            0.00          2.18 2004   0.13  -0.13     0.00
  MONTH TO DATE    0.00                      0.41  -0.41     0.74
  SINCE JUN 1      8.17                      9.13  -0.96    11.37
  SINCE JAN 1     18.69                     20.96  -2.27    23.12

SNOWFALL (IN)
  TODAY            0.0           0.0    MM   0.0    0.0      0.0
  MONTH TO DATE    0.0                       0.0    0.0      0.0
  SINCE JUN 1      0.0                       0.0    0.0      0.0
  SINCE JUL 1      0.0                       0.0    0.0      0.0
  SNOW DEPTH       0

DEGREE DAYS
 HEATING
  TODAY            0                         0      0        0
  MONTH TO DATE    0                         0      0        0
  SINCE JUN 1     53                        70    -17       22
  SINCE JUL 1     16                        10      6       13

 COOLING
  TODAY            6                         6      0        8
  MONTH TO DATE   30                        18     12       20
  SINCE JUN 1    341                       344     -3      345
  SINCE JAN 1    391                       374     17      396
..................................................................


WIND (MPH)
  HIGHEST WIND SPEED    17   HIGHEST WIND DIRECTION    NW (310)
  HIGHEST GUST SPEED    25   HIGHEST GUST DIRECTION     W (290)
  AVERAGE WIND SPEED     6.7


SKY COVER
  POSSIBLE SUNSHINE  MM
  AVERAGE SKY COVER 0.2


WEATHER CONDITIONS
 THE FOLLOWING WEATHER WAS RECORDED TODAY.
  NO SIGNIFICANT WEATHER WAS OBSERVED.


RELATIVE HUMIDITY (PERCENT)
 HIGHEST    78           300 AM
 LOWEST     35           100 PM
 AVERAGE    57

..........................................................


THE MADISON WI CLIMATE NORMALS FOR TOMORROW
                         NORMAL    RECORD    YEAR
 MAXIMUM TEMPERATURE (F)   81        99      1947
 MINIMUM TEMPERATURE (F)   60        41      1972


SUNRISE AND SUNSET
AUGUST  3 2015........SUNRISE   550 AM CDT   SUNSET   817 PM CDT
AUGUST  4 2015........SUNRISE   551 AM CDT   SUNSET   815 PM CDT


-  INDICATES NEGATIVE NUMBERS.
R  INDICATES RECORD WAS SET OR TIED.
MM INDICATES DATA IS MISSING.
T  INDICATES TRACE AMOUNT.




$$

HAHN
