000
CDUS43 KMKX 262042
CLIMSN


CLIMATE REPORT
NATIONAL WEATHER SERVICE IN MILWAUKEE
341 PM CDT TUE JUL 26 2016


...................................

...THE MADISON WI CLIMATE SUMMARY FOR JULY 26 2016...
VALID TODAY AS OF 0300 PM LOCAL TIME.

CLIMATE NORMAL PERIOD 1981 TO 2010
CLIMATE RECORD PERIOD 1871 TO 2016


WEATHER ITEM   OBSERVED TIME   RECORD YEAR NORMAL DEPARTURE LAST
                VALUE   (LST)  VALUE       VALUE  FROM      YEAR
                                                  NORMAL
..................................................................
TEMPERATURE (F)
 TODAY
  MAXIMUM         87    158 PM 100    1955  81      6       81
  MINIMUM         63    513 AM  46    1977  61      2       61
  AVERAGE         75                        71      4       71

PRECIPITATION (IN)
  TODAY            0.00          2.08 1940   0.12  -0.12      T
  MONTH TO DATE    5.09                      3.55   1.54     3.60
  SINCE JUN 1     10.44                      8.09   2.35     6.75
  SINCE JAN 1     20.23                     19.92   0.31    17.27

SNOWFALL (IN)
  TODAY            0.0           0.0    MM   0.0    0.0      0.0
  MONTH TO DATE    0.0                       0.0    0.0      0.0
  SINCE JUN 1      0.0                       0.0    0.0      0.0
  SINCE JUL 1      0.0                       0.0    0.0      0.0
  SNOW DEPTH       0

DEGREE DAYS
 HEATING
  TODAY            0                         0      0        0
  MONTH TO DATE    4                         0      4       16
  SINCE JUN 1     18                        60    -42       53
  SINCE JUL 1      4                         0      4       16

 COOLING
  TODAY           10                         6      4        6
  MONTH TO DATE  221                       178     43      147
  SINCE JUN 1    370                       298     72      258
  SINCE JAN 1    422                       328     94      308
..................................................................


WIND (MPH)
  HIGHEST WIND SPEED     7   HIGHEST WIND DIRECTION    NW (310)
  HIGHEST GUST SPEED    12   HIGHEST GUST DIRECTION    NW (320)
  AVERAGE WIND SPEED     1.7


SKY COVER
  POSSIBLE SUNSHINE  MM
  AVERAGE SKY COVER 0.2


WEATHER CONDITIONS
 THE FOLLOWING WEATHER WAS RECORDED TODAY.
  FOG


RELATIVE HUMIDITY (PERCENT)
 HIGHEST   100           400 AM
 LOWEST     40           100 PM
 AVERAGE    70

..........................................................


THE MADISON WI CLIMATE NORMALS FOR TOMORROW
                         NORMAL    RECORD    YEAR
 MAXIMUM TEMPERATURE (F)   81       100      1955
 MINIMUM TEMPERATURE (F)   61        45      1971


SUNRISE AND SUNSET
JULY 26 2016..........SUNRISE   542 AM CDT   SUNSET   825 PM CDT
JULY 27 2016..........SUNRISE   543 AM CDT   SUNSET   824 PM CDT


-  INDICATES NEGATIVE NUMBERS.
R  INDICATES RECORD WAS SET OR TIED.
MM INDICATES DATA IS MISSING.
T  INDICATES TRACE AMOUNT.




$$
