000
CDUS43 KMKX 010653
CLIMSN


CLIMATE REPORT
NATIONAL WEATHER SERVICE IN MILWAUKEE
153 AM CDT MON JUN 1 2015


...................................

...THE MADISON WI CLIMATE SUMMARY FOR MAY 31 2015...

CLIMATE NORMAL PERIOD 1981 TO 2010
CLIMATE RECORD PERIOD 1871 TO 2015


WEATHER ITEM   OBSERVED TIME   RECORD YEAR NORMAL DEPARTURE LAST
                VALUE   (LST)  VALUE       VALUE  FROM      YEAR
                                                  NORMAL
..................................................................
TEMPERATURE (F)
 YESTERDAY
  MAXIMUM         63    314 PM 101    1934  73    -10       87
  MINIMUM         38    453 AM  32    1966  51    -13       54
  AVERAGE         51                        62    -11       71

PRECIPITATION (IN)
  YESTERDAY        0.00          2.33 2000   0.13  -0.13     0.00
  MONTH TO DATE    4.18                      3.55   0.63     3.47
  SINCE MAR 1      9.32                      9.15   0.17     9.86
  SINCE JAN 1     10.52                     11.83  -1.31    11.75

SNOWFALL (IN)
  YESTERDAY        0.0           T    1889   0.0    0.0      0.0
  MONTH TO DATE    0.0                       0.2   -0.2      0.0
  SINCE MAR 1      4.2                       9.8   -5.6      9.2
  SINCE JUL 1     33.7                      50.9  -17.2     59.2
  SNOW DEPTH       0

DEGREE DAYS
 HEATING
  YESTERDAY       14                         5      9        0
  MONTH TO DATE  190                       266    -76      208
  SINCE MAR 1   1619                      1787   -168     1936
  SINCE JUL 1   7330                      7273     57     8048

 COOLING
  YESTERDAY        0                         2     -2        6
  MONTH TO DATE   50                        26     24       51
  SINCE MAR 1     50                        30     20       51
  SINCE JAN 1     50                        30     20       51
..................................................................


WIND (MPH)
  HIGHEST WIND SPEED    24   HIGHEST WIND DIRECTION    NE (40)
  HIGHEST GUST SPEED    32   HIGHEST GUST DIRECTION    NE (50)
  AVERAGE WIND SPEED    10.8


SKY COVER
  POSSIBLE SUNSHINE  MM
  AVERAGE SKY COVER 0.3


WEATHER CONDITIONS
 THE FOLLOWING WEATHER WAS RECORDED YESTERDAY.
  NO SIGNIFICANT WEATHER WAS OBSERVED.


RELATIVE HUMIDITY (PERCENT)
 HIGHEST    85           400 AM
 LOWEST     40           600 PM
 AVERAGE    63

..........................................................


THE MADISON WI CLIMATE NORMALS FOR TODAY
                         NORMAL    RECORD    YEAR
 MAXIMUM TEMPERATURE (F)   74       100      1934
 MINIMUM TEMPERATURE (F)   51        34      1966


SUNRISE AND SUNSET
JUNE  1 2015..........SUNRISE   521 AM CDT   SUNSET   830 PM CDT
JUNE  2 2015..........SUNRISE   520 AM CDT   SUNSET   831 PM CDT


-  INDICATES NEGATIVE NUMBERS.
R  INDICATES RECORD WAS SET OR TIED.
MM INDICATES DATA IS MISSING.
T  INDICATES TRACE AMOUNT.




$$
