000
CDUS43 KMKX 250702
CLIMSN


CLIMATE REPORT
NATIONAL WEATHER SERVICE IN MILWAUKEE
202 AM CDT MON JUL 25 2016


...................................

...THE MADISON WI CLIMATE SUMMARY FOR JULY 24 2016...

CLIMATE NORMAL PERIOD 1981 TO 2010
CLIMATE RECORD PERIOD 1871 TO 2016


WEATHER ITEM   OBSERVED TIME   RECORD YEAR NORMAL DEPARTURE LAST
                VALUE   (LST)  VALUE       VALUE  FROM      YEAR
                                                  NORMAL
..................................................................
TEMPERATURE (F)
 YESTERDAY
  MAXIMUM         90    431 PM 101    1934  81      9       81
                                      1901
  MINIMUM         71    157 AM  48    1957  61     10       62
  AVERAGE         81                        71     10       72

PRECIPITATION (IN)
  YESTERDAY        0.00          2.35 1929   0.12  -0.12      T
  MONTH TO DATE    5.09                      3.29   1.80     3.60
  SINCE JUN 1     10.44                      7.83   2.61     6.75
  SINCE JAN 1     20.23                     19.66   0.57    17.27

SNOWFALL (IN)
  YESTERDAY        0.0           0.0    MM   0.0    0.0      0.0
  MONTH TO DATE    0.0                       0.0    0.0      0.0
  SINCE JUN 1      0.0                       0.0    0.0      0.0
  SINCE JUL 1      0.0                       0.0    0.0      0.0
  SNOW DEPTH       0

DEGREE DAYS
 HEATING
  YESTERDAY        0                         0      0        0
  MONTH TO DATE    4                         0      4       16
  SINCE JUN 1     18                        60    -42       53
  SINCE JUL 1      4                         0      4       16

 COOLING
  YESTERDAY       16                         7      9        7
  MONTH TO DATE  200                       166     34      127
  SINCE JUN 1    349                       286     63      238
  SINCE JAN 1    401                       316     85      288
..................................................................


WIND (MPH)
  HIGHEST WIND SPEED    14   HIGHEST WIND DIRECTION    NW (310)
  HIGHEST GUST SPEED    20   HIGHEST GUST DIRECTION    NW (300)
  AVERAGE WIND SPEED     7.1


SKY COVER
  POSSIBLE SUNSHINE  MM
  AVERAGE SKY COVER 0.6


WEATHER CONDITIONS
 THE FOLLOWING WEATHER WAS RECORDED YESTERDAY.
  NO SIGNIFICANT WEATHER WAS OBSERVED.


RELATIVE HUMIDITY (PERCENT)
 HIGHEST    93          1200 AM
 LOWEST     58           700 PM
 AVERAGE    76

..........................................................


THE MADISON WI CLIMATE NORMALS FOR TODAY
                         NORMAL    RECORD    YEAR
 MAXIMUM TEMPERATURE (F)   81        98      2012
                                             1934
 MINIMUM TEMPERATURE (F)   61        50      1991
                                             1962


SUNRISE AND SUNSET
JULY 25 2016..........SUNRISE   541 AM CDT   SUNSET   826 PM CDT
JULY 26 2016..........SUNRISE   542 AM CDT   SUNSET   825 PM CDT


-  INDICATES NEGATIVE NUMBERS.
R  INDICATES RECORD WAS SET OR TIED.
MM INDICATES DATA IS MISSING.
T  INDICATES TRACE AMOUNT.




$$
