000
CDUS43 KMKX 182244
CLIMSN


CLIMATE REPORT
NATIONAL WEATHER SERVICE IN MILWAUKEE
443 PM CST SAT NOV 18 2017


...................................

...THE MADISON WI CLIMATE SUMMARY FOR NOVEMBER 18 2017...
VALID TODAY AS OF 0400 PM LOCAL TIME.

CLIMATE NORMAL PERIOD 1981 TO 2010
CLIMATE RECORD PERIOD 1871 TO 2017


WEATHER ITEM   OBSERVED TIME   RECORD YEAR NORMAL DEPARTURE LAST
                VALUE   (LST)  VALUE       VALUE  FROM      YEAR
                                                  NORMAL
..................................................................
TEMPERATURE (F)
 TODAY
  MAXIMUM         39    356 PM  69    1953  43     -4       67
  MINIMUM         32    802 AM   3    1872  27      5       34
  AVERAGE         36                        35      1       51

PRECIPITATION (IN)
  TODAY            0.10          1.02 1957   0.08   0.02      T
  MONTH TO DATE    0.68                      1.45  -0.77     0.25
  SINCE SEP 1      4.79                      6.98  -2.19    13.67
  SINCE JAN 1     37.55                     31.80   5.75    41.91

SNOWFALL (IN)
  TODAY            0.3           4.2  1926   0.1    0.2       T
  MONTH TO DATE    0.3                       1.2   -0.9       T
  SINCE SEP 1      0.3                       1.7   -1.4       T
  SINCE JUL 1      0.3                       1.7   -1.4       T
  SNOW DEPTH       0

DEGREE DAYS
 HEATING
  TODAY           29                        30     -1       14
  MONTH TO DATE  538                       464     74      277
  SINCE SEP 1    998                      1140   -142      666
  SINCE JUL 1   1023                      1177   -154      673

 COOLING
  TODAY            0                         0      0        0
  MONTH TO DATE    0                         0      0        0
  SINCE SEP 1    120                        55     65       85
  SINCE JAN 1    580                       568     12      780
..................................................................


WIND (MPH)
  HIGHEST WIND SPEED    21   HIGHEST WIND DIRECTION     N (10)
  HIGHEST GUST SPEED    30   HIGHEST GUST DIRECTION     N (340)
  AVERAGE WIND SPEED    11.1


SKY COVER
  POSSIBLE SUNSHINE  MM
  AVERAGE SKY COVER 1.0


WEATHER CONDITIONS
 THE FOLLOWING WEATHER WAS RECORDED TODAY.
  RAIN
  LIGHT RAIN
  LIGHT SNOW
  SLEET
  FOG


RELATIVE HUMIDITY (PERCENT)
 HIGHEST   100          1200 AM
 LOWEST     70           400 PM
 AVERAGE    85

..........................................................


THE MADISON WI CLIMATE NORMALS FOR TOMORROW
                         NORMAL    RECORD    YEAR
 MAXIMUM TEMPERATURE (F)   42        70      1930
 MINIMUM TEMPERATURE (F)   27         3      1914


SUNRISE AND SUNSET
NOVEMBER 18 2017......SUNRISE   654 AM CST   SUNSET   431 PM CST
NOVEMBER 19 2017......SUNRISE   655 AM CST   SUNSET   430 PM CST


-  INDICATES NEGATIVE NUMBERS.
R  INDICATES RECORD WAS SET OR TIED.
MM INDICATES DATA IS MISSING.
T  INDICATES TRACE AMOUNT.




$$
