000
CDUS43 KMKX 190642
CLIMSN


CLIMATE REPORT
NATIONAL WEATHER SERVICE IN MILWAUKEE
141 AM CDT SAT APR 19 2014


...................................

...THE MADISON WI CLIMATE SUMMARY FOR APRIL 18 2014...

CLIMATE NORMAL PERIOD 1981 TO 2010
CLIMATE RECORD PERIOD 1871 TO 2014


WEATHER ITEM   OBSERVED TIME   RECORD YEAR NORMAL DEPARTURE LAST
                VALUE   (LST)  VALUE       VALUE  FROM      YEAR
                                                  NORMAL
..................................................................
TEMPERATURE (F)
 YESTERDAY
  MAXIMUM         56    438 PM  87    1977  59     -3       60
  MINIMUM         27    402 AM  18    1983  37    -10       37
  AVERAGE         42                        48     -6       49

PRECIPITATION (IN)
  YESTERDAY        0.00          2.15 1880   0.12  -0.12     0.50
  MONTH TO DATE    3.35                      2.02   1.33     5.76
  SINCE MAR 1      4.61                      4.22   0.39     8.17
  SINCE JAN 1      6.50                      6.90  -0.40    13.45

SNOWFALL (IN)
  YESTERDAY        0.0           3.4  1912   0.1   -0.1      0.0
  MONTH TO DATE    1.0                       2.0   -1.0      0.3
  SINCE MAR 1      9.2                       9.0    0.2     15.5
  SINCE JUL 1     59.2                      50.1    9.1     70.6
  SNOW DEPTH       0

DEGREE DAYS
 HEATING
  YESTERDAY       23                        18      5       16
  MONTH TO DATE  397                       377     20      441
  SINCE MAR 1   1545                      1340    205     1623
  SINCE JUL 1   7657                      6826    831     6781

 COOLING
  YESTERDAY        0                         0      0        0
  MONTH TO DATE    0                         0      0        0
  SINCE MAR 1      0                         0      0        0
  SINCE JAN 1      0                         0      0        0
..................................................................


WIND (MPH)
  HIGHEST WIND SPEED    15   HIGHEST WIND DIRECTION     E (110)
  HIGHEST GUST SPEED    19   HIGHEST GUST DIRECTION     E (110)
  AVERAGE WIND SPEED     6.2


SKY COVER
  POSSIBLE SUNSHINE  MM
  AVERAGE SKY COVER 0.1


WEATHER CONDITIONS
 THE FOLLOWING WEATHER WAS RECORDED YESTERDAY.
  FOG


RELATIVE HUMIDITY (PERCENT)
 HIGHEST   100           400 AM
 LOWEST     32           300 PM
 AVERAGE    66

..........................................................


THE MADISON WI CLIMATE NORMALS FOR TODAY
                         NORMAL    RECORD    YEAR
 MAXIMUM TEMPERATURE (F)   59        84      1985
 MINIMUM TEMPERATURE (F)   37        16      1983


SUNRISE AND SUNSET
APRIL 19 2014.........SUNRISE   609 AM CDT   SUNSET   745 PM CDT
APRIL 20 2014.........SUNRISE   607 AM CDT   SUNSET   746 PM CDT


-  INDICATES NEGATIVE NUMBERS.
R  INDICATES RECORD WAS SET OR TIED.
MM INDICATES DATA IS MISSING.
T  INDICATES TRACE AMOUNT.




$$
