000
CDUS43 KMKX 220704
CLIMSN


CLIMATE REPORT
NATIONAL WEATHER SERVICE IN MILWAUKEE
204 AM CDT TUE APR 22 2014


...................................

...THE MADISON WI CLIMATE SUMMARY FOR APRIL 21 2014...

CLIMATE NORMAL PERIOD 1981 TO 2010
CLIMATE RECORD PERIOD 1871 TO 2014


WEATHER ITEM   OBSERVED TIME   RECORD YEAR NORMAL DEPARTURE LAST
                VALUE   (LST)  VALUE       VALUE  FROM      YEAR
                                                  NORMAL
..................................................................
TEMPERATURE (F)
 YESTERDAY
  MAXIMUM         70    523 PM  84    1980  60     10       53
  MINIMUM         50   1159 PM  21    1981  38     12       33
  AVERAGE         60                        49     11       43

PRECIPITATION (IN)
  YESTERDAY        0.05          1.22 1972   0.11  -0.06      T
  MONTH TO DATE    3.41                      2.36   1.05     5.76
  SINCE MAR 1      4.67                      4.56   0.11     8.17
  SINCE JAN 1      6.56                      7.24  -0.68    13.45

SNOWFALL (IN)
  YESTERDAY        0.0           1.0  1905   0.0    0.0      0.0
  MONTH TO DATE    1.0                       2.2   -1.2      0.3
  SINCE MAR 1      9.2                       9.2    0.0     15.5
  SINCE JUL 1     59.2                      50.3    8.9     70.6
  SNOW DEPTH       0

DEGREE DAYS
 HEATING
  YESTERDAY        5                        16    -11       22
  MONTH TO DATE  417                       427    -10      522
  SINCE MAR 1   1565                      1390    175     1704
  SINCE JUL 1   7677                      6876    801     6862

 COOLING
  YESTERDAY        0                         0      0        0
  MONTH TO DATE    0                         0      0        0
  SINCE MAR 1      0                         0      0        0
  SINCE JAN 1      0                         0      0        0
..................................................................


WIND (MPH)
  HIGHEST WIND SPEED    23   HIGHEST WIND DIRECTION    NW (330)
  HIGHEST GUST SPEED    32   HIGHEST GUST DIRECTION    NW (330)
  AVERAGE WIND SPEED     6.1


SKY COVER
  POSSIBLE SUNSHINE  MM
  AVERAGE SKY COVER 0.6


WEATHER CONDITIONS
 THE FOLLOWING WEATHER WAS RECORDED YESTERDAY.
  THUNDERSTORM
  LIGHT RAIN
  FOG


RELATIVE HUMIDITY (PERCENT)
 HIGHEST    93          1200 AM
 LOWEST     44          1000 PM
 AVERAGE    69

..........................................................


THE MADISON WI CLIMATE NORMALS FOR TODAY
                         NORMAL    RECORD    YEAR
 MAXIMUM TEMPERATURE (F)   60        94      1980
 MINIMUM TEMPERATURE (F)   38        19      1986


SUNRISE AND SUNSET
APRIL 22 2014.........SUNRISE   604 AM CDT   SUNSET   748 PM CDT
APRIL 23 2014.........SUNRISE   603 AM CDT   SUNSET   749 PM CDT


-  INDICATES NEGATIVE NUMBERS.
R  INDICATES RECORD WAS SET OR TIED.
MM INDICATES DATA IS MISSING.
T  INDICATES TRACE AMOUNT.




$$
