000
CDUS43 KMKX 280042
CLIMSN


CLIMATE REPORT
NATIONAL WEATHER SERVICE IN MILWAUKEE
742 PM CDT WED APR 27 2016


...................................

...THE MADISON WI CLIMATE SUMMARY FOR APRIL 27 2016...
VALID TODAY AS OF 0700 PM LOCAL TIME.

CLIMATE NORMAL PERIOD 1981 TO 2010
CLIMATE RECORD PERIOD 1871 TO 2016


WEATHER ITEM   OBSERVED TIME   RECORD YEAR NORMAL DEPARTURE LAST
                VALUE   (LST)  VALUE       VALUE  FROM      YEAR
                                                  NORMAL
..................................................................
TEMPERATURE (F)
 TODAY
  MAXIMUM         54    142 PM  85    1952  62     -8       67
  MINIMUM         36    528 AM  24    1976  40     -4       31
  AVERAGE         45                        51     -6       49

PRECIPITATION (IN)
  TODAY            0.16          1.79 1956   0.12   0.04     0.00
  MONTH TO DATE    1.22                      3.05  -1.83     4.38
  SINCE MAR 1      5.18                      5.25  -0.07     5.14
  SINCE JAN 1      6.68                      7.93  -1.25     6.34

SNOWFALL (IN)
  TODAY            0.0           1.0  1988   0.0    0.0      0.0
  MONTH TO DATE    4.2                       2.5    1.7       T
  SINCE MAR 1      8.2                       9.5   -1.3      4.2
  SINCE JUL 1     32.7                      50.6  -17.9     33.7
  SNOW DEPTH       0

DEGREE DAYS
 HEATING
  TODAY           20                        14      6       16
  MONTH TO DATE  507                       518    -11      450
  SINCE MAR 1   1277                      1481   -204     1385
  SINCE JUL 1   5877                      6967  -1090     7096

 COOLING
  TODAY            0                         0      0        0
  MONTH TO DATE    0                         0      0        0
  SINCE MAR 1      0                         0      0        0
  SINCE JAN 1      0                         0      0        0
..................................................................


WIND (MPH)
  HIGHEST WIND SPEED    33   HIGHEST WIND DIRECTION    NE (60)
  HIGHEST GUST SPEED    44   HIGHEST GUST DIRECTION     E (70)
  AVERAGE WIND SPEED    15.6


SKY COVER
  POSSIBLE SUNSHINE  MM
  AVERAGE SKY COVER 0.8


WEATHER CONDITIONS
 THE FOLLOWING WEATHER WAS RECORDED TODAY.
  RAIN
  LIGHT RAIN
  FOG


RELATIVE HUMIDITY (PERCENT)
 HIGHEST    85           300 AM
 LOWEST     28           200 PM
 AVERAGE    57

..........................................................


THE MADISON WI CLIMATE NORMALS FOR TOMORROW
                         NORMAL    RECORD    YEAR
 MAXIMUM TEMPERATURE (F)   63        90      1952
 MINIMUM TEMPERATURE (F)   40        27      1988
                                             1982
                                             1966


SUNRISE AND SUNSET
APRIL 27 2016.........SUNRISE   556 AM CDT   SUNSET   755 PM CDT
APRIL 28 2016.........SUNRISE   554 AM CDT   SUNSET   756 PM CDT


-  INDICATES NEGATIVE NUMBERS.
R  INDICATES RECORD WAS SET OR TIED.
MM INDICATES DATA IS MISSING.
T  INDICATES TRACE AMOUNT.




$$
