000
CDUS43 KMKX 170644
CLIMSN


CLIMATE REPORT
NATIONAL WEATHER SERVICE IN MILWAUKEE
1243 AM CST WED DEC 17 2014


...................................

...THE MADISON WI CLIMATE SUMMARY FOR DECEMBER 16 2014...

CLIMATE NORMAL PERIOD 1981 TO 2010
CLIMATE RECORD PERIOD 1871 TO 2014


WEATHER ITEM   OBSERVED TIME   RECORD YEAR NORMAL DEPARTURE LAST
                VALUE   (LST)  VALUE       VALUE  FROM      YEAR
                                                  NORMAL
..................................................................
TEMPERATURE (F)
 YESTERDAY
  MAXIMUM         43    128 AM  57    1959  30     13       15
  MINIMUM         25   1159 PM -18    1876  16      9       -4
  AVERAGE         34                        23     11        6

PRECIPITATION (IN)
  YESTERDAY        0.10          0.55 1879   0.05   0.05     0.21
  MONTH TO DATE    0.50                      1.04  -0.54     0.74
  SINCE DEC 1      0.50                      1.04  -0.54     0.74
  SINCE JAN 1     34.78                     33.78   1.00    44.50

SNOWFALL (IN)
  YESTERDAY        T             4.4  2008   0.4   -0.4      2.7
  MONTH TO DATE    0.1                       7.0   -6.9      9.5
  SINCE DEC 1      0.1                       7.0   -6.9      9.5
  SINCE JUL 1      8.6                      11.1   -2.5     13.0
  SNOW DEPTH       0

DEGREE DAYS
 HEATING
  YESTERDAY       31                        42    -11       59
  MONTH TO DATE  567                       636    -69      748
  SINCE DEC 1    567                       636    -69      748
  SINCE JUL 1   2251                      2215     36     2267

 COOLING
  YESTERDAY        0                         0      0        0
  MONTH TO DATE    0                         0      0        0
  SINCE DEC 1      0                         0      0        0
  SINCE JAN 1    620                       568     52      709
..................................................................


WIND (MPH)
  HIGHEST WIND SPEED    20   HIGHEST WIND DIRECTION    NW (320)
  HIGHEST GUST SPEED    29   HIGHEST GUST DIRECTION    NW (320)
  AVERAGE WIND SPEED     9.9


SKY COVER
  POSSIBLE SUNSHINE  MM
  AVERAGE SKY COVER 1.0


WEATHER CONDITIONS
 THE FOLLOWING WEATHER WAS RECORDED YESTERDAY.
  LIGHT RAIN
  LIGHT SNOW
  FOG


RELATIVE HUMIDITY (PERCENT)
 HIGHEST   100          1200 AM
 LOWEST     69           600 PM
 AVERAGE    85

..........................................................


THE MADISON WI CLIMATE NORMALS FOR TODAY
                         NORMAL    RECORD    YEAR
 MAXIMUM TEMPERATURE (F)   29        54      1939
 MINIMUM TEMPERATURE (F)   15       -13      1972


SUNRISE AND SUNSET
DECEMBER 17 2014......SUNRISE   723 AM CST   SUNSET   423 PM CST
DECEMBER 18 2014......SUNRISE   724 AM CST   SUNSET   424 PM CST


-  INDICATES NEGATIVE NUMBERS.
R  INDICATES RECORD WAS SET OR TIED.
MM INDICATES DATA IS MISSING.
T  INDICATES TRACE AMOUNT.




$$
