000
CDUS43 KMKX 210659
CLIMSN


CLIMATE REPORT
NATIONAL WEATHER SERVICE IN MILWAUKEE
1258 AM CST TUE FEB 21 2017


...................................

...THE MADISON WI CLIMATE SUMMARY FOR FEBRUARY 20 2017...

CLIMATE NORMAL PERIOD 1981 TO 2010
CLIMATE RECORD PERIOD 1871 TO 2017


WEATHER ITEM   OBSERVED TIME   RECORD YEAR NORMAL DEPARTURE LAST
                VALUE   (LST)  VALUE       VALUE  FROM      YEAR
                                                  NORMAL
..................................................................
TEMPERATURE (F)
 YESTERDAY
  MAXIMUM         62R   245 PM  57    1930  33     29       49
  MINIMUM         42    643 AM -21    1929  17     25       35
  AVERAGE         52                        25     27       42

PRECIPITATION (IN)
  YESTERDAY        0.41          0.98 1953   0.05   0.36     0.00
  MONTH TO DATE    0.69                      0.97  -0.28     0.50
  SINCE DEC 1      5.48                      3.94   1.54     4.81
  SINCE JAN 1      3.45                      2.20   1.25     1.48

SNOWFALL (IN)
  YESTERDAY        0.0           4.5  1898   0.4   -0.4      0.0
  MONTH TO DATE    T                         7.8   -7.8      6.0
  SINCE DEC 1     33.8                      34.2   -0.4     20.3
  SINCE JUL 1     33.8                      38.3   -4.5     24.4
  SNOW DEPTH       0

DEGREE DAYS
 HEATING
  YESTERDAY       13                        40    -27       23
  MONTH TO DATE  694                       862   -168      836
  SINCE DEC 1   3276                      3596   -320     3147
  SINCE JUL 1   4298                      5175   -877     4338

 COOLING
  YESTERDAY        0                         0      0        0
  MONTH TO DATE    0                         0      0        0
  SINCE DEC 1      0                         0      0        0
  SINCE JAN 1      0                         0      0        0
..................................................................


WIND (MPH)
  HIGHEST WIND SPEED    24   HIGHEST WIND DIRECTION     S (160)
  HIGHEST GUST SPEED    28   HIGHEST GUST DIRECTION     S (160)
  AVERAGE WIND SPEED    10.6


SKY COVER
  POSSIBLE SUNSHINE  MM
  AVERAGE SKY COVER 0.7


WEATHER CONDITIONS
 THE FOLLOWING WEATHER WAS RECORDED YESTERDAY.
  RAIN
  LIGHT RAIN
  FOG
  HAZE


RELATIVE HUMIDITY (PERCENT)
 HIGHEST   100          1100 PM
 LOWEST     64           200 PM
 AVERAGE    82

..........................................................


THE MADISON WI CLIMATE NORMALS FOR TODAY
                         NORMAL    RECORD    YEAR
 MAXIMUM TEMPERATURE (F)   33        60      1930
 MINIMUM TEMPERATURE (F)   17       -15      2008
                                             1873


SUNRISE AND SUNSET
FEBRUARY 21 2017......SUNRISE   646 AM CST   SUNSET   537 PM CST
FEBRUARY 22 2017......SUNRISE   644 AM CST   SUNSET   538 PM CST


-  INDICATES NEGATIVE NUMBERS.
R  INDICATES RECORD WAS SET OR TIED.
MM INDICATES DATA IS MISSING.
T  INDICATES TRACE AMOUNT.




$$
