419
CDUS43 KMKX 130651
CLIMSN


CLIMATE REPORT
NATIONAL WEATHER SERVICE IN MILWAUKEE
1249 AM CST SAT FEB 13 2016


...................................

...THE MADISON WI CLIMATE SUMMARY FOR FEBRUARY 12 2016...

CLIMATE NORMAL PERIOD 1981 TO 2010
CLIMATE RECORD PERIOD 1871 TO 2016


WEATHER ITEM   OBSERVED TIME   RECORD YEAR NORMAL DEPARTURE LAST
                VALUE   (LST)  VALUE       VALUE  FROM      YEAR
                                                  NORMAL
..................................................................
TEMPERATURE (F)
 YESTERDAY
  MAXIMUM         18    158 PM  63    1882  30    -12       14
  MINIMUM          2   1159 PM -23    1899  14    -12        0
  AVERAGE         10                        22    -12        7

PRECIPITATION (IN)
  YESTERDAY        T             0.71 1938   0.05  -0.05     0.01
  MONTH TO DATE    0.40                      0.55  -0.15     0.48
  SINCE DEC 1      4.71                      3.52   1.19     2.17
  SINCE JAN 1      1.38                      1.78  -0.40     1.14

SNOWFALL (IN)
  YESTERDAY        T             4.9  1923   0.4   -0.4      0.1
  MONTH TO DATE    3.7                       4.8   -1.1      8.1
  SINCE DEC 1     18.0                      31.2  -13.2     18.4
  SINCE JUL 1     22.1                      35.3  -13.2     26.9
  SNOW DEPTH       3

DEGREE DAYS
 HEATING
  YESTERDAY       55                        43     12       58
  MONTH TO DATE  513                       530    -17      602
  SINCE DEC 1   2824                      3264   -440     3122
  SINCE JUL 1   4015                      4843   -828     4806

 COOLING
  YESTERDAY        0                         0      0        0
  MONTH TO DATE    0                         0      0        0
  SINCE DEC 1      0                         0      0        0
  SINCE JAN 1      0                         0      0        0
..................................................................


WIND (MPH)
  HIGHEST WIND SPEED    25   HIGHEST WIND DIRECTION    NW (310)
  HIGHEST GUST SPEED    36   HIGHEST GUST DIRECTION    NW (300)
  AVERAGE WIND SPEED    11.0


SKY COVER
  POSSIBLE SUNSHINE  MM
  AVERAGE SKY COVER 0.5


WEATHER CONDITIONS
 THE FOLLOWING WEATHER WAS RECORDED YESTERDAY.
  LIGHT SNOW


RELATIVE HUMIDITY (PERCENT)
 HIGHEST    73           800 AM
 LOWEST     40           300 PM
 AVERAGE    57

..........................................................


THE MADISON WI CLIMATE NORMALS FOR TODAY
                         NORMAL    RECORD    YEAR
 MAXIMUM TEMPERATURE (F)   30        51      1921
 MINIMUM TEMPERATURE (F)   14       -24      1905


SUNRISE AND SUNSET
FEBRUARY 13 2016......SUNRISE   658 AM CST   SUNSET   525 PM CST
FEBRUARY 14 2016......SUNRISE   657 AM CST   SUNSET   526 PM CST


-  INDICATES NEGATIVE NUMBERS.
R  INDICATES RECORD WAS SET OR TIED.
MM INDICATES DATA IS MISSING.
T  INDICATES TRACE AMOUNT.




$$
