000
CDUS43 KMKX 230644
CLIMSN


CLIMATE REPORT
NATIONAL WEATHER SERVICE IN MILWAUKEE
144 AM CDT WED APR 23 2014


...................................

...THE MADISON WI CLIMATE SUMMARY FOR APRIL 22 2014...

CLIMATE NORMAL PERIOD 1981 TO 2010
CLIMATE RECORD PERIOD 1871 TO 2014


WEATHER ITEM   OBSERVED TIME   RECORD YEAR NORMAL DEPARTURE LAST
                VALUE   (LST)  VALUE       VALUE  FROM      YEAR
                                                  NORMAL
..................................................................
TEMPERATURE (F)
 YESTERDAY
  MAXIMUM         59    405 PM  94    1980  60     -1       66
  MINIMUM         36   1159 PM  19    1986  38     -2       44
  AVERAGE         48                        49     -1       55

PRECIPITATION (IN)
  YESTERDAY        0.00          1.69 1999   0.12  -0.12      T
  MONTH TO DATE    3.41                      2.48   0.93     5.76
  SINCE MAR 1      4.67                      4.68  -0.01     8.17
  SINCE JAN 1      6.56                      7.36  -0.80    13.45

SNOWFALL (IN)
  YESTERDAY        0.0           2.0  1984   0.1   -0.1      0.0
  MONTH TO DATE    1.0                       2.3   -1.3      0.3
  SINCE MAR 1      9.2                       9.3   -0.1     15.5
  SINCE JUL 1     59.2                      50.4    8.8     70.6
  SNOW DEPTH       0

DEGREE DAYS
 HEATING
  YESTERDAY       17                        16      1       10
  MONTH TO DATE  434                       443     -9      532
  SINCE MAR 1   1582                      1406    176     1714
  SINCE JUL 1   7694                      6892    802     6872

 COOLING
  YESTERDAY        0                         0      0        0
  MONTH TO DATE    0                         0      0        0
  SINCE MAR 1      0                         0      0        0
  SINCE JAN 1      0                         0      0        0
..................................................................


WIND (MPH)
  HIGHEST WIND SPEED    22   HIGHEST WIND DIRECTION    NW (320)
  HIGHEST GUST SPEED    29   HIGHEST GUST DIRECTION    NW (310)
  AVERAGE WIND SPEED    11.4


SKY COVER
  POSSIBLE SUNSHINE  MM
  AVERAGE SKY COVER 0.1


WEATHER CONDITIONS
 THE FOLLOWING WEATHER WAS RECORDED YESTERDAY.
  NO SIGNIFICANT WEATHER WAS OBSERVED.


RELATIVE HUMIDITY (PERCENT)
 HIGHEST    64           500 AM
 LOWEST     24           500 PM
 AVERAGE    44

..........................................................


THE MADISON WI CLIMATE NORMALS FOR TODAY
                         NORMAL    RECORD    YEAR
 MAXIMUM TEMPERATURE (F)   61        83      1960
 MINIMUM TEMPERATURE (F)   39        19      1910


SUNRISE AND SUNSET
APRIL 23 2014.........SUNRISE   603 AM CDT   SUNSET   749 PM CDT
APRIL 24 2014.........SUNRISE   601 AM CDT   SUNSET   751 PM CDT


-  INDICATES NEGATIVE NUMBERS.
R  INDICATES RECORD WAS SET OR TIED.
MM INDICATES DATA IS MISSING.
T  INDICATES TRACE AMOUNT.




$$
