000
CDUS43 KMKX 300647
CLIMSN


CLIMATE REPORT
NATIONAL WEATHER SERVICE IN MILWAUKEE
147 AM CDT FRI SEP 30 2016


...................................

...THE MADISON WI CLIMATE SUMMARY FOR SEPTEMBER 29 2016...

CLIMATE NORMAL PERIOD 1981 TO 2010
CLIMATE RECORD PERIOD 1871 TO 2016


WEATHER ITEM   OBSERVED TIME   RECORD YEAR NORMAL DEPARTURE LAST
                VALUE   (LST)  VALUE       VALUE  FROM      YEAR
                                                  NORMAL
..................................................................
TEMPERATURE (F)
 YESTERDAY
  MAXIMUM         72    215 PM  90    1953  66      6       66
  MINIMUM         51    530 AM  25    1949  44      7       45
  AVERAGE         62                        55      7       56

PRECIPITATION (IN)
  YESTERDAY        0.00          2.03 2015   0.09  -0.09     2.03
  MONTH TO DATE    8.37                      3.05   5.32     5.99
  SINCE SEP 1      8.37                      3.05   5.32     5.99
  SINCE JAN 1     36.61                     27.87   8.74    28.78

SNOWFALL (IN)
  YESTERDAY        0.0           0.0    MM   0.0    0.0      0.0
  MONTH TO DATE    0.0                       0.0    0.0      0.0
  SINCE SEP 1      0.0                       0.0    0.0      0.0
  SINCE JUL 1      0.0                       0.0    0.0      0.0
  SNOW DEPTH       0

DEGREE DAYS
 HEATING
  YESTERDAY        3                        10     -7        9
  MONTH TO DATE   37                       162   -125       52
  SINCE SEP 1     37                       162   -125       52
  SINCE JUL 1     44                       199   -155       84

 COOLING
  YESTERDAY        0                         1     -1        0
  MONTH TO DATE   76                        53     23      136
  SINCE SEP 1     76                        53     23      136
  SINCE JAN 1    771                       566    205      665
..................................................................


WIND (MPH)
  HIGHEST WIND SPEED    25   HIGHEST WIND DIRECTION    NE (30)
  HIGHEST GUST SPEED    32   HIGHEST GUST DIRECTION    NE (50)
  AVERAGE WIND SPEED    14.3


SKY COVER
  POSSIBLE SUNSHINE  MM
  AVERAGE SKY COVER 0.3


WEATHER CONDITIONS
 THE FOLLOWING WEATHER WAS RECORDED YESTERDAY.
  NO SIGNIFICANT WEATHER WAS OBSERVED.


RELATIVE HUMIDITY (PERCENT)
 HIGHEST    96          1200 AM
 LOWEST     49           200 PM
 AVERAGE    73

..........................................................


THE MADISON WI CLIMATE NORMALS FOR TODAY
                         NORMAL    RECORD    YEAR
 MAXIMUM TEMPERATURE (F)   66        88      1971
 MINIMUM TEMPERATURE (F)   44        28      1993
                                             1883


SUNRISE AND SUNSET
SEPTEMBER 30 2016.....SUNRISE   654 AM CDT   SUNSET   639 PM CDT
OCTOBER  1 2016.......SUNRISE   655 AM CDT   SUNSET   638 PM CDT


-  INDICATES NEGATIVE NUMBERS.
R  INDICATES RECORD WAS SET OR TIED.
MM INDICATES DATA IS MISSING.
T  INDICATES TRACE AMOUNT.




$$
