000
CDUS43 KMKX 280655
CLIMSN


CLIMATE REPORT
NATIONAL WEATHER SERVICE IN MILWAUKEE
154 AM CDT FRI APR 28 2017


...................................

...THE MADISON WI CLIMATE SUMMARY FOR APRIL 27 2017...

CLIMATE NORMAL PERIOD 1981 TO 2010
CLIMATE RECORD PERIOD 1871 TO 2017


WEATHER ITEM   OBSERVED TIME   RECORD YEAR NORMAL DEPARTURE LAST
                VALUE   (LST)  VALUE       VALUE  FROM      YEAR
                                                  NORMAL
..................................................................
TEMPERATURE (F)
 YESTERDAY
  MAXIMUM         47   1204 AM  85    1952  62    -15       54
  MINIMUM         35    910 AM  24    1976  40     -5       36
  AVERAGE         41                        51    -10       45

PRECIPITATION (IN)
  YESTERDAY        0.87          1.79 1956   0.12   0.75     0.16
  MONTH TO DATE    4.63                      3.05   1.58     1.22
  SINCE MAR 1      7.46                      5.25   2.21     5.18
  SINCE JAN 1     12.16                      7.93   4.23     6.68

SNOWFALL (IN)
  YESTERDAY        T             1.0  1988   0.0    0.0      0.0
  MONTH TO DATE    T                         2.5   -2.5      4.2
  SINCE MAR 1      8.3                       9.5   -1.2      8.2
  SINCE JUL 1     44.0                      50.6   -6.6     32.7
  SNOW DEPTH       0

DEGREE DAYS
 HEATING
  YESTERDAY       24                        14     10       20
  MONTH TO DATE  372                       518   -146      507
  SINCE MAR 1   1321                      1481   -160     1277
  SINCE JUL 1   5833                      6967  -1134     5877

 COOLING
  YESTERDAY        0                         0      0        0
  MONTH TO DATE    0                         0      0        0
  SINCE MAR 1      0                         0      0        0
  SINCE JAN 1      0                         0      0        0
..................................................................


WIND (MPH)
  HIGHEST WIND SPEED    16   HIGHEST WIND DIRECTION     W (290)
  HIGHEST GUST SPEED    24   HIGHEST GUST DIRECTION    SW (240)
  AVERAGE WIND SPEED     8.1


SKY COVER
  POSSIBLE SUNSHINE  MM
  AVERAGE SKY COVER 1.0


WEATHER CONDITIONS
 THE FOLLOWING WEATHER WAS RECORDED YESTERDAY.
  RAIN
  LIGHT RAIN
  SNOW
  FOG


RELATIVE HUMIDITY (PERCENT)
 HIGHEST   100           100 AM
 LOWEST     64          1100 PM
 AVERAGE    82

..........................................................


THE MADISON WI CLIMATE NORMALS FOR TODAY
                         NORMAL    RECORD    YEAR
 MAXIMUM TEMPERATURE (F)   63        90      1952
 MINIMUM TEMPERATURE (F)   40        27      1988
                                             1982
                                             1966


SUNRISE AND SUNSET
APRIL 28 2017.........SUNRISE   555 AM CDT   SUNSET   755 PM CDT
APRIL 29 2017.........SUNRISE   553 AM CDT   SUNSET   757 PM CDT


-  INDICATES NEGATIVE NUMBERS.
R  INDICATES RECORD WAS SET OR TIED.
MM INDICATES DATA IS MISSING.
T  INDICATES TRACE AMOUNT.




$$
