000
CDUS43 KMKX 280718
CLIMSN


CLIMATE REPORT
NATIONAL WEATHER SERVICE IN MILWAUKEE
216 AM CDT THU MAY 28 2015


...................................

...THE MADISON WI CLIMATE SUMMARY FOR MAY 27 2015...

CLIMATE NORMAL PERIOD 1981 TO 2010
CLIMATE RECORD PERIOD 1871 TO 2015


WEATHER ITEM   OBSERVED TIME   RECORD YEAR NORMAL DEPARTURE LAST
                VALUE   (LST)  VALUE       VALUE  FROM      YEAR
                                                  NORMAL
..................................................................
TEMPERATURE (F)
 YESTERDAY
  MAXIMUM         77    448 PM  94    2012  72      5       85
  MINIMUM         60    207 AM  31    1971  50     10       61
  AVERAGE         69                        61      8       73

PRECIPITATION (IN)
  YESTERDAY        T             1.46 2014   0.13  -0.13     1.46
  MONTH TO DATE    3.78                      3.04   0.74     3.47
  SINCE MAR 1      8.92                      8.64   0.28     9.86
  SINCE JAN 1     10.12                     11.32  -1.20    11.75

SNOWFALL (IN)
  YESTERDAY        0.0           0.0    MM   0.0    0.0      0.0
  MONTH TO DATE    0.0                       0.2   -0.2      0.0
  SINCE MAR 1      4.2                       9.8   -5.6      9.2
  SINCE JUL 1     33.7                      50.9  -17.2     59.2
  SNOW DEPTH       0

DEGREE DAYS
 HEATING
  YESTERDAY        0                         6     -6        0
  MONTH TO DATE  167                       246    -79      207
  SINCE MAR 1   1596                      1767   -171     1935
  SINCE JUL 1   7307                      7253     54     8047

 COOLING
  YESTERDAY        4                         1      3        8
  MONTH TO DATE   40                        17     23       41
  SINCE MAR 1     40                        21     19       41
  SINCE JAN 1     40                        21     19       41
..................................................................


WIND (MPH)
  HIGHEST WIND SPEED    14   HIGHEST WIND DIRECTION     N (20)
  HIGHEST GUST SPEED    25   HIGHEST GUST DIRECTION     W (280)
  AVERAGE WIND SPEED     5.5


SKY COVER
  POSSIBLE SUNSHINE  MM
  AVERAGE SKY COVER 0.4


WEATHER CONDITIONS
 THE FOLLOWING WEATHER WAS RECORDED YESTERDAY.
  LIGHT RAIN
  FOG
  HAZE


RELATIVE HUMIDITY (PERCENT)
 HIGHEST    90           100 AM
 LOWEST     46           300 PM
 AVERAGE    68

..........................................................


THE MADISON WI CLIMATE NORMALS FOR TODAY
                         NORMAL    RECORD    YEAR
 MAXIMUM TEMPERATURE (F)   72        92      1991
 MINIMUM TEMPERATURE (F)   50        34      1965
                                             1949


SUNRISE AND SUNSET
MAY 28 2015...........SUNRISE   523 AM CDT   SUNSET   827 PM CDT
MAY 29 2015...........SUNRISE   522 AM CDT   SUNSET   828 PM CDT


-  INDICATES NEGATIVE NUMBERS.
R  INDICATES RECORD WAS SET OR TIED.
MM INDICATES DATA IS MISSING.
T  INDICATES TRACE AMOUNT.




$$
