000
CDUS43 KMKX 060658
CLIMSN


CLIMATE REPORT
NATIONAL WEATHER SERVICE IN MILWAUKEE
1257 AM CST TUE DEC 6 2016


...................................

...THE MADISON WI CLIMATE SUMMARY FOR DECEMBER 5 2016...

CLIMATE NORMAL PERIOD 1981 TO 2010
CLIMATE RECORD PERIOD 1871 TO 2016


WEATHER ITEM   OBSERVED TIME   RECORD YEAR NORMAL DEPARTURE LAST
                VALUE   (LST)  VALUE       VALUE  FROM      YEAR
                                                  NORMAL
..................................................................
TEMPERATURE (F)
 YESTERDAY
  MAXIMUM         34    148 AM  64    2001  34      0       44
  MINIMUM         31   1159 PM -15    1871  19     12       31
  AVERAGE         33                        27      6       38

PRECIPITATION (IN)
  YESTERDAY        0.00          1.16 1982   0.07  -0.07     0.00
  MONTH TO DATE    0.46                      0.36   0.10     0.16
  SINCE DEC 1      0.46                      0.36   0.10     0.16
  SINCE JAN 1     43.99                     33.10  10.89    36.42

SNOWFALL (IN)
  YESTERDAY        0.0           4.8  1936   0.4   -0.4      0.0
  MONTH TO DATE    5.7                       2.0    3.7      1.0
  SINCE DEC 1      5.7                       2.0    3.7      1.0
  SINCE JUL 1      5.7                       6.1   -0.4      5.1
  SNOW DEPTH       4

DEGREE DAYS
 HEATING
  YESTERDAY       32                        38     -6       27
  MONTH TO DATE  158                       188    -30      145
  SINCE DEC 1    158                       188    -30      145
  SINCE JUL 1   1180                      1767   -587     1336

 COOLING
  YESTERDAY        0                         0      0        0
  MONTH TO DATE    0                         0      0        0
  SINCE DEC 1      0                         0      0        0
  SINCE JAN 1    780                       568    212      666
..................................................................


WIND (MPH)
  HIGHEST WIND SPEED    17   HIGHEST WIND DIRECTION    SE (150)
  HIGHEST GUST SPEED    22   HIGHEST GUST DIRECTION     S (180)
  AVERAGE WIND SPEED     9.8


SKY COVER
  POSSIBLE SUNSHINE  MM
  AVERAGE SKY COVER 1.0


WEATHER CONDITIONS
 THE FOLLOWING WEATHER WAS RECORDED YESTERDAY.
  FOG


RELATIVE HUMIDITY (PERCENT)
 HIGHEST   100          1000 PM
 LOWEST     89          1200 AM
 AVERAGE    95

..........................................................


THE MADISON WI CLIMATE NORMALS FOR TODAY
                         NORMAL    RECORD    YEAR
 MAXIMUM TEMPERATURE (F)   33        56      1998
 MINIMUM TEMPERATURE (F)   19       -11      1972


SUNRISE AND SUNSET
DECEMBER  6 2016......SUNRISE   715 AM CST   SUNSET   422 PM CST
DECEMBER  7 2016......SUNRISE   716 AM CST   SUNSET   422 PM CST


-  INDICATES NEGATIVE NUMBERS.
R  INDICATES RECORD WAS SET OR TIED.
MM INDICATES DATA IS MISSING.
T  INDICATES TRACE AMOUNT.




$$
