000
CDUS43 KMKX 170704
CLIMSN


CLIMATE REPORT
NATIONAL WEATHER SERVICE IN MILWAUKEE
202 AM CDT THU AUG 17 2017


...................................

...THE MADISON WI CLIMATE SUMMARY FOR AUGUST 16 2017...

CLIMATE NORMAL PERIOD 1981 TO 2010
CLIMATE RECORD PERIOD 1871 TO 2017


WEATHER ITEM   OBSERVED TIME   RECORD YEAR NORMAL DEPARTURE LAST
                VALUE   (LST)  VALUE       VALUE  FROM      YEAR
                                                  NORMAL
..................................................................
TEMPERATURE (F)
 YESTERDAY
  MAXIMUM         85    237 PM 102    1988  80      5       85
  MINIMUM         55    605 PM  38    1979  59     -4       63
  AVERAGE         70                        70      0       74

PRECIPITATION (IN)
  YESTERDAY        1.68          3.25 1886   0.15   1.53     0.00
  MONTH TO DATE    3.18                      2.25   0.93     2.78
  SINCE JUN 1     16.43                     10.97   5.46    13.36
  SINCE JAN 1     32.09                     22.80   9.29    23.15

SNOWFALL (IN)
  YESTERDAY        0.0           0.0    MM   0.0    0.0      0.0
  MONTH TO DATE    0.0                       0.0    0.0      0.0
  SINCE JUN 1      0.0                       0.0    0.0      0.0
  SINCE JUL 1      0.0                       0.0    0.0      0.0
  SNOW DEPTH       0

DEGREE DAYS
 HEATING
  YESTERDAY        0                         1     -1        0
  MONTH TO DATE    6                        13     -7        0
  SINCE JUN 1     36                        83    -47       18
  SINCE JUL 1      6                        23    -17        4

 COOLING
  YESTERDAY        5                         5      0        9
  MONTH TO DATE   45                        92    -47      150
  SINCE JUN 1    404                       418    -14      554
  SINCE JAN 1    419                       448    -29      606
..................................................................


WIND (MPH)
  HIGHEST WIND SPEED    26   HIGHEST WIND DIRECTION    SE (130)
  HIGHEST GUST SPEED    35   HIGHEST GUST DIRECTION    SE (130)
  AVERAGE WIND SPEED     8.8


SKY COVER
  POSSIBLE SUNSHINE  MM
  AVERAGE SKY COVER 0.7


WEATHER CONDITIONS
 THE FOLLOWING WEATHER WAS RECORDED YESTERDAY.
  THUNDERSTORM
  HEAVY RAIN
  RAIN
  LIGHT RAIN
  FOG


RELATIVE HUMIDITY (PERCENT)
 HIGHEST   100          1000 PM
 LOWEST     62          1100 AM
 AVERAGE    81

..........................................................


THE MADISON WI CLIMATE NORMALS FOR TODAY
                         NORMAL    RECORD    YEAR
 MAXIMUM TEMPERATURE (F)   80       102      1988
 MINIMUM TEMPERATURE (F)   59        45      1981


SUNRISE AND SUNSET
AUGUST 17 2017........SUNRISE   605 AM CDT   SUNSET   756 PM CDT
AUGUST 18 2017........SUNRISE   607 AM CDT   SUNSET   755 PM CDT


-  INDICATES NEGATIVE NUMBERS.
R  INDICATES RECORD WAS SET OR TIED.
MM INDICATES DATA IS MISSING.
T  INDICATES TRACE AMOUNT.




$$
