000
CDUS43 KMKX 070647
CLIMSN


CLIMATE REPORT
NATIONAL WEATHER SERVICE IN MILWAUKEE
1247 AM CST SUN FEB 7 2016


...................................

...THE MADISON WI CLIMATE SUMMARY FOR FEBRUARY 6 2016...

CLIMATE NORMAL PERIOD 1981 TO 2010
CLIMATE RECORD PERIOD 1871 TO 2016


WEATHER ITEM   OBSERVED TIME   RECORD YEAR NORMAL DEPARTURE LAST
                VALUE   (LST)  VALUE       VALUE  FROM      YEAR
                                                  NORMAL
..................................................................
TEMPERATURE (F)
 YESTERDAY
  MAXIMUM         32   1159 PM  54    1882  29      3       27
  MINIMUM         26    648 AM -19    1977  13     13       10
  AVERAGE         29                        21      8       19

PRECIPITATION (IN)
  YESTERDAY        0.00          0.94 1904   0.05  -0.05     0.00
  MONTH TO DATE    0.38                      0.26   0.12     0.46
  SINCE DEC 1      4.69                      3.23   1.46     2.15
  SINCE JAN 1      1.36                      1.49  -0.13     1.12

SNOWFALL (IN)
  YESTERDAY        0.0          11.9  2008   0.4   -0.4      0.0
  MONTH TO DATE    3.1                       2.5    0.6      7.9
  SINCE DEC 1     17.4                      28.9  -11.5     18.2
  SINCE JUL 1     21.5                      33.0  -11.5     26.7
  SNOW DEPTH       3

DEGREE DAYS
 HEATING
  YESTERDAY       36                        44     -8       46
  MONTH TO DATE  226                       269    -43      327
  SINCE DEC 1   2537                      3003   -466     2847
  SINCE JUL 1   3728                      4582   -854     4531

 COOLING
  YESTERDAY        0                         0      0        0
  MONTH TO DATE    0                         0      0        0
  SINCE DEC 1      0                         0      0        0
  SINCE JAN 1      0                         0      0        0
..................................................................


WIND (MPH)
  HIGHEST WIND SPEED    13   HIGHEST WIND DIRECTION    SW (230)
  HIGHEST GUST SPEED    22   HIGHEST GUST DIRECTION    SW (230)
  AVERAGE WIND SPEED     6.8


SKY COVER
  POSSIBLE SUNSHINE  MM
  AVERAGE SKY COVER 0.9


WEATHER CONDITIONS
 THE FOLLOWING WEATHER WAS RECORDED YESTERDAY.
  NO SIGNIFICANT WEATHER WAS OBSERVED.


RELATIVE HUMIDITY (PERCENT)
 HIGHEST    85           700 PM
 LOWEST     68          1200 AM
 AVERAGE    77

..........................................................


THE MADISON WI CLIMATE NORMALS FOR TODAY
                         NORMAL    RECORD    YEAR
 MAXIMUM TEMPERATURE (F)   29        50      1987
 MINIMUM TEMPERATURE (F)   13       -21      1875


SUNRISE AND SUNSET
FEBRUARY  7 2016......SUNRISE   706 AM CST   SUNSET   517 PM CST
FEBRUARY  8 2016......SUNRISE   705 AM CST   SUNSET   518 PM CST


-  INDICATES NEGATIVE NUMBERS.
R  INDICATES RECORD WAS SET OR TIED.
MM INDICATES DATA IS MISSING.
T  INDICATES TRACE AMOUNT.




$$
