000
CDUS43 KMKX 312148
CLIMSN


CLIMATE REPORT
NATIONAL WEATHER SERVICE IN MILWAUKEE
448 PM CDT TUE MAY 31 2016


...................................

...THE MADISON WI CLIMATE SUMMARY FOR MAY 31 2016...
VALID TODAY AS OF 0400 PM LOCAL TIME.

CLIMATE NORMAL PERIOD 1981 TO 2010
CLIMATE RECORD PERIOD 1871 TO 2016


WEATHER ITEM   OBSERVED TIME   RECORD YEAR NORMAL DEPARTURE LAST
                VALUE   (LST)  VALUE       VALUE  FROM      YEAR
                                                  NORMAL
..................................................................
TEMPERATURE (F)
 TODAY
  MAXIMUM         78    926 AM 101    1934  73      5       63
  MINIMUM         63    513 AM  32    1966  51     12       38
  AVERAGE         71                        62      9       51

PRECIPITATION (IN)
  TODAY            0.07          2.33 2000   0.13  -0.06     0.00
  MONTH TO DATE    2.22                      3.55  -1.33     4.18
  SINCE MAR 1      8.29                      9.15  -0.86     9.32
  SINCE JAN 1      9.79                     11.83  -2.04    10.52

SNOWFALL (IN)
  TODAY            0.0           T    1889   0.0    0.0      0.0
  MONTH TO DATE    0.0                       0.2   -0.2      0.0
  SINCE MAR 1      8.2                       9.8   -1.6      4.2
  SINCE JUL 1     32.7                      50.9  -18.2     33.7
  SNOW DEPTH       0

DEGREE DAYS
 HEATING
  TODAY            0                         5     -5       14
  MONTH TO DATE  246                       266    -20      190
  SINCE MAR 1   1584                      1787   -203     1619
  SINCE JUL 1   6184                      7273  -1089     7330

 COOLING
  TODAY            6                         2      4        0
  MONTH TO DATE   52                        26     26       50
  SINCE MAR 1     52                        30     22       50
  SINCE JAN 1     52                        30     22       50
..................................................................


WIND (MPH)
  HIGHEST WIND SPEED    20   HIGHEST WIND DIRECTION    SE (130)
  HIGHEST GUST SPEED    24   HIGHEST GUST DIRECTION    SE (150)
  AVERAGE WIND SPEED     9.0


SKY COVER
  POSSIBLE SUNSHINE  MM
  AVERAGE SKY COVER 0.8


WEATHER CONDITIONS
 THE FOLLOWING WEATHER WAS RECORDED TODAY.
  LIGHT RAIN
  FOG


RELATIVE HUMIDITY (PERCENT)
 HIGHEST    90           400 AM
 LOWEST     43          1000 AM
 AVERAGE    67

..........................................................


THE MADISON WI CLIMATE NORMALS FOR TOMORROW
                         NORMAL    RECORD    YEAR
 MAXIMUM TEMPERATURE (F)   74       100      1934
 MINIMUM TEMPERATURE (F)   51        34      1966


SUNRISE AND SUNSET
MAY 31 2016...........SUNRISE   521 AM CDT   SUNSET   830 PM CDT
JUNE  1 2016..........SUNRISE   520 AM CDT   SUNSET   831 PM CDT


-  INDICATES NEGATIVE NUMBERS.
R  INDICATES RECORD WAS SET OR TIED.
MM INDICATES DATA IS MISSING.
T  INDICATES TRACE AMOUNT.




$$
