000
CDUS43 KMKX 200654
CLIMSN


CLIMATE REPORT
NATIONAL WEATHER SERVICE IN MILWAUKEE
1253 AM CST MON NOV 20 2017


...................................

...THE MADISON WI CLIMATE SUMMARY FOR NOVEMBER 19 2017...

CLIMATE NORMAL PERIOD 1981 TO 2010
CLIMATE RECORD PERIOD 1871 TO 2017


WEATHER ITEM   OBSERVED TIME   RECORD YEAR NORMAL DEPARTURE LAST
                VALUE   (LST)  VALUE       VALUE  FROM      YEAR
                                                  NORMAL
..................................................................
TEMPERATURE (F)
 YESTERDAY
  MAXIMUM         34    255 PM  70    1930  42     -8       35
  MINIMUM         22    835 AM   3    1914  27     -5       24
  AVERAGE         28                        34     -6       30

PRECIPITATION (IN)
  YESTERDAY        0.00          1.38 1934   0.08  -0.08      T
  MONTH TO DATE    0.68                      1.53  -0.85     0.25
  SINCE SEP 1      4.79                      7.06  -2.27    13.67
  SINCE JAN 1     37.55                     31.88   5.67    41.91

SNOWFALL (IN)
  YESTERDAY        0.0           3.2  1921   0.2   -0.2       T
  MONTH TO DATE    0.3                       1.4   -1.1       T
  SINCE SEP 1      0.3                       1.9   -1.6       T
  SINCE JUL 1      0.3                       1.9   -1.6       T
  SNOW DEPTH       0

DEGREE DAYS
 HEATING
  YESTERDAY       37                        31      6       35
  MONTH TO DATE  576                       495     81      312
  SINCE SEP 1   1036                      1171   -135      701
  SINCE JUL 1   1061                      1208   -147      708

 COOLING
  YESTERDAY        0                         0      0        0
  MONTH TO DATE    0                         0      0        0
  SINCE SEP 1    120                        55     65       85
  SINCE JAN 1    580                       568     12      780
..................................................................


WIND (MPH)
  HIGHEST WIND SPEED    16   HIGHEST WIND DIRECTION    NW (320)
  HIGHEST GUST SPEED    28   HIGHEST GUST DIRECTION     N (350)
  AVERAGE WIND SPEED     9.5


SKY COVER
  POSSIBLE SUNSHINE  MM
  AVERAGE SKY COVER 0.4


WEATHER CONDITIONS
 THE FOLLOWING WEATHER WAS RECORDED YESTERDAY.
  NO SIGNIFICANT WEATHER WAS OBSERVED.


RELATIVE HUMIDITY (PERCENT)
 HIGHEST    77           700 AM
 LOWEST     45           200 PM
 AVERAGE    61

..........................................................


THE MADISON WI CLIMATE NORMALS FOR TODAY
                         NORMAL    RECORD    YEAR
 MAXIMUM TEMPERATURE (F)   42        65      2003
 MINIMUM TEMPERATURE (F)   26         5      1914


SUNRISE AND SUNSET
NOVEMBER 20 2017......SUNRISE   657 AM CST   SUNSET   429 PM CST
NOVEMBER 21 2017......SUNRISE   658 AM CST   SUNSET   428 PM CST


-  INDICATES NEGATIVE NUMBERS.
R  INDICATES RECORD WAS SET OR TIED.
MM INDICATES DATA IS MISSING.
T  INDICATES TRACE AMOUNT.




$$
