528
CDUS43 KMKX 280700
CLIMSN


CLIMATE REPORT
NATIONAL WEATHER SERVICE IN MILWAUKEE
1259 AM CST TUE FEB 28 2017


...................................

...THE MADISON WI CLIMATE SUMMARY FOR FEBRUARY 27 2017...

CLIMATE NORMAL PERIOD 1981 TO 2010
CLIMATE RECORD PERIOD 1871 TO 2017


WEATHER ITEM   OBSERVED TIME   RECORD YEAR NORMAL DEPARTURE LAST
                VALUE   (LST)  VALUE       VALUE  FROM      YEAR
                                                  NORMAL
..................................................................
TEMPERATURE (F)
 YESTERDAY
  MAXIMUM         49    352 PM  58    1976  35     14       57
  MINIMUM         21    546 AM -13    1994  19      2       30
  AVERAGE         35                        27      8       44

PRECIPITATION (IN)
  YESTERDAY        0.00          1.61 1948   0.06  -0.06     0.00
  MONTH TO DATE    1.44                      1.39   0.05     0.50
  SINCE DEC 1      6.23                      4.36   1.87     4.81
  SINCE JAN 1      4.20                      2.62   1.58     1.48

SNOWFALL (IN)
  YESTERDAY        0.0           7.1  1890   0.3   -0.3      0.0
  MONTH TO DATE    1.9                      10.3   -8.4      6.0
  SINCE DEC 1     35.7                      36.7   -1.0     20.3
  SINCE JUL 1     35.7                      40.8   -5.1     24.4
  SNOW DEPTH       0

DEGREE DAYS
 HEATING
  YESTERDAY       30                        38     -8       21
  MONTH TO DATE  888                      1135   -247     1049
  SINCE DEC 1   3470                      3869   -399     3360
  SINCE JUL 1   4492                      5448   -956     4551

 COOLING
  YESTERDAY        0                         0      0        0
  MONTH TO DATE    0                         0      0        0
  SINCE DEC 1      0                         0      0        0
  SINCE JAN 1      0                         0      0        0
..................................................................


WIND (MPH)
  HIGHEST WIND SPEED    16   HIGHEST WIND DIRECTION     S (180)
  HIGHEST GUST SPEED    27   HIGHEST GUST DIRECTION     E (80)
  AVERAGE WIND SPEED     5.8


SKY COVER
  POSSIBLE SUNSHINE  MM
  AVERAGE SKY COVER 0.5


WEATHER CONDITIONS
 THE FOLLOWING WEATHER WAS RECORDED YESTERDAY.
  NO SIGNIFICANT WEATHER WAS OBSERVED.


RELATIVE HUMIDITY (PERCENT)
 HIGHEST    92           500 AM
 LOWEST     46           300 PM
 AVERAGE    69

..........................................................


THE MADISON WI CLIMATE NORMALS FOR TODAY
                         NORMAL    RECORD    YEAR
 MAXIMUM TEMPERATURE (F)   36        58      2016
 MINIMUM TEMPERATURE (F)   19       -20      1962


SUNRISE AND SUNSET
FEBRUARY 28 2017......SUNRISE   635 AM CST   SUNSET   546 PM CST
MARCH  1 2017.........SUNRISE   633 AM CST   SUNSET   547 PM CST


-  INDICATES NEGATIVE NUMBERS.
R  INDICATES RECORD WAS SET OR TIED.
MM INDICATES DATA IS MISSING.
T  INDICATES TRACE AMOUNT.




$$
