000
CDUS43 KMKX 020644
CLIMSN


CLIMATE REPORT
NATIONAL WEATHER SERVICE IN MILWAUKEE
143 AM CDT WED SEP 2 2015


...................................

...THE MADISON WI CLIMATE SUMMARY FOR SEPTEMBER 1 2015...

CLIMATE NORMAL PERIOD 1981 TO 2010
CLIMATE RECORD PERIOD 1871 TO 2015


WEATHER ITEM   OBSERVED TIME   RECORD YEAR NORMAL DEPARTURE LAST
                VALUE   (LST)  VALUE       VALUE  FROM      YEAR
                                                  NORMAL
..................................................................
TEMPERATURE (F)
 YESTERDAY
  MAXIMUM         88    305 PM  99    1953  77     11       78
  MINIMUM         69    339 AM  36    1967  56     13       63
  AVERAGE         79                        66     13       71

PRECIPITATION (IN)
  YESTERDAY        0.00          3.04 1937   0.12  -0.12     0.07
  MONTH TO DATE    0.00                      0.12  -0.12     0.07
  SINCE SEP 1      0.00                      0.12  -0.12     0.07
  SINCE JAN 1     22.79                     24.94  -2.15    27.88

SNOWFALL (IN)
  YESTERDAY        0.0           0.0    MM   0.0    0.0      0.0
  MONTH TO DATE    0.0                       0.0    0.0      0.0
  SINCE SEP 1      0.0                       0.0    0.0      0.0
  SINCE JUL 1      0.0                       0.0    0.0      0.0
  SNOW DEPTH       0

DEGREE DAYS
 HEATING
  YESTERDAY        0                         2     -2        0
  MONTH TO DATE    0                         2     -2        0
  SINCE SEP 1      0                         2     -2        0
  SINCE JUL 1     32                        39     -7       17

 COOLING
  YESTERDAY       14                         3     11        6
  MONTH TO DATE   14                         3     11        6
  SINCE SEP 1     14                         3     11        6
  SINCE JAN 1    543                       516     27      582
..................................................................


WIND (MPH)
  HIGHEST WIND SPEED    16   HIGHEST WIND DIRECTION     S (190)
  HIGHEST GUST SPEED    21   HIGHEST GUST DIRECTION     S (190)
  AVERAGE WIND SPEED     6.0


SKY COVER
  POSSIBLE SUNSHINE  MM
  AVERAGE SKY COVER 0.2


WEATHER CONDITIONS
 THE FOLLOWING WEATHER WAS RECORDED YESTERDAY.
  FOG
  HAZE


RELATIVE HUMIDITY (PERCENT)
 HIGHEST    97           600 AM
 LOWEST     55          1200 PM
 AVERAGE    76

..........................................................


THE MADISON WI CLIMATE NORMALS FOR TODAY
                         NORMAL    RECORD    YEAR
 MAXIMUM TEMPERATURE (F)   77        98      1953
 MINIMUM TEMPERATURE (F)   56        37      1976


SUNRISE AND SUNSET
SEPTEMBER  2 2015.....SUNRISE   622 AM CDT   SUNSET   731 PM CDT
SEPTEMBER  3 2015.....SUNRISE   623 AM CDT   SUNSET   729 PM CDT


-  INDICATES NEGATIVE NUMBERS.
R  INDICATES RECORD WAS SET OR TIED.
MM INDICATES DATA IS MISSING.
T  INDICATES TRACE AMOUNT.




$$
