000
CDUS43 KMKX 290706
CLIMSN


CLIMATE REPORT
NATIONAL WEATHER SERVICE IN MILWAUKEE
204 AM CDT FRI AUG 29 2014


...................................

...THE MADISON WI CLIMATE SUMMARY FOR AUGUST 28 2014...

CLIMATE NORMAL PERIOD 1981 TO 2010
CLIMATE RECORD PERIOD 1871 TO 2014


WEATHER ITEM   OBSERVED TIME   RECORD YEAR NORMAL DEPARTURE LAST
                VALUE   (LST)  VALUE       VALUE  FROM      YEAR
                                                  NORMAL
..................................................................
TEMPERATURE (F)
 YESTERDAY
  MAXIMUM         75   1238 PM  95    1955  78     -3       84
  MINIMUM         56    527 AM  38    1982  57     -1       68
                                      1968
  AVERAGE         66                        68     -2       76

PRECIPITATION (IN)
  YESTERDAY        T             3.00 1869   0.13  -0.13     0.00
  MONTH TO DATE    5.22                      3.87   1.35     1.53
  SINCE JUN 1     15.85                     12.59   3.26    16.39
  SINCE JAN 1     27.60                     24.42   3.18    36.48

SNOWFALL (IN)
  YESTERDAY        0.0           0.0    MM   0.0    0.0      0.0
  MONTH TO DATE    0.0                       0.0    0.0      0.0
  SINCE JUN 1      0.0                       0.0    0.0      0.0
  SINCE JUL 1      0.0                       0.0    0.0      0.0
  SNOW DEPTH       0

DEGREE DAYS
 HEATING
  YESTERDAY        0                         1     -1        0
  MONTH TO DATE    4                        25    -21       12
  SINCE JUN 1     26                        95    -69       82
  SINCE JUL 1     17                        35    -18       30

 COOLING
  YESTERDAY        1                         4     -3       11
  MONTH TO DATE  174                       147     27      160
  SINCE JUN 1    499                       473     26      528
  SINCE JAN 1    550                       503     47      581
..................................................................


WIND (MPH)
  HIGHEST WIND SPEED    18   HIGHEST WIND DIRECTION    SE (120)
  HIGHEST GUST SPEED    23   HIGHEST GUST DIRECTION    SE (150)
  AVERAGE WIND SPEED     7.9


SKY COVER
  POSSIBLE SUNSHINE  MM
  AVERAGE SKY COVER 0.6


WEATHER CONDITIONS
 THE FOLLOWING WEATHER WAS RECORDED YESTERDAY.
  LIGHT RAIN
  FOG
  FOG W/VISIBILITY <= 1/4 MILE


RELATIVE HUMIDITY (PERCENT)
 HIGHEST    93           300 AM
 LOWEST     57          1000 AM
 AVERAGE    75

..........................................................


THE MADISON WI CLIMATE NORMALS FOR TODAY
                         NORMAL    RECORD    YEAR
 MAXIMUM TEMPERATURE (F)   78        94      1953
                                             1948
                                             1881
 MINIMUM TEMPERATURE (F)   57        35      1965


SUNRISE AND SUNSET
AUGUST 29 2014........SUNRISE   618 AM CDT   SUNSET   737 PM CDT
AUGUST 30 2014........SUNRISE   619 AM CDT   SUNSET   736 PM CDT


-  INDICATES NEGATIVE NUMBERS.
R  INDICATES RECORD WAS SET OR TIED.
MM INDICATES DATA IS MISSING.
T  INDICATES TRACE AMOUNT.




$$
