000
CDUS43 KMKX 080042
CLIMSN


CLIMATE REPORT
NATIONAL WEATHER SERVICE IN MILWAUKEE
641 PM CST SUN FEB 7 2016


...................................

...THE MADISON WI CLIMATE SUMMARY FOR FEBRUARY 7 2016...
VALID TODAY AS OF 0600 PM LOCAL TIME.

CLIMATE NORMAL PERIOD 1981 TO 2010
CLIMATE RECORD PERIOD 1871 TO 2016


WEATHER ITEM   OBSERVED TIME   RECORD YEAR NORMAL DEPARTURE LAST
                VALUE   (LST)  VALUE       VALUE  FROM      YEAR
                                                  NORMAL
..................................................................
TEMPERATURE (F)
 TODAY
  MAXIMUM         41    420 PM  50    1987  29     12       38
  MINIMUM         32    143 AM -21    1875  13     19       12
  AVERAGE         37                        21     16       25

PRECIPITATION (IN)
  TODAY            0.00          0.63 1892   0.04  -0.04     0.00
  MONTH TO DATE    0.38                      0.30   0.08     0.46
  SINCE DEC 1      4.69                      3.27   1.42     2.15
  SINCE JAN 1      1.36                      1.53  -0.17     1.12

SNOWFALL (IN)
  TODAY            0.0           6.2  1892   0.4   -0.4      0.0
  MONTH TO DATE    3.1                       2.9    0.2      7.9
  SINCE DEC 1     17.4                      29.3  -11.9     18.2
  SINCE JUL 1     21.5                      33.4  -11.9     26.7
  SNOW DEPTH       3

DEGREE DAYS
 HEATING
  TODAY           28                        44    -16       40
  MONTH TO DATE  254                       313    -59      367
  SINCE DEC 1   2565                      3047   -482     2887
  SINCE JUL 1   3756                      4626   -870     4571

 COOLING
  TODAY            0                         0      0        0
  MONTH TO DATE    0                         0      0        0
  SINCE DEC 1      0                         0      0        0
  SINCE JAN 1      0                         0      0        0
..................................................................


WIND (MPH)
  HIGHEST WIND SPEED    15   HIGHEST WIND DIRECTION     S (200)
  HIGHEST GUST SPEED    24   HIGHEST GUST DIRECTION    SW (210)
  AVERAGE WIND SPEED     9.0


SKY COVER
  POSSIBLE SUNSHINE  MM
  AVERAGE SKY COVER 0.6


WEATHER CONDITIONS
 THE FOLLOWING WEATHER WAS RECORDED TODAY.
  NO SIGNIFICANT WEATHER WAS OBSERVED.


RELATIVE HUMIDITY (PERCENT)
 HIGHEST    85          1200 AM
 LOWEST     59           300 PM
 AVERAGE    72

..........................................................


THE MADISON WI CLIMATE NORMALS FOR TOMORROW
                         NORMAL    RECORD    YEAR
 MAXIMUM TEMPERATURE (F)   29        55      1925
 MINIMUM TEMPERATURE (F)   13       -22      1899


SUNRISE AND SUNSET
FEBRUARY  7 2016......SUNRISE   706 AM CST   SUNSET   517 PM CST
FEBRUARY  8 2016......SUNRISE   705 AM CST   SUNSET   518 PM CST


-  INDICATES NEGATIVE NUMBERS.
R  INDICATES RECORD WAS SET OR TIED.
MM INDICATES DATA IS MISSING.
T  INDICATES TRACE AMOUNT.




$$
