000
CDUS43 KMKX 260701
CLIMSN


CLIMATE REPORT
NATIONAL WEATHER SERVICE IN MILWAUKEE
100 AM CST FRI DEC 26 2014


...................................

...THE MADISON WI CLIMATE SUMMARY FOR DECEMBER 25 2014...

CLIMATE NORMAL PERIOD 1981 TO 2010
CLIMATE RECORD PERIOD 1871 TO 2014


WEATHER ITEM   OBSERVED TIME   RECORD YEAR NORMAL DEPARTURE LAST
                VALUE   (LST)  VALUE       VALUE  FROM      YEAR
                                                  NORMAL
..................................................................
TEMPERATURE (F)
 YESTERDAY
  MAXIMUM         42    314 PM  56    1982  28     14       23
  MINIMUM         32    914 AM -21    2000  13     19       11
  AVERAGE         37                        20     17       17

PRECIPITATION (IN)
  YESTERDAY        0.00          0.67 1876   0.04  -0.04     0.09
  MONTH TO DATE    0.97                      1.48  -0.51     1.48
  SINCE DEC 1      0.97                      1.48  -0.51     1.48
  SINCE JAN 1     35.25                     34.22   1.03    45.24

SNOWFALL (IN)
  YESTERDAY        0.0           4.8  1950   0.4   -0.4      2.2
  MONTH TO DATE    0.1                      11.0  -10.9     19.7
  SINCE DEC 1      0.1                      11.0  -10.9     19.7
  SINCE JUL 1      8.6                      15.1   -6.5     23.2
  SNOW DEPTH       0

DEGREE DAYS
 HEATING
  YESTERDAY       28                        45    -17       48
  MONTH TO DATE  871                      1030   -159     1163
  SINCE DEC 1    871                      1030   -159     1163
  SINCE JUL 1   2555                      2609    -54     2682

 COOLING
  YESTERDAY        0                         0      0        0
  MONTH TO DATE    0                         0      0        0
  SINCE DEC 1      0                         0      0        0
  SINCE JAN 1    620                       568     52      709
..................................................................


WIND (MPH)
  HIGHEST WIND SPEED    16   HIGHEST WIND DIRECTION     S (200)
  HIGHEST GUST SPEED    21   HIGHEST GUST DIRECTION    SW (220)
  AVERAGE WIND SPEED     8.9


SKY COVER
  POSSIBLE SUNSHINE  MM
  AVERAGE SKY COVER 0.9


WEATHER CONDITIONS
 THE FOLLOWING WEATHER WAS RECORDED YESTERDAY.
  NO SIGNIFICANT WEATHER WAS OBSERVED.


RELATIVE HUMIDITY (PERCENT)
 HIGHEST    89          1200 AM
 LOWEST     64           100 PM
 AVERAGE    77

..........................................................


THE MADISON WI CLIMATE NORMALS FOR TODAY
                         NORMAL    RECORD    YEAR
 MAXIMUM TEMPERATURE (F)   27        50      1936
 MINIMUM TEMPERATURE (F)   13       -22      1962


SUNRISE AND SUNSET
DECEMBER 26 2014......SUNRISE   728 AM CST   SUNSET   428 PM CST
DECEMBER 27 2014......SUNRISE   728 AM CST   SUNSET   429 PM CST


-  INDICATES NEGATIVE NUMBERS.
R  INDICATES RECORD WAS SET OR TIED.
MM INDICATES DATA IS MISSING.
T  INDICATES TRACE AMOUNT.




$$
