000
CDUS43 KMKX 070703
CLIMSN


CLIMATE REPORT
NATIONAL WEATHER SERVICE IN MILWAUKEE
102 AM CST THU DEC 7 2017


...................................

...THE MADISON WI CLIMATE SUMMARY FOR DECEMBER 6 2017...

CLIMATE NORMAL PERIOD 1981 TO 2010
CLIMATE RECORD PERIOD 1871 TO 2017


WEATHER ITEM   OBSERVED TIME   RECORD YEAR NORMAL DEPARTURE LAST
                VALUE   (LST)  VALUE       VALUE  FROM      YEAR
                                                  NORMAL
..................................................................
TEMPERATURE (F)
 YESTERDAY
  MAXIMUM         31    317 PM  56    1998  33     -2       35
  MINIMUM         18   1159 PM -11    1972  19     -1       24
  AVERAGE         25                        26     -1       30

PRECIPITATION (IN)
  YESTERDAY        T             1.32 1884   0.07  -0.07     0.01
  MONTH TO DATE    0.47                      0.43   0.04     0.47
  SINCE DEC 1      0.47                      0.43   0.04     0.47
  SINCE JAN 1     38.02                     33.17   4.85    44.00

SNOWFALL (IN)
  YESTERDAY        T             5.7  1994   0.4   -0.4       T
  MONTH TO DATE    T                         2.4   -2.4      5.7
  SINCE DEC 1      T                         2.4   -2.4      5.7
  SINCE JUL 1      0.3                       6.5   -6.2      5.7
  SNOW DEPTH       0

DEGREE DAYS
 HEATING
  YESTERDAY       40                        39      1       35
  MONTH TO DATE  172                       227    -55      193
  SINCE DEC 1    172                       227    -55      193
  SINCE JUL 1   1531                      1806   -275     1215

 COOLING
  YESTERDAY        0                         0      0        0
  MONTH TO DATE    0                         0      0        0
  SINCE DEC 1      0                         0      0        0
  SINCE JAN 1    580                       568     12      780
..................................................................


WIND (MPH)
  HIGHEST WIND SPEED    17   HIGHEST WIND DIRECTION    NW (310)
  HIGHEST GUST SPEED    29   HIGHEST GUST DIRECTION     W (270)
  AVERAGE WIND SPEED    10.2


SKY COVER
  POSSIBLE SUNSHINE  MM
  AVERAGE SKY COVER 0.3


WEATHER CONDITIONS
 THE FOLLOWING WEATHER WAS RECORDED YESTERDAY.
  LIGHT SNOW


RELATIVE HUMIDITY (PERCENT)
 HIGHEST    67          1100 PM
 LOWEST     47           100 PM
 AVERAGE    57

..........................................................


THE MADISON WI CLIMATE NORMALS FOR TODAY
                         NORMAL    RECORD    YEAR
 MAXIMUM TEMPERATURE (F)   33        60      1916
 MINIMUM TEMPERATURE (F)   19       -15      1972


SUNRISE AND SUNSET
DECEMBER  7 2017......SUNRISE   716 AM CST   SUNSET   422 PM CST
DECEMBER  8 2017......SUNRISE   717 AM CST   SUNSET   422 PM CST


-  INDICATES NEGATIVE NUMBERS.
R  INDICATES RECORD WAS SET OR TIED.
MM INDICATES DATA IS MISSING.
T  INDICATES TRACE AMOUNT.




$$
