000
CDUS43 KMKX 232154
CLIMSN


CLIMATE REPORT
NATIONAL WEATHER SERVICE IN MILWAUKEE
454 PM CDT FRI SEP 23 2016


...................................

...THE MADISON WI CLIMATE SUMMARY FOR SEPTEMBER 23 2016...
VALID TODAY AS OF 0400 PM LOCAL TIME.

CLIMATE NORMAL PERIOD 1981 TO 2010
CLIMATE RECORD PERIOD 1871 TO 2016


WEATHER ITEM   OBSERVED TIME   RECORD YEAR NORMAL DEPARTURE LAST
                VALUE   (LST)  VALUE       VALUE  FROM      YEAR
                                                  NORMAL
..................................................................
TEMPERATURE (F)
 TODAY
  MAXIMUM         69    259 PM  90    1937  69      0       80
  MINIMUM         62    933 AM  26    1974  47     15       53
  AVERAGE         66                        58      8       67

PRECIPITATION (IN)
  TODAY            T             2.55 1970   0.11  -0.11     0.00
  MONTH TO DATE    7.90                      2.48   5.42     3.96
  SINCE SEP 1      7.90                      2.48   5.42     3.96
  SINCE JAN 1     36.14                     27.30   8.84    26.75

SNOWFALL (IN)
  TODAY            0.0           T    1928   0.0    0.0      0.0
  MONTH TO DATE    0.0                       0.0    0.0      0.0
  SINCE SEP 1      0.0                       0.0    0.0      0.0
  SINCE JUL 1      0.0                       0.0    0.0      0.0
  SNOW DEPTH       0

DEGREE DAYS
 HEATING
  TODAY            0                         8     -8        0
  MONTH TO DATE    9                       106    -97       40
  SINCE SEP 1      9                       106    -97       40
  SINCE JUL 1     16                       143   -127       72

 COOLING
  TODAY            1                         1      0        2
  MONTH TO DATE   70                        47     23      129
  SINCE SEP 1     70                        47     23      129
  SINCE JAN 1    765                       560    205      658
..................................................................


WIND (MPH)
  HIGHEST WIND SPEED    14   HIGHEST WIND DIRECTION    NE (60)
  HIGHEST GUST SPEED    29   HIGHEST GUST DIRECTION     N (340)
  AVERAGE WIND SPEED     7.8


SKY COVER
  POSSIBLE SUNSHINE  MM
  AVERAGE SKY COVER 1.0


WEATHER CONDITIONS
 THE FOLLOWING WEATHER WAS RECORDED TODAY.
  LIGHT RAIN
  FOG


RELATIVE HUMIDITY (PERCENT)
 HIGHEST    93          1200 AM
 LOWEST     78           300 PM
 AVERAGE    86

..........................................................


THE MADISON WI CLIMATE NORMALS FOR TOMORROW
                         NORMAL    RECORD    YEAR
 MAXIMUM TEMPERATURE (F)   68        88      1935
 MINIMUM TEMPERATURE (F)   47        26      1976


SUNRISE AND SUNSET
SEPTEMBER 23 2016.....SUNRISE   646 AM CDT   SUNSET   652 PM CDT
SEPTEMBER 24 2016.....SUNRISE   647 AM CDT   SUNSET   650 PM CDT


-  INDICATES NEGATIVE NUMBERS.
R  INDICATES RECORD WAS SET OR TIED.
MM INDICATES DATA IS MISSING.
T  INDICATES TRACE AMOUNT.




$$
