716
CDUS43 KMKX 250715
CLIMSN


CLIMATE REPORT
NATIONAL WEATHER SERVICE IN MILWAUKEE
214 AM CDT TUE JUL 25 2017


...................................

...THE MADISON WI CLIMATE SUMMARY FOR JULY 24 2017...

CLIMATE NORMAL PERIOD 1981 TO 2010
CLIMATE RECORD PERIOD 1871 TO 2017


WEATHER ITEM   OBSERVED TIME   RECORD YEAR NORMAL DEPARTURE LAST
                VALUE   (LST)  VALUE       VALUE  FROM      YEAR
                                                  NORMAL
..................................................................
TEMPERATURE (F)
 YESTERDAY
  MAXIMUM         77    408 PM 101    1934  81     -4       90
                                      1901
  MINIMUM         59   1159 PM  48    1957  61     -2       71
  AVERAGE         68                        71     -3       81

PRECIPITATION (IN)
  YESTERDAY        0.00          2.35 1929   0.12  -0.12     0.00
  MONTH TO DATE    6.33                      3.29   3.04     5.09
  SINCE JUN 1     13.06                      7.83   5.23    10.44
  SINCE JAN 1     28.72                     19.66   9.06    20.23

SNOWFALL (IN)
  YESTERDAY        0.0           0.0    MM   0.0    0.0      0.0
  MONTH TO DATE    0.0                       0.0    0.0      0.0
  SINCE JUN 1      0.0                       0.0    0.0      0.0
  SINCE JUL 1      0.0                       0.0    0.0      0.0
  SNOW DEPTH       0

DEGREE DAYS
 HEATING
  YESTERDAY        0                         0      0        0
  MONTH TO DATE    0                         0      0        4
  SINCE JUN 1     30                        60    -30       18
  SINCE JUL 1      0                         0      0        4

 COOLING
  YESTERDAY        3                         7     -4       16
  MONTH TO DATE  169                       166      3      200
  SINCE JUN 1    326                       286     40      349
  SINCE JAN 1    341                       316     25      401
..................................................................


WIND (MPH)
  HIGHEST WIND SPEED    14   HIGHEST WIND DIRECTION    NE (50)
  HIGHEST GUST SPEED    17   HIGHEST GUST DIRECTION    NE (50)
  AVERAGE WIND SPEED     5.8


SKY COVER
  POSSIBLE SUNSHINE  MM
  AVERAGE SKY COVER 0.6


WEATHER CONDITIONS
 THE FOLLOWING WEATHER WAS RECORDED YESTERDAY.
  NO SIGNIFICANT WEATHER WAS OBSERVED.


RELATIVE HUMIDITY (PERCENT)
 HIGHEST    90           100 AM
 LOWEST     54           200 PM
 AVERAGE    72

..........................................................


THE MADISON WI CLIMATE NORMALS FOR TODAY
                         NORMAL    RECORD    YEAR
 MAXIMUM TEMPERATURE (F)   81        98      2012
                                             1934
 MINIMUM TEMPERATURE (F)   61        50      1991
                                             1962


SUNRISE AND SUNSET
JULY 25 2017..........SUNRISE   541 AM CDT   SUNSET   826 PM CDT
JULY 26 2017..........SUNRISE   542 AM CDT   SUNSET   825 PM CDT


-  INDICATES NEGATIVE NUMBERS.
R  INDICATES RECORD WAS SET OR TIED.
MM INDICATES DATA IS MISSING.
T  INDICATES TRACE AMOUNT.




$$
