000
CDUS43 KMKX 020728
CLIMSN


CLIMATE REPORT
NATIONAL WEATHER SERVICE IN MILWAUKEE
127 AM CST MON MAR 2 2015


...................................

...THE MADISON WI CLIMATE SUMMARY FOR MARCH 1 2015...

CLIMATE NORMAL PERIOD 1981 TO 2010
CLIMATE RECORD PERIOD 1871 TO 2015


WEATHER ITEM   OBSERVED TIME   RECORD YEAR NORMAL DEPARTURE LAST
                VALUE   (LST)  VALUE       VALUE  FROM      YEAR
                                                  NORMAL
..................................................................
TEMPERATURE (F)
 YESTERDAY
  MAXIMUM         28    424 PM  62    1882  36     -8       19
  MINIMUM         14   1159 PM -29    1962  20     -6        5
  AVERAGE         21                        28     -7       12

PRECIPITATION (IN)
  YESTERDAY        T             0.95 1932   0.06  -0.06     0.07
  MONTH TO DATE    T                         0.06  -0.06     0.07
  SINCE MAR 1      T                         0.06  -0.06     0.07
  SINCE JAN 1      1.20                      2.74  -1.54     1.96

SNOWFALL (IN)
  YESTERDAY        T             3.0  1929   0.3   -0.3      1.5
  MONTH TO DATE    T                         0.3   -0.3      1.5
  SINCE MAR 1      T                         0.3   -0.3      1.5
  SINCE JUL 1     29.5                      41.4  -11.9     51.5
  SNOW DEPTH       6

DEGREE DAYS
 HEATING
  YESTERDAY       44                        37      7       53
  MONTH TO DATE   44                        37      7       53
  SINCE MAR 1     44                        37      7       53
  SINCE JUL 1   5755                      5523    232     6165

 COOLING
  YESTERDAY        0                         0      0        0
  MONTH TO DATE    0                         0      0        0
  SINCE MAR 1      0                         0      0        0
  SINCE JAN 1      0                         0      0        0
..................................................................


WIND (MPH)
  HIGHEST WIND SPEED    14   HIGHEST WIND DIRECTION    SW (230)
  HIGHEST GUST SPEED    22   HIGHEST GUST DIRECTION    SW (220)
  AVERAGE WIND SPEED     5.8


SKY COVER
  POSSIBLE SUNSHINE  MM
  AVERAGE SKY COVER 0.7


WEATHER CONDITIONS
 THE FOLLOWING WEATHER WAS RECORDED YESTERDAY.
  LIGHT SNOW
  FOG
  HAZE


RELATIVE HUMIDITY (PERCENT)
 HIGHEST    80          1200 AM
 LOWEST     55           700 PM
 AVERAGE    68

..........................................................


THE MADISON WI CLIMATE NORMALS FOR TODAY
                         NORMAL    RECORD    YEAR
 MAXIMUM TEMPERATURE (F)   37        67      1964
 MINIMUM TEMPERATURE (F)   20       -13      1913


SUNRISE AND SUNSET
MARCH  2 2015.........SUNRISE   632 AM CST   SUNSET   547 PM CST
MARCH  3 2015.........SUNRISE   630 AM CST   SUNSET   549 PM CST


-  INDICATES NEGATIVE NUMBERS.
R  INDICATES RECORD WAS SET OR TIED.
MM INDICATES DATA IS MISSING.
T  INDICATES TRACE AMOUNT.




$$
