000
CDUS43 KMKX 280649
CLIMSN


CLIMATE REPORT
NATIONAL WEATHER SERVICE IN MILWAUKEE
149 AM CDT SUN JUN 28 2015


...................................

...THE MADISON WI CLIMATE SUMMARY FOR JUNE 27 2015...

CLIMATE NORMAL PERIOD 1981 TO 2010
CLIMATE RECORD PERIOD 1871 TO 2015


WEATHER ITEM   OBSERVED TIME   RECORD YEAR NORMAL DEPARTURE LAST
                VALUE   (LST)  VALUE       VALUE  FROM      YEAR
                                                  NORMAL
..................................................................
TEMPERATURE (F)
 YESTERDAY
  MAXIMUM         78    429 PM  97    1933  81     -3       88
  MINIMUM         55   1146 PM  42    1992  60     -5       65
  AVERAGE         67                        70     -3       77

PRECIPITATION (IN)
  YESTERDAY        0.00          3.33 1869   0.16  -0.16      T
  MONTH TO DATE    3.07                      4.10  -1.03     6.80
  SINCE JUN 1      3.07                      4.10  -1.03     6.80
  SINCE JAN 1     13.59                     15.93  -2.34    18.55

SNOWFALL (IN)
  YESTERDAY        0.0           0.0    MM   0.0    0.0      0.0
  MONTH TO DATE    0.0                       0.0    0.0      0.0
  SINCE JUN 1      0.0                       0.0    0.0      0.0
  SINCE JUL 1     33.7                      50.9  -17.2     59.2
  SNOW DEPTH       0

DEGREE DAYS
 HEATING
  YESTERDAY        0                         1     -1        0
  MONTH TO DATE   35                        60    -25        9
  SINCE JUN 1     35                        60    -25        9
  SINCE JUL 1   7365                      7333     32     8057

 COOLING
  YESTERDAY        2                         6     -4       12
  MONTH TO DATE  105                       102      3      145
  SINCE JUN 1    105                       102      3      145
  SINCE JAN 1    155                       132     23      196
..................................................................


WIND (MPH)
  HIGHEST WIND SPEED    14   HIGHEST WIND DIRECTION    NE (50)
  HIGHEST GUST SPEED    20   HIGHEST GUST DIRECTION     N (350)
  AVERAGE WIND SPEED     5.0


SKY COVER
  POSSIBLE SUNSHINE  MM
  AVERAGE SKY COVER 0.4


WEATHER CONDITIONS
 THE FOLLOWING WEATHER WAS RECORDED YESTERDAY.
  NO SIGNIFICANT WEATHER WAS OBSERVED.


RELATIVE HUMIDITY (PERCENT)
 HIGHEST    86           400 AM
 LOWEST     32           400 PM
 AVERAGE    59

..........................................................


THE MADISON WI CLIMATE NORMALS FOR TODAY
                         NORMAL    RECORD    YEAR
 MAXIMUM TEMPERATURE (F)   81        97      2012
                                             1931
 MINIMUM TEMPERATURE (F)   60        47      1968


SUNRISE AND SUNSET
JUNE 28 2015..........SUNRISE   520 AM CDT   SUNSET   841 PM CDT
JUNE 29 2015..........SUNRISE   520 AM CDT   SUNSET   841 PM CDT


-  INDICATES NEGATIVE NUMBERS.
R  INDICATES RECORD WAS SET OR TIED.
MM INDICATES DATA IS MISSING.
T  INDICATES TRACE AMOUNT.




$$
