000
CDUS43 KMKX 190700
CLIMSN


CLIMATE REPORT
NATIONAL WEATHER SERVICE IN MILWAUKEE
100 AM CST THU JAN 19 2017


...................................

...THE MADISON WI CLIMATE SUMMARY FOR JANUARY 18 2017...

CLIMATE NORMAL PERIOD 1981 TO 2010
CLIMATE RECORD PERIOD 1871 TO 2017


WEATHER ITEM   OBSERVED TIME   RECORD YEAR NORMAL DEPARTURE LAST
                VALUE   (LST)  VALUE       VALUE  FROM      YEAR
                                                  NORMAL
..................................................................
TEMPERATURE (F)
 YESTERDAY
  MAXIMUM         35    326 PM  54    1996  26      9        3
  MINIMUM         31    619 AM -27    1994  11     20       -9
  AVERAGE         33                        18     15       -3

PRECIPITATION (IN)
  YESTERDAY        0.00          0.80 1996   0.03  -0.03     0.00
  MONTH TO DATE    1.42                      0.72   0.70     0.56
  SINCE DEC 1      3.45                      2.46   0.99     3.89
  SINCE JAN 1      1.42                      0.72   0.70     0.56

SNOWFALL (IN)
  YESTERDAY        0.0           5.8  1936   0.4   -0.4      0.0
  MONTH TO DATE    2.1                       7.5   -5.4      2.1
  SINCE DEC 1     24.8                      21.0    3.8      9.5
  SINCE JUL 1     24.8                      25.1   -0.3     13.6
  SNOW DEPTH       1

DEGREE DAYS
 HEATING
  YESTERDAY       32                        47    -15       68
  MONTH TO DATE  832                       835     -3      856
  SINCE DEC 1   2141                      2135      6     1777
  SINCE JUL 1   3163                      3714   -551     2968

 COOLING
  YESTERDAY        0                         0      0        0
  MONTH TO DATE    0                         0      0        0
  SINCE DEC 1      0                         0      0        0
  SINCE JAN 1      0                         0      0        0
..................................................................


WIND (MPH)
  HIGHEST WIND SPEED    16   HIGHEST WIND DIRECTION    SW (210)
  HIGHEST GUST SPEED    24   HIGHEST GUST DIRECTION    SW (210)
  AVERAGE WIND SPEED     7.6


SKY COVER
  POSSIBLE SUNSHINE  MM
  AVERAGE SKY COVER 0.8


WEATHER CONDITIONS
 THE FOLLOWING WEATHER WAS RECORDED YESTERDAY.
  FOG


RELATIVE HUMIDITY (PERCENT)
 HIGHEST   100          1200 AM
 LOWEST     82           300 PM
 AVERAGE    91

..........................................................


THE MADISON WI CLIMATE NORMALS FOR TODAY
                         NORMAL    RECORD    YEAR
 MAXIMUM TEMPERATURE (F)   26        47      2006
                                             1933
                                             1921
 MINIMUM TEMPERATURE (F)   11       -27      1994


SUNRISE AND SUNSET
JANUARY 19 2017.......SUNRISE   724 AM CST   SUNSET   453 PM CST
JANUARY 20 2017.......SUNRISE   723 AM CST   SUNSET   454 PM CST


-  INDICATES NEGATIVE NUMBERS.
R  INDICATES RECORD WAS SET OR TIED.
MM INDICATES DATA IS MISSING.
T  INDICATES TRACE AMOUNT.




$$
