000
CDUS43 KMKX 180700
CLIMSN


CLIMATE REPORT
NATIONAL WEATHER SERVICE IN MILWAUKEE
100 AM CST SAT FEB 18 2017


...................................

...THE MADISON WI CLIMATE SUMMARY FOR FEBRUARY 17 2017...

CLIMATE NORMAL PERIOD 1981 TO 2010
CLIMATE RECORD PERIOD 1871 TO 2017


WEATHER ITEM   OBSERVED TIME   RECORD YEAR NORMAL DEPARTURE LAST
                VALUE   (LST)  VALUE       VALUE  FROM      YEAR
                                                  NORMAL
..................................................................
TEMPERATURE (F)
 YESTERDAY
  MAXIMUM         60    420 PM  61    1981  32     28       27
  MINIMUM         25    545 AM -16    1973  16      9        7
  AVERAGE         43                        24     19       17

PRECIPITATION (IN)
  YESTERDAY        0.00          1.36 2008   0.05  -0.05     0.00
  MONTH TO DATE    0.28                      0.81  -0.53     0.50
  SINCE DEC 1      5.07                      3.78   1.29     4.81
  SINCE JAN 1      3.04                      2.04   1.00     1.48

SNOWFALL (IN)
  YESTERDAY        0.0           4.9  1975   0.4   -0.4      0.0
  MONTH TO DATE    T                         6.7   -6.7      6.0
  SINCE DEC 1     33.8                      33.1    0.7     20.3
  SINCE JUL 1     33.8                      37.2   -3.4     24.4
  SNOW DEPTH       0

DEGREE DAYS
 HEATING
  YESTERDAY       22                        41    -19       48
  MONTH TO DATE  643                       740    -97      757
  SINCE DEC 1   3225                      3474   -249     3068
  SINCE JUL 1   4247                      5053   -806     4259

 COOLING
  YESTERDAY        0                         0      0        0
  MONTH TO DATE    0                         0      0        0
  SINCE DEC 1      0                         0      0        0
  SINCE JAN 1      0                         0      0        0
..................................................................


WIND (MPH)
  HIGHEST WIND SPEED    16   HIGHEST WIND DIRECTION     S (200)
  HIGHEST GUST SPEED    21   HIGHEST GUST DIRECTION     S (190)
  AVERAGE WIND SPEED     6.1


SKY COVER
  POSSIBLE SUNSHINE  MM
  AVERAGE SKY COVER 0.1


WEATHER CONDITIONS
 THE FOLLOWING WEATHER WAS RECORDED YESTERDAY.
  NO SIGNIFICANT WEATHER WAS OBSERVED.


RELATIVE HUMIDITY (PERCENT)
 HIGHEST    85           400 AM
 LOWEST     39           400 PM
 AVERAGE    62

..........................................................


THE MADISON WI CLIMATE NORMALS FOR TODAY
                         NORMAL    RECORD    YEAR
 MAXIMUM TEMPERATURE (F)   32        57      1981
 MINIMUM TEMPERATURE (F)   16       -19      1936


SUNRISE AND SUNSET
FEBRUARY 18 2017......SUNRISE   650 AM CST   SUNSET   533 PM CST
FEBRUARY 19 2017......SUNRISE   649 AM CST   SUNSET   534 PM CST


-  INDICATES NEGATIVE NUMBERS.
R  INDICATES RECORD WAS SET OR TIED.
MM INDICATES DATA IS MISSING.
T  INDICATES TRACE AMOUNT.




$$
