000
CDUS43 KMKX 310651
CLIMSN


CLIMATE REPORT
NATIONAL WEATHER SERVICE IN MILWAUKEE
150 AM CDT SUN AUG 31 2014


...................................

...THE MADISON WI CLIMATE SUMMARY FOR AUGUST 30 2014...

CLIMATE NORMAL PERIOD 1981 TO 2010
CLIMATE RECORD PERIOD 1871 TO 2014


WEATHER ITEM   OBSERVED TIME   RECORD YEAR NORMAL DEPARTURE LAST
                VALUE   (LST)  VALUE       VALUE  FROM      YEAR
                                                  NORMAL
..................................................................
TEMPERATURE (F)
 YESTERDAY
  MAXIMUM         81    402 PM  97    1953  78      3       91
  MINIMUM         65   1159 PM  40    1967  57      8       70
  AVERAGE         73                        67      6       81

PRECIPITATION (IN)
  YESTERDAY        0.20          1.50 1956   0.13   0.07     0.00
  MONTH TO DATE    5.43                      4.14   1.29     1.53
  SINCE JUN 1     16.06                     12.86   3.20    16.39
  SINCE JAN 1     27.81                     24.69   3.12    36.48

SNOWFALL (IN)
  YESTERDAY        0.0           0.0    MM   0.0    0.0      0.0
  MONTH TO DATE    0.0                       0.0    0.0      0.0
  SINCE JUN 1      0.0                       0.0    0.0      0.0
  SINCE JUL 1      0.0                       0.0    0.0      0.0
  SNOW DEPTH       0

DEGREE DAYS
 HEATING
  YESTERDAY        0                         2     -2        0
  MONTH TO DATE    4                        28    -24       12
  SINCE JUN 1     26                        98    -72       82
  SINCE JUL 1     17                        38    -21       30

 COOLING
  YESTERDAY        8                         4      4       16
  MONTH TO DATE  192                       155     37      185
  SINCE JUN 1    517                       481     36      553
  SINCE JAN 1    568                       511     57      606
..................................................................


WIND (MPH)
  HIGHEST WIND SPEED    15   HIGHEST WIND DIRECTION     S (190)
  HIGHEST GUST SPEED    23   HIGHEST GUST DIRECTION     S (200)
  AVERAGE WIND SPEED     6.0


SKY COVER
  POSSIBLE SUNSHINE  MM
  AVERAGE SKY COVER 0.7


WEATHER CONDITIONS
 THE FOLLOWING WEATHER WAS RECORDED YESTERDAY.
  THUNDERSTORM
  HEAVY RAIN
  RAIN
  LIGHT RAIN
  FOG


RELATIVE HUMIDITY (PERCENT)
 HIGHEST    93           100 AM
 LOWEST     58           500 PM
 AVERAGE    76

..........................................................


THE MADISON WI CLIMATE NORMALS FOR TODAY
                         NORMAL    RECORD    YEAR
 MAXIMUM TEMPERATURE (F)   77       100      1953
 MINIMUM TEMPERATURE (F)   56        37      1967


SUNRISE AND SUNSET
AUGUST 31 2014........SUNRISE   620 AM CDT   SUNSET   734 PM CDT
SEPTEMBER  1 2014.....SUNRISE   622 AM CDT   SUNSET   732 PM CDT


-  INDICATES NEGATIVE NUMBERS.
R  INDICATES RECORD WAS SET OR TIED.
MM INDICATES DATA IS MISSING.
T  INDICATES TRACE AMOUNT.




$$
