000
CDUS43 KMKX 250645
CLIMSN


CLIMATE REPORT
NATIONAL WEATHER SERVICE IN MILWAUKEE
145 AM CDT FRI JUL 25 2014


...................................

...THE MADISON WI CLIMATE SUMMARY FOR JULY 24 2014...

CLIMATE NORMAL PERIOD 1981 TO 2010
CLIMATE RECORD PERIOD 1871 TO 2014


WEATHER ITEM   OBSERVED TIME   RECORD YEAR NORMAL DEPARTURE LAST
                VALUE   (LST)  VALUE       VALUE  FROM      YEAR
                                                  NORMAL
..................................................................
TEMPERATURE (F)
 YESTERDAY
  MAXIMUM         79    322 PM 101    1934  81     -2       75
                                      1901
  MINIMUM         52    503 AM  48    1957  61     -9       51
  AVERAGE         66                        71     -5       63

PRECIPITATION (IN)
  YESTERDAY        0.00          2.35 1929   0.12  -0.12     0.00
  MONTH TO DATE    1.03                      3.29  -2.26     3.60
  SINCE JUN 1     10.58                      7.83   2.75    14.46
  SINCE JAN 1     22.33                     19.66   2.67    34.55

SNOWFALL (IN)
  YESTERDAY        0.0           0.0    MM   0.0    0.0      0.0
  MONTH TO DATE    0.0                       0.0    0.0      0.0
  SINCE JUN 1      0.0                       0.0    0.0      0.0
  SINCE JUL 1      0.0                       0.0    0.0      0.0
  SNOW DEPTH       0

DEGREE DAYS
 HEATING
  YESTERDAY        0                         0      0        2
  MONTH TO DATE   13                         0     13        4
  SINCE JUN 1     22                        60    -38       56
  SINCE JUL 1     13                         0     13        4

 COOLING
  YESTERDAY        1                         7     -6        0
  MONTH TO DATE  109                       166    -57      216
  SINCE JUN 1    291                       286      5      353
  SINCE JAN 1    342                       316     26      406
..................................................................


WIND (MPH)
  HIGHEST WIND SPEED    12   HIGHEST WIND DIRECTION     S (160)
  HIGHEST GUST SPEED    14   HIGHEST GUST DIRECTION     S (170)
  AVERAGE WIND SPEED     3.8


SKY COVER
  POSSIBLE SUNSHINE  MM
  AVERAGE SKY COVER 0.5


WEATHER CONDITIONS
 THE FOLLOWING WEATHER WAS RECORDED YESTERDAY.
  NO SIGNIFICANT WEATHER WAS OBSERVED.


RELATIVE HUMIDITY (PERCENT)
 HIGHEST    96           500 AM
 LOWEST     39           200 PM
 AVERAGE    68

..........................................................


THE MADISON WI CLIMATE NORMALS FOR TODAY
                         NORMAL    RECORD    YEAR
 MAXIMUM TEMPERATURE (F)   81        98      2012
                                             1934
 MINIMUM TEMPERATURE (F)   61        50      1991
                                             1962


SUNRISE AND SUNSET
JULY 25 2014..........SUNRISE   541 AM CDT   SUNSET   826 PM CDT
JULY 26 2014..........SUNRISE   542 AM CDT   SUNSET   825 PM CDT


-  INDICATES NEGATIVE NUMBERS.
R  INDICATES RECORD WAS SET OR TIED.
MM INDICATES DATA IS MISSING.
T  INDICATES TRACE AMOUNT.




$$
