000
CDUS43 KMKX 202240
CLIMSN


CLIMATE REPORT
NATIONAL WEATHER SERVICE IN MILWAUKEE
440 PM CST MON NOV 20 2017


...................................

...THE MADISON WI CLIMATE SUMMARY FOR NOVEMBER 20 2017...
VALID TODAY AS OF 0400 PM LOCAL TIME.

CLIMATE NORMAL PERIOD 1981 TO 2010
CLIMATE RECORD PERIOD 1871 TO 2017


WEATHER ITEM   OBSERVED TIME   RECORD YEAR NORMAL DEPARTURE LAST
                VALUE   (LST)  VALUE       VALUE  FROM      YEAR
                                                  NORMAL
..................................................................
TEMPERATURE (F)
 TODAY
  MAXIMUM         50    357 PM  65    2003  42      8       32
  MINIMUM         30    632 AM   5    1914  26      4       20
  AVERAGE         40                        34      6       26

PRECIPITATION (IN)
  TODAY            0.00          1.55 1992   0.08  -0.08     0.00
  MONTH TO DATE    0.68                      1.61  -0.93     0.25
  SINCE SEP 1      4.79                      7.14  -2.35    13.67
  SINCE JAN 1     37.55                     31.96   5.59    41.91

SNOWFALL (IN)
  TODAY            0.0           3.7  1964   0.1   -0.1      0.0
  MONTH TO DATE    0.3                       1.5   -1.2       T
  SINCE SEP 1      0.3                       2.0   -1.7       T
  SINCE JUL 1      0.3                       2.0   -1.7       T
  SNOW DEPTH       0

DEGREE DAYS
 HEATING
  TODAY           25                        31     -6       39
  MONTH TO DATE  601                       526     75      351
  SINCE SEP 1   1061                      1202   -141      740
  SINCE JUL 1   1086                      1239   -153      747

 COOLING
  TODAY            0                         0      0        0
  MONTH TO DATE    0                         0      0        0
  SINCE SEP 1    120                        55     65       85
  SINCE JAN 1    580                       568     12      780
..................................................................


WIND (MPH)
  HIGHEST WIND SPEED    22   HIGHEST WIND DIRECTION     S (190)
  HIGHEST GUST SPEED    29   HIGHEST GUST DIRECTION     S (180)
  AVERAGE WIND SPEED    10.6


SKY COVER
  POSSIBLE SUNSHINE  MM
  AVERAGE SKY COVER 0.5


WEATHER CONDITIONS
 THE FOLLOWING WEATHER WAS RECORDED TODAY.
  NO SIGNIFICANT WEATHER WAS OBSERVED.


RELATIVE HUMIDITY (PERCENT)
 HIGHEST    78           600 AM
 LOWEST     46           300 PM
 AVERAGE    62

..........................................................


THE MADISON WI CLIMATE NORMALS FOR TOMORROW
                         NORMAL    RECORD    YEAR
 MAXIMUM TEMPERATURE (F)   41        67      1913
 MINIMUM TEMPERATURE (F)   26        -7      1880


SUNRISE AND SUNSET
NOVEMBER 20 2017......SUNRISE   657 AM CST   SUNSET   429 PM CST
NOVEMBER 21 2017......SUNRISE   658 AM CST   SUNSET   428 PM CST


-  INDICATES NEGATIVE NUMBERS.
R  INDICATES RECORD WAS SET OR TIED.
MM INDICATES DATA IS MISSING.
T  INDICATES TRACE AMOUNT.




$$
