000
CDUS43 KMKX 130651
CLIMSN


CLIMATE REPORT
NATIONAL WEATHER SERVICE IN MILWAUKEE
151 AM CDT FRI OCT 13 2017


...................................

...THE MADISON WI CLIMATE SUMMARY FOR OCTOBER 12 2017...

CLIMATE NORMAL PERIOD 1981 TO 2010
CLIMATE RECORD PERIOD 1871 TO 2017


WEATHER ITEM   OBSERVED TIME   RECORD YEAR NORMAL DEPARTURE LAST
                VALUE   (LST)  VALUE       VALUE  FROM      YEAR
                                                  NORMAL
..................................................................
TEMPERATURE (F)
 YESTERDAY
  MAXIMUM         58    606 PM  83    2008  61     -3       62
                                      1995
  MINIMUM         53    632 AM  21    1988  40     13       42
  AVERAGE         56                        50      6       52

PRECIPITATION (IN)
  YESTERDAY        0.01          0.98 1890   0.08  -0.07     0.28
  MONTH TO DATE    2.23                      0.93   1.30     0.72
  SINCE SEP 1      2.78                      4.06  -1.28     9.18
  SINCE JAN 1     35.54                     28.88   6.66    37.42

SNOWFALL (IN)
  YESTERDAY        0.0           T    2006   0.0    0.0      0.0
                                      1959
  MONTH TO DATE    0.0                       0.1   -0.1      0.0
  SINCE SEP 1      0.0                       0.1   -0.1      0.0
  SINCE JUL 1      0.0                       0.1   -0.1      0.0
  SNOW DEPTH       0

DEGREE DAYS
 HEATING
  YESTERDAY        9                        15     -6       13
  MONTH TO DATE   70                       157    -87       89
  SINCE SEP 1    183                       328   -145      131
  SINCE JUL 1    208                       365   -157      138

 COOLING
  YESTERDAY        0                         0      0        0
  MONTH TO DATE    8                         0      8        1
  SINCE SEP 1    118                        51     67       77
  SINCE JAN 1    578                       564     14      772
..................................................................


WIND (MPH)
  HIGHEST WIND SPEED    13   HIGHEST WIND DIRECTION     S (160)
  HIGHEST GUST SPEED    20   HIGHEST GUST DIRECTION     E (90)
  AVERAGE WIND SPEED     8.3


SKY COVER
  POSSIBLE SUNSHINE  MM
  AVERAGE SKY COVER 1.0


WEATHER CONDITIONS
 THE FOLLOWING WEATHER WAS RECORDED YESTERDAY.
  LIGHT RAIN
  FOG


RELATIVE HUMIDITY (PERCENT)
 HIGHEST   100           600 AM
 LOWEST     86           100 AM
 AVERAGE    93

..........................................................


THE MADISON WI CLIMATE NORMALS FOR TODAY
                         NORMAL    RECORD    YEAR
 MAXIMUM TEMPERATURE (F)   60        90      1975
 MINIMUM TEMPERATURE (F)   40        20      1988


SUNRISE AND SUNSET
OCTOBER 13 2017.......SUNRISE   709 AM CDT   SUNSET   617 PM CDT
OCTOBER 14 2017.......SUNRISE   710 AM CDT   SUNSET   616 PM CDT


-  INDICATES NEGATIVE NUMBERS.
R  INDICATES RECORD WAS SET OR TIED.
MM INDICATES DATA IS MISSING.
T  INDICATES TRACE AMOUNT.




$$
