015
CDUS43 KMKX 280645
CLIMSN


CLIMATE REPORT
NATIONAL WEATHER SERVICE IN MILWAUKEE
143 AM CDT SUN AUG 28 2016


...................................

...THE MADISON WI CLIMATE SUMMARY FOR AUGUST 27 2016...

CLIMATE NORMAL PERIOD 1981 TO 2010
CLIMATE RECORD PERIOD 1871 TO 2016


WEATHER ITEM   OBSERVED TIME   RECORD YEAR NORMAL DEPARTURE LAST
                VALUE   (LST)  VALUE       VALUE  FROM      YEAR
                                                  NORMAL
..................................................................
TEMPERATURE (F)
 YESTERDAY
  MAXIMUM         77    437 PM  95    1953  78     -1       75
  MINIMUM         61    604 AM  35    1968  57      4       50
  AVERAGE         69                        68      1       63

PRECIPITATION (IN)
  YESTERDAY        0.95          2.78 1959   0.13   0.82     0.00
  MONTH TO DATE    7.74                      3.74   4.00     2.30
  SINCE JUN 1     18.32                     12.46   5.86    10.47
  SINCE JAN 1     28.11                     24.29   3.82    20.99

SNOWFALL (IN)
  YESTERDAY        0.0           0.0    MM   0.0    0.0      0.0
  MONTH TO DATE    0.0                       0.0    0.0      0.0
  SINCE JUN 1      0.0                       0.0    0.0      0.0
  SINCE JUL 1      0.0                       0.0    0.0      0.0
  SNOW DEPTH       0

DEGREE DAYS
 HEATING
  YESTERDAY        0                         1     -1        2
  MONTH TO DATE    3                        24    -21       14
  SINCE JUN 1     21                        94    -73       67
  SINCE JUL 1      7                        34    -27       30

 COOLING
  YESTERDAY        4                         4      0        0
  MONTH TO DATE  209                       143     66      160
  SINCE JUN 1    613                       469    144      471
  SINCE JAN 1    665                       499    166      521
..................................................................


WIND (MPH)
  HIGHEST WIND SPEED    13   HIGHEST WIND DIRECTION     E (70)
  HIGHEST GUST SPEED    21   HIGHEST GUST DIRECTION    NE (40)
  AVERAGE WIND SPEED     4.7


SKY COVER
  POSSIBLE SUNSHINE  MM
  AVERAGE SKY COVER 0.9


WEATHER CONDITIONS
 THE FOLLOWING WEATHER WAS RECORDED YESTERDAY.
  HEAVY RAIN
  RAIN
  LIGHT RAIN
  FOG
  FOG W/VISIBILITY <= 1/4 MILE


RELATIVE HUMIDITY (PERCENT)
 HIGHEST   100           500 AM
 LOWEST     79           400 PM
 AVERAGE    90

..........................................................


THE MADISON WI CLIMATE NORMALS FOR TODAY
                         NORMAL    RECORD    YEAR
 MAXIMUM TEMPERATURE (F)   78        95      1955
 MINIMUM TEMPERATURE (F)   57        38      1982
                                             1968


SUNRISE AND SUNSET
AUGUST 28 2016........SUNRISE   618 AM CDT   SUNSET   738 PM CDT
AUGUST 29 2016........SUNRISE   619 AM CDT   SUNSET   736 PM CDT


-  INDICATES NEGATIVE NUMBERS.
R  INDICATES RECORD WAS SET OR TIED.
MM INDICATES DATA IS MISSING.
T  INDICATES TRACE AMOUNT.




$$
