000
CDUS43 KMKX 252047
CLIMSN


CLIMATE REPORT
NATIONAL WEATHER SERVICE IN MILWAUKEE
343 PM CDT MON JUL 25 2016


...................................

...THE MADISON WI CLIMATE SUMMARY FOR JULY 25 2016...
VALID TODAY AS OF 0300 PM LOCAL TIME.

CLIMATE NORMAL PERIOD 1981 TO 2010
CLIMATE RECORD PERIOD 1871 TO 2016


WEATHER ITEM   OBSERVED TIME   RECORD YEAR NORMAL DEPARTURE LAST
                VALUE   (LST)  VALUE       VALUE  FROM      YEAR
                                                  NORMAL
..................................................................
TEMPERATURE (F)
 TODAY
  MAXIMUM         85    146 PM  98    2012  81      4       88
                                      1934
  MINIMUM         68    455 AM  50    1991  61      7       70
                                      1962
  AVERAGE         77                        71      6       79

PRECIPITATION (IN)
  TODAY            0.00          2.67 1985   0.14  -0.14     0.00
  MONTH TO DATE    5.09                      3.43   1.66     3.60
  SINCE JUN 1     10.44                      7.97   2.47     6.75
  SINCE JAN 1     20.23                     19.80   0.43    17.27

SNOWFALL (IN)
  TODAY            0.0           0.0    MM   0.0    0.0      0.0
  MONTH TO DATE    0.0                       0.0    0.0      0.0
  SINCE JUN 1      0.0                       0.0    0.0      0.0
  SINCE JUL 1      0.0                       0.0    0.0      0.0
  SNOW DEPTH       0

DEGREE DAYS
 HEATING
  TODAY            0                         0      0        0
  MONTH TO DATE    4                         0      4       16
  SINCE JUN 1     18                        60    -42       53
  SINCE JUL 1      4                         0      4       16

 COOLING
  TODAY           12                         6      6       14
  MONTH TO DATE  212                       172     40      141
  SINCE JUN 1    361                       292     69      252
  SINCE JAN 1    413                       322     91      302
..................................................................


WIND (MPH)
  HIGHEST WIND SPEED    13   HIGHEST WIND DIRECTION    NW (320)
  HIGHEST GUST SPEED    19   HIGHEST GUST DIRECTION    NW (320)
  AVERAGE WIND SPEED     5.7


SKY COVER
  POSSIBLE SUNSHINE  MM
  AVERAGE SKY COVER 0.3


WEATHER CONDITIONS
 THE FOLLOWING WEATHER WAS RECORDED TODAY.
  NO SIGNIFICANT WEATHER WAS OBSERVED.


RELATIVE HUMIDITY (PERCENT)
 HIGHEST    87           500 AM
 LOWEST     48           100 PM
 AVERAGE    68

..........................................................


THE MADISON WI CLIMATE NORMALS FOR TOMORROW
                         NORMAL    RECORD    YEAR
 MAXIMUM TEMPERATURE (F)   81       100      1955
 MINIMUM TEMPERATURE (F)   61        46      1977


SUNRISE AND SUNSET
JULY 25 2016..........SUNRISE   541 AM CDT   SUNSET   826 PM CDT
JULY 26 2016..........SUNRISE   542 AM CDT   SUNSET   825 PM CDT


-  INDICATES NEGATIVE NUMBERS.
R  INDICATES RECORD WAS SET OR TIED.
MM INDICATES DATA IS MISSING.
T  INDICATES TRACE AMOUNT.




$$

HAHN
