000
CDUS43 KMKX 120647
CLIMSN


CLIMATE REPORT
NATIONAL WEATHER SERVICE IN MILWAUKEE
1246 AM CST FRI FEB 12 2016


...................................

...THE MADISON WI CLIMATE SUMMARY FOR FEBRUARY 11 2016...

CLIMATE NORMAL PERIOD 1981 TO 2010
CLIMATE RECORD PERIOD 1871 TO 2016


WEATHER ITEM   OBSERVED TIME   RECORD YEAR NORMAL DEPARTURE LAST
                VALUE   (LST)  VALUE       VALUE  FROM      YEAR
                                                  NORMAL
..................................................................
TEMPERATURE (F)
 YESTERDAY
  MAXIMUM         19    442 PM  61    1999  30    -11       33
  MINIMUM          0    703 AM -22    1885  14    -14       14
  AVERAGE         10                        22    -12       24

PRECIPITATION (IN)
  YESTERDAY        0.00          1.00 1880   0.05  -0.05      T
  MONTH TO DATE    0.40                      0.50  -0.10     0.47
  SINCE DEC 1      4.71                      3.47   1.24     2.16
  SINCE JAN 1      1.38                      1.73  -0.35     1.13

SNOWFALL (IN)
  YESTERDAY        0.0           6.5  1887   0.4   -0.4       T
  MONTH TO DATE    3.7                       4.4   -0.7      8.0
  SINCE DEC 1     18.0                      30.8  -12.8     18.3
  SINCE JUL 1     22.1                      34.9  -12.8     26.8
  SNOW DEPTH       3

DEGREE DAYS
 HEATING
  YESTERDAY       55                        43     12       41
  MONTH TO DATE  458                       487    -29      544
  SINCE DEC 1   2769                      3221   -452     3064
  SINCE JUL 1   3960                      4800   -840     4748

 COOLING
  YESTERDAY        0                         0      0        0
  MONTH TO DATE    0                         0      0        0
  SINCE DEC 1      0                         0      0        0
  SINCE JAN 1      0                         0      0        0
..................................................................


WIND (MPH)
  HIGHEST WIND SPEED    10   HIGHEST WIND DIRECTION    NW (320)
  HIGHEST GUST SPEED    14   HIGHEST GUST DIRECTION    NW (310)
  AVERAGE WIND SPEED     4.5


SKY COVER
  POSSIBLE SUNSHINE  MM
  AVERAGE SKY COVER 0.3


WEATHER CONDITIONS
 THE FOLLOWING WEATHER WAS RECORDED YESTERDAY.
  NO SIGNIFICANT WEATHER WAS OBSERVED.


RELATIVE HUMIDITY (PERCENT)
 HIGHEST    75           500 AM
 LOWEST     37           400 PM
 AVERAGE    56

..........................................................


THE MADISON WI CLIMATE NORMALS FOR TODAY
                         NORMAL    RECORD    YEAR
 MAXIMUM TEMPERATURE (F)   30        63      1882
 MINIMUM TEMPERATURE (F)   14       -23      1899


SUNRISE AND SUNSET
FEBRUARY 12 2016......SUNRISE   700 AM CST   SUNSET   524 PM CST
FEBRUARY 13 2016......SUNRISE   658 AM CST   SUNSET   525 PM CST


-  INDICATES NEGATIVE NUMBERS.
R  INDICATES RECORD WAS SET OR TIED.
MM INDICATES DATA IS MISSING.
T  INDICATES TRACE AMOUNT.




$$
