000
CDUS43 KMKX 200644
CLIMSN


CLIMATE REPORT
NATIONAL WEATHER SERVICE IN MILWAUKEE
143 AM CDT THU JUL 20 2017


...................................

...THE MADISON WI CLIMATE SUMMARY FOR JULY 19 2017...

CLIMATE NORMAL PERIOD 1981 TO 2010
CLIMATE RECORD PERIOD 1871 TO 2017


WEATHER ITEM   OBSERVED TIME   RECORD YEAR NORMAL DEPARTURE LAST
                VALUE   (LST)  VALUE       VALUE  FROM      YEAR
                                                  NORMAL
..................................................................
TEMPERATURE (F)
 YESTERDAY
  MAXIMUM         83    142 PM  97    1964  82      1       87
  MINIMUM         68    901 PM  49    2003  61      7       61
                                      1929
  AVERAGE         76                        72      4       74

PRECIPITATION (IN)
  YESTERDAY        0.80          3.65 1950   0.13   0.67     0.00
  MONTH TO DATE    4.00                      2.64   1.36     1.01
  SINCE JUN 1     10.73                      7.18   3.55     6.36
  SINCE JAN 1     26.39                     19.01   7.38    16.15

SNOWFALL (IN)
  YESTERDAY        0.0           0.0    MM   0.0    0.0      0.0
  MONTH TO DATE    0.0                       0.0    0.0      0.0
  SINCE JUN 1      0.0                       0.0    0.0      0.0
  SINCE JUL 1      0.0                       0.0    0.0      0.0
  SNOW DEPTH       0

DEGREE DAYS
 HEATING
  YESTERDAY        0                         0      0        0
  MONTH TO DATE    0                         0      0        4
  SINCE JUN 1     30                        60    -30       18
  SINCE JUL 1      0                         0      0        4

 COOLING
  YESTERDAY       11                         7      4        9
  MONTH TO DATE  128                       131     -3      129
  SINCE JUN 1    285                       251     34      278
  SINCE JAN 1    300                       281     19      330
..................................................................


WIND (MPH)
  HIGHEST WIND SPEED    32   HIGHEST WIND DIRECTION     N (360)
  HIGHEST GUST SPEED    41   HIGHEST GUST DIRECTION     N (10)
  AVERAGE WIND SPEED     7.8


SKY COVER
  POSSIBLE SUNSHINE  MM
  AVERAGE SKY COVER 0.7


WEATHER CONDITIONS
 THE FOLLOWING WEATHER WAS RECORDED YESTERDAY.
  THUNDERSTORM
  HEAVY RAIN
  RAIN
  LIGHT RAIN
  FOG


RELATIVE HUMIDITY (PERCENT)
 HIGHEST   100           400 AM
 LOWEST     69           200 PM
 AVERAGE    85

..........................................................


THE MADISON WI CLIMATE NORMALS FOR TODAY
                         NORMAL    RECORD    YEAR
 MAXIMUM TEMPERATURE (F)   82        97      2011
                                             1930
                                             1901
 MINIMUM TEMPERATURE (F)   61        45      1970


SUNRISE AND SUNSET
JULY 20 2017..........SUNRISE   536 AM CDT   SUNSET   831 PM CDT
JULY 21 2017..........SUNRISE   537 AM CDT   SUNSET   830 PM CDT


-  INDICATES NEGATIVE NUMBERS.
R  INDICATES RECORD WAS SET OR TIED.
MM INDICATES DATA IS MISSING.
T  INDICATES TRACE AMOUNT.




$$
