000
CDUS43 KMKX 040049
CLIMSN


CLIMATE REPORT
NATIONAL WEATHER SERVICE IN MILWAUKEE
749 PM CDT FRI JUL 3 2015


...................................

...THE MADISON WI CLIMATE SUMMARY FOR JULY 3 2015...
VALID TODAY AS OF 0700 PM LOCAL TIME.

CLIMATE NORMAL PERIOD 1981 TO 2010
CLIMATE RECORD PERIOD 1871 TO 2015


WEATHER ITEM   OBSERVED TIME   RECORD YEAR NORMAL DEPARTURE LAST
                VALUE   (LST)  VALUE       VALUE  FROM      YEAR
                                                  NORMAL
..................................................................
TEMPERATURE (F)
 TODAY
  MAXIMUM         77    336 PM  96    2012  82     -5       76
                                      1949
                                      1911
  MINIMUM         49    459 AM  42    1968  61    -12       51
  AVERAGE         63                        71     -8       64

PRECIPITATION (IN)
  TODAY            0.00          3.89 1975   0.13  -0.13     0.00
  MONTH TO DATE    0.00                      0.41  -0.41     0.01
  SINCE JUN 1      3.15                      4.95  -1.80     9.56
  SINCE JAN 1     13.67                     16.78  -3.11    21.31

SNOWFALL (IN)
  TODAY            0.0           0.0    MM   0.0    0.0      0.0
  MONTH TO DATE    0.0                       0.0    0.0      0.0
  SINCE JUN 1      0.0                       0.0    0.0      0.0
  SINCE JUL 1      0.0                       0.0    0.0      0.0
  SNOW DEPTH       0

DEGREE DAYS
 HEATING
  TODAY            2                         0      2        1
  MONTH TO DATE   11                         0     11        3
  SINCE JUN 1     48                        60    -12       12
  SINCE JUL 1     11                         0     11        3

 COOLING
  TODAY            0                         7     -7        0
  MONTH TO DATE    0                        19    -19        7
  SINCE JUN 1    111                       139    -28      189
  SINCE JAN 1    161                       169     -8      240
..................................................................


WIND (MPH)
  HIGHEST WIND SPEED     9   HIGHEST WIND DIRECTION     S (190)
  HIGHEST GUST SPEED    13   HIGHEST GUST DIRECTION     S (180)
  AVERAGE WIND SPEED     2.5


SKY COVER
  POSSIBLE SUNSHINE  MM
  AVERAGE SKY COVER 0.3


WEATHER CONDITIONS
 THE FOLLOWING WEATHER WAS RECORDED TODAY.
  NO SIGNIFICANT WEATHER WAS OBSERVED.


RELATIVE HUMIDITY (PERCENT)
 HIGHEST    93           500 AM
 LOWEST     43           200 PM
 AVERAGE    68

..........................................................


THE MADISON WI CLIMATE NORMALS FOR TOMORROW
                         NORMAL    RECORD    YEAR
 MAXIMUM TEMPERATURE (F)   82       102      2012
 MINIMUM TEMPERATURE (F)   61        44      1972
                                             1967


SUNRISE AND SUNSET
JULY  3 2015..........SUNRISE   523 AM CDT   SUNSET   840 PM CDT
JULY  4 2015..........SUNRISE   523 AM CDT   SUNSET   840 PM CDT


-  INDICATES NEGATIVE NUMBERS.
R  INDICATES RECORD WAS SET OR TIED.
MM INDICATES DATA IS MISSING.
T  INDICATES TRACE AMOUNT.




$$
