000
CDUS43 KMKX 180646
CLIMSN


CLIMATE REPORT
NATIONAL WEATHER SERVICE IN MILWAUKEE
145 AM CDT THU MAY 18 2017


...................................

...THE MADISON WI CLIMATE SUMMARY FOR MAY 17 2017...

CLIMATE NORMAL PERIOD 1981 TO 2010
CLIMATE RECORD PERIOD 1871 TO 2017


WEATHER ITEM   OBSERVED TIME   RECORD YEAR NORMAL DEPARTURE LAST
                VALUE   (LST)  VALUE       VALUE  FROM      YEAR
                                                  NORMAL
..................................................................
TEMPERATURE (F)
 YESTERDAY
  MAXIMUM         82    402 PM  86    2001  69     13       61
                                      1987
                                      1971
  MINIMUM         60   1016 PM  32    2002  46     14       39
  AVERAGE         71                        58     13       50

PRECIPITATION (IN)
  YESTERDAY        0.43          2.58 2000   0.11   0.32      T
  MONTH TO DATE    1.52                      1.85  -0.33     1.49
  SINCE MAR 1      9.65                      7.45   2.20     7.56
  SINCE JAN 1     14.35                     10.13   4.22     9.06

SNOWFALL (IN)
  YESTERDAY        0.0           0.0    MM   0.0    0.0      0.0
  MONTH TO DATE    0.0                       0.2   -0.2      0.0
  SINCE MAR 1      8.3                       9.8   -1.5      8.2
  SINCE JUL 1     44.0                      50.9   -6.9     32.7
  SNOW DEPTH       0

DEGREE DAYS
 HEATING
  YESTERDAY        0                         8     -8       15
  MONTH TO DATE  175                       176     -1      209
  SINCE MAR 1   1567                      1697   -130     1547
  SINCE JUL 1   6079                      7183  -1104     6147

 COOLING
  YESTERDAY        6                         1      5        0
  MONTH TO DATE   15                         7      8        0
  SINCE MAR 1     15                        11      4        0
  SINCE JAN 1     15                        11      4        0
..................................................................


WIND (MPH)
  HIGHEST WIND SPEED    33   HIGHEST WIND DIRECTION     S (170)
  HIGHEST GUST SPEED    41   HIGHEST GUST DIRECTION     S (160)
  AVERAGE WIND SPEED    13.9


SKY COVER
  POSSIBLE SUNSHINE  MM
  AVERAGE SKY COVER 0.7


WEATHER CONDITIONS
 THE FOLLOWING WEATHER WAS RECORDED YESTERDAY.
  THUNDERSTORM
  LIGHT RAIN
  FOG


RELATIVE HUMIDITY (PERCENT)
 HIGHEST    97          1100 PM
 LOWEST     50          1200 AM
 AVERAGE    74

..........................................................


THE MADISON WI CLIMATE NORMALS FOR TODAY
                         NORMAL    RECORD    YEAR
 MAXIMUM TEMPERATURE (F)   69        91      1934
 MINIMUM TEMPERATURE (F)   47        28      2002


SUNRISE AND SUNSET
MAY 18 2017...........SUNRISE   531 AM CDT   SUNSET   818 PM CDT
MAY 19 2017...........SUNRISE   530 AM CDT   SUNSET   819 PM CDT


-  INDICATES NEGATIVE NUMBERS.
R  INDICATES RECORD WAS SET OR TIED.
MM INDICATES DATA IS MISSING.
T  INDICATES TRACE AMOUNT.




$$
