000
CDUS43 KMKX 130651
CLIMSN


CLIMATE REPORT
NATIONAL WEATHER SERVICE IN MILWAUKEE
150 AM CDT SUN APR 13 2014


...................................

...THE MADISON WI CLIMATE SUMMARY FOR APRIL 12 2014...

CLIMATE NORMAL PERIOD 1981 TO 2010
CLIMATE RECORD PERIOD 1871 TO 2014


WEATHER ITEM   OBSERVED TIME   RECORD YEAR NORMAL DEPARTURE LAST
                VALUE   (LST)  VALUE       VALUE  FROM      YEAR
                                                  NORMAL
..................................................................
TEMPERATURE (F)
 YESTERDAY
  MAXIMUM         62    343 PM  86    1887  56      6       41
  MINIMUM         43    429 AM  17    1939  35      8       34
  AVERAGE         53                        45      8       38

PRECIPITATION (IN)
  YESTERDAY        0.07          1.41 1991   0.12  -0.05     0.03
  MONTH TO DATE    0.34                      1.31  -0.97     3.31
  SINCE MAR 1      1.60                      3.51  -1.91     5.72
  SINCE JAN 1      3.49                      6.19  -2.70    11.00

SNOWFALL (IN)
  YESTERDAY        0.0           2.6  1997   0.1   -0.1      0.0
  MONTH TO DATE    T                         1.5   -1.5      0.0
  SINCE MAR 1      8.2                       8.5   -0.3     15.2
  SINCE JUL 1     58.2                      49.6    8.6     70.3
  SNOW DEPTH       0

DEGREE DAYS
 HEATING
  YESTERDAY       12                        20     -8       27
  MONTH TO DATE  244                       266    -22      311
  SINCE MAR 1   1392                      1229    163     1493
  SINCE JUL 1   7504                      6715    789     6651

 COOLING
  YESTERDAY        0                         0      0        0
  MONTH TO DATE    0                         0      0        0
  SINCE MAR 1      0                         0      0        0
  SINCE JAN 1      0                         0      0        0
..................................................................


WIND (MPH)
  HIGHEST WIND SPEED    25   HIGHEST WIND DIRECTION     N (10)
  HIGHEST GUST SPEED    32   HIGHEST GUST DIRECTION     N (10)
  AVERAGE WIND SPEED    10.1


SKY COVER
  POSSIBLE SUNSHINE  MM
  AVERAGE SKY COVER 0.6


WEATHER CONDITIONS
 THE FOLLOWING WEATHER WAS RECORDED YESTERDAY.
  THUNDERSTORM
  LIGHT RAIN
  FOG


RELATIVE HUMIDITY (PERCENT)
 HIGHEST    93           800 PM
 LOWEST     49           600 AM
 AVERAGE    71

..........................................................


THE MADISON WI CLIMATE NORMALS FOR TODAY
                         NORMAL    RECORD    YEAR
 MAXIMUM TEMPERATURE (F)   56        78      1938
                                             1931
                                             1870
 MINIMUM TEMPERATURE (F)   35        15      1997


SUNRISE AND SUNSET
APRIL 13 2014.........SUNRISE   619 AM CDT   SUNSET   738 PM CDT
APRIL 14 2014.........SUNRISE   617 AM CDT   SUNSET   739 PM CDT


-  INDICATES NEGATIVE NUMBERS.
R  INDICATES RECORD WAS SET OR TIED.
MM INDICATES DATA IS MISSING.
T  INDICATES TRACE AMOUNT.




$$
