000
CDUS43 KMKX 170647
CLIMSN


CLIMATE REPORT
NATIONAL WEATHER SERVICE IN MILWAUKEE
1247 AM CST SAT FEB 17 2018


...................................

...THE MADISON WI CLIMATE SUMMARY FOR FEBRUARY 16 2018...

CLIMATE NORMAL PERIOD 1981 TO 2010
CLIMATE RECORD PERIOD 1871 TO 2018


WEATHER ITEM   OBSERVED TIME   RECORD YEAR NORMAL DEPARTURE LAST
                VALUE   (LST)  VALUE       VALUE  FROM      YEAR
                                                  NORMAL
..................................................................
TEMPERATURE (F)
 YESTERDAY
  MAXIMUM         33    100 AM  57    1981  31      2       38
  MINIMUM         14   1111 PM -18    1936  15     -1       26
                                      1885
  AVERAGE         24                        23      1       32

PRECIPITATION (IN)
  YESTERDAY        T             1.28 1911   0.06  -0.06     0.00
  MONTH TO DATE    0.87                      0.76   0.11     0.28
  SINCE DEC 1      3.28                      3.73  -0.45     5.07
  SINCE JAN 1      2.55                      1.99   0.56     3.04

SNOWFALL (IN)
  YESTERDAY        T             6.1  2006   0.4   -0.4      0.0
  MONTH TO DATE   12.9                       6.3    6.6       T
  SINCE DEC 1     26.8                      32.7   -5.9     33.8
  SINCE JUL 1     27.1                      36.8   -9.7     33.8
  SNOW DEPTH       2

DEGREE DAYS
 HEATING
  YESTERDAY       41                        42     -1       33
  MONTH TO DATE  810                       699    111      621
  SINCE DEC 1   3516                      3433     83     3203
  SINCE JUL 1   4875                      5012   -137     4225

 COOLING
  YESTERDAY        0                         0      0        0
  MONTH TO DATE    0                         0      0        0
  SINCE DEC 1      0                         0      0        0
  SINCE JAN 1      0                         0      0        0
..................................................................


WIND (MPH)
  HIGHEST WIND SPEED    20   HIGHEST WIND DIRECTION    NW (320)
  HIGHEST GUST SPEED    28   HIGHEST GUST DIRECTION    NW (320)
  AVERAGE WIND SPEED     8.6


SKY COVER
  POSSIBLE SUNSHINE  MM
  AVERAGE SKY COVER 0.3


WEATHER CONDITIONS
 THE FOLLOWING WEATHER WAS RECORDED YESTERDAY.
  FOG
  HAZE


RELATIVE HUMIDITY (PERCENT)
 HIGHEST    85           200 AM
 LOWEST     34           100 PM
 AVERAGE    60

..........................................................


THE MADISON WI CLIMATE NORMALS FOR TODAY
                         NORMAL    RECORD    YEAR
 MAXIMUM TEMPERATURE (F)   32        61      1981
 MINIMUM TEMPERATURE (F)   16       -16      1973


SUNRISE AND SUNSET
FEBRUARY 17 2018......SUNRISE   652 AM CST   SUNSET   531 PM CST
FEBRUARY 18 2018......SUNRISE   651 AM CST   SUNSET   532 PM CST


-  INDICATES NEGATIVE NUMBERS.
R  INDICATES RECORD WAS SET OR TIED.
MM INDICATES DATA IS MISSING.
T  INDICATES TRACE AMOUNT.




$$
