000
CDUS43 KMKX 300647
CLIMSN


CLIMATE REPORT
NATIONAL WEATHER SERVICE IN MILWAUKEE
1246 AM CST FRI JAN 30 2015


...................................

...THE MADISON WI CLIMATE SUMMARY FOR JANUARY 29 2015...

CLIMATE NORMAL PERIOD 1981 TO 2010
CLIMATE RECORD PERIOD 1871 TO 2015


WEATHER ITEM   OBSERVED TIME   RECORD YEAR NORMAL DEPARTURE LAST
                VALUE   (LST)  VALUE       VALUE  FROM      YEAR
                                                  NORMAL
..................................................................
TEMPERATURE (F)
 YESTERDAY
  MAXIMUM         35    256 PM  54    2013  27      8       23
  MINIMUM         25   1154 PM -26    1951  11     14       -3
  AVERAGE         30                        19     11       10

PRECIPITATION (IN)
  YESTERDAY        0.01          1.84 2013   0.04  -0.03     0.00
  MONTH TO DATE    0.53                      1.15  -0.62     0.58
  SINCE DEC 1      1.56                      2.89  -1.33     2.20
  SINCE JAN 1      0.53                      1.15  -0.62     0.58

SNOWFALL (IN)
  YESTERDAY        0.1           9.1  1909   0.4   -0.3      0.0
  MONTH TO DATE    8.9                      12.0   -3.1     11.3
  SINCE DEC 1      9.0                      25.5  -16.5     33.4
  SINCE JUL 1     17.5                      29.6  -12.1     36.9
  SNOW DEPTH       1

DEGREE DAYS
 HEATING
  YESTERDAY       35                        46    -11       55
  MONTH TO DATE 1309                      1343    -34     1559
  SINCE DEC 1   2437                      2643   -206     3025
  SINCE JUL 1   4121                      4222   -101     4544

 COOLING
  YESTERDAY        0                         0      0        0
  MONTH TO DATE    0                         0      0        0
  SINCE DEC 1      0                         0      0        0
  SINCE JAN 1      0                         0      0        0
..................................................................


WIND (MPH)
  HIGHEST WIND SPEED    22   HIGHEST WIND DIRECTION     N (340)
  HIGHEST GUST SPEED    33   HIGHEST GUST DIRECTION     N (340)
  AVERAGE WIND SPEED    11.4


SKY COVER
  POSSIBLE SUNSHINE  MM
  AVERAGE SKY COVER 1.0


WEATHER CONDITIONS
 THE FOLLOWING WEATHER WAS RECORDED YESTERDAY.
  LIGHT SNOW
  FOG
  HAZE


RELATIVE HUMIDITY (PERCENT)
 HIGHEST    85           300 AM
 LOWEST     55          1100 PM
 AVERAGE    70

..........................................................


THE MADISON WI CLIMATE NORMALS FOR TODAY
                         NORMAL    RECORD    YEAR
 MAXIMUM TEMPERATURE (F)   27        47      1974
 MINIMUM TEMPERATURE (F)   12       -37      1951


SUNRISE AND SUNSET
JANUARY 30 2015.......SUNRISE   715 AM CST   SUNSET   507 PM CST
JANUARY 31 2015.......SUNRISE   714 AM CST   SUNSET   508 PM CST


-  INDICATES NEGATIVE NUMBERS.
R  INDICATES RECORD WAS SET OR TIED.
MM INDICATES DATA IS MISSING.
T  INDICATES TRACE AMOUNT.




$$
