000
CDUS43 KMKX 110650
CLIMSN


CLIMATE REPORT
NATIONAL WEATHER SERVICE IN MILWAUKEE
1250 AM CST MON DEC 11 2017


...................................

...THE MADISON WI CLIMATE SUMMARY FOR DECEMBER 10 2017...

CLIMATE NORMAL PERIOD 1981 TO 2010
CLIMATE RECORD PERIOD 1871 TO 2017


WEATHER ITEM   OBSERVED TIME   RECORD YEAR NORMAL DEPARTURE LAST
                VALUE   (LST)  VALUE       VALUE  FROM      YEAR
                                                  NORMAL
..................................................................
TEMPERATURE (F)
 YESTERDAY
  MAXIMUM         29    343 PM  56    2015  32     -3       20
  MINIMUM         19   1207 AM -16    1919  18      1       12
  AVERAGE         24                        24      0       16

PRECIPITATION (IN)
  YESTERDAY        0.00          1.34 1970   0.07  -0.07     0.16
  MONTH TO DATE    0.50                      0.70  -0.20     0.63
  SINCE DEC 1      0.50                      0.70  -0.20     0.63
  SINCE JAN 1     38.05                     33.44   4.61    44.16

SNOWFALL (IN)
  YESTERDAY        0.0          12.7  1970   0.5   -0.5      3.8
  MONTH TO DATE    0.8                       4.2   -3.4      9.6
  SINCE DEC 1      0.8                       4.2   -3.4      9.6
  SINCE JUL 1      1.1                       8.3   -7.2      9.6
  SNOW DEPTH       T

DEGREE DAYS
 HEATING
  YESTERDAY       41                        40      1       49
  MONTH TO DATE  337                       386    -49      375
  SINCE DEC 1    337                       386    -49      375
  SINCE JUL 1   1696                      1965   -269     1397

 COOLING
  YESTERDAY        0                         0      0        0
  MONTH TO DATE    0                         0      0        0
  SINCE DEC 1      0                         0      0        0
  SINCE JAN 1    580                       568     12      780
..................................................................


WIND (MPH)
  HIGHEST WIND SPEED    14   HIGHEST WIND DIRECTION    NW (330)
  HIGHEST GUST SPEED    20   HIGHEST GUST DIRECTION    NW (330)
  AVERAGE WIND SPEED     6.8


SKY COVER
  POSSIBLE SUNSHINE  MM
  AVERAGE SKY COVER 0.9


WEATHER CONDITIONS
 THE FOLLOWING WEATHER WAS RECORDED YESTERDAY.
  NO SIGNIFICANT WEATHER WAS OBSERVED.


RELATIVE HUMIDITY (PERCENT)
 HIGHEST    81           800 AM
 LOWEST     67          1200 AM
 AVERAGE    74

..........................................................


THE MADISON WI CLIMATE NORMALS FOR TODAY
                         NORMAL    RECORD    YEAR
 MAXIMUM TEMPERATURE (F)   31        59      1949
 MINIMUM TEMPERATURE (F)   17       -17      1976
                                             1972


SUNRISE AND SUNSET
DECEMBER 11 2017......SUNRISE   719 AM CST   SUNSET   422 PM CST
DECEMBER 12 2017......SUNRISE   720 AM CST   SUNSET   422 PM CST


-  INDICATES NEGATIVE NUMBERS.
R  INDICATES RECORD WAS SET OR TIED.
MM INDICATES DATA IS MISSING.
T  INDICATES TRACE AMOUNT.




$$
