000
CDUS43 KMKX 310643
CLIMSN


CLIMATE REPORT
NATIONAL WEATHER SERVICE IN MILWAUKEE
143 AM CDT THU JUL 31 2014


...................................

...THE MADISON WI CLIMATE SUMMARY FOR JULY 30 2014...

CLIMATE NORMAL PERIOD 1981 TO 2010
CLIMATE RECORD PERIOD 1871 TO 2014


WEATHER ITEM   OBSERVED TIME   RECORD YEAR NORMAL DEPARTURE LAST
                VALUE   (LST)  VALUE       VALUE  FROM      YEAR
                                                  NORMAL
..................................................................
TEMPERATURE (F)
 YESTERDAY
  MAXIMUM         78    333 PM  97    1999  81     -3       74
                                      1955
                                      1916
  MINIMUM         57    451 AM  45    1971  61     -4       57
  AVERAGE         68                        71     -3       66

PRECIPITATION (IN)
  YESTERDAY        0.00          2.24 2004   0.12  -0.12     0.00
  MONTH TO DATE    1.08                      4.05  -2.97     4.00
  SINCE JUN 1     10.63                      8.59   2.04    14.86
  SINCE JAN 1     22.38                     20.42   1.96    34.95

SNOWFALL (IN)
  YESTERDAY        0.0           0.0    MM   0.0    0.0      0.0
  MONTH TO DATE    0.0                       0.0    0.0      0.0
  SINCE JUN 1      0.0                       0.0    0.0      0.0
  SINCE JUL 1      0.0                       0.0    0.0      0.0
  SNOW DEPTH       0

DEGREE DAYS
 HEATING
  YESTERDAY        0                         0      0        0
  MONTH TO DATE   13                         0     13       18
  SINCE JUN 1     22                        60    -38       70
  SINCE JUL 1     13                         0     13       18

 COOLING
  YESTERDAY        3                         6     -3        1
  MONTH TO DATE  135                       202    -67      225
  SINCE JUN 1    317                       322     -5      362
  SINCE JAN 1    368                       352     16      415
..................................................................


WIND (MPH)
  HIGHEST WIND SPEED    12   HIGHEST WIND DIRECTION    NW (330)
  HIGHEST GUST SPEED    14   HIGHEST GUST DIRECTION     N (360)
  AVERAGE WIND SPEED     4.5


SKY COVER
  POSSIBLE SUNSHINE  MM
  AVERAGE SKY COVER 0.3


WEATHER CONDITIONS
 THE FOLLOWING WEATHER WAS RECORDED YESTERDAY.
  NO SIGNIFICANT WEATHER WAS OBSERVED.


RELATIVE HUMIDITY (PERCENT)
 HIGHEST    93           400 AM
 LOWEST     40           400 PM
 AVERAGE    67

..........................................................


THE MADISON WI CLIMATE NORMALS FOR TODAY
                         NORMAL    RECORD    YEAR
 MAXIMUM TEMPERATURE (F)   81        95      2006
                                             2001
                                             1988
 MINIMUM TEMPERATURE (F)   61        43      1971


SUNRISE AND SUNSET
JULY 31 2014..........SUNRISE   547 AM CDT   SUNSET   820 PM CDT
AUGUST  1 2014........SUNRISE   548 AM CDT   SUNSET   819 PM CDT


-  INDICATES NEGATIVE NUMBERS.
R  INDICATES RECORD WAS SET OR TIED.
MM INDICATES DATA IS MISSING.
T  INDICATES TRACE AMOUNT.




$$
