000
CDUS43 KMKX 090702
CLIMSN


CLIMATE REPORT
NATIONAL WEATHER SERVICE IN MILWAUKEE
151 AM CDT MON OCT 9 2017


...................................

...THE MADISON WI CLIMATE SUMMARY FOR OCTOBER 8 2017...

CLIMATE NORMAL PERIOD 1981 TO 2010
CLIMATE RECORD PERIOD 1871 TO 2017


WEATHER ITEM   OBSERVED TIME   RECORD YEAR NORMAL DEPARTURE LAST
                VALUE   (LST)  VALUE       VALUE  FROM      YEAR
                                                  NORMAL
..................................................................
TEMPERATURE (F)
 YESTERDAY
  MAXIMUM         76    323 PM  83    1997  62     14       60
                                      1949
  MINIMUM         51    612 AM  22    1987  41     10       38
  AVERAGE         64                        52     12       49

PRECIPITATION (IN)
  YESTERDAY        0.00          2.05 1881   0.08  -0.08     0.00
  MONTH TO DATE    1.70                      0.63   1.07     0.44
  SINCE SEP 1      2.25                      3.76  -1.51     8.90
  SINCE JAN 1     35.01                     28.58   6.43    37.14

SNOWFALL (IN)
  YESTERDAY        0.0           T    1915   0.0    0.0      0.0
  MONTH TO DATE    0.0                       0.0    0.0      0.0
  SINCE SEP 1      0.0                       0.0    0.0      0.0
  SINCE JUL 1      0.0                       0.0    0.0      0.0
  SNOW DEPTH       0

DEGREE DAYS
 HEATING
  YESTERDAY        1                        14    -13       16
  MONTH TO DATE   31                        99    -68       53
  SINCE SEP 1    144                       270   -126       95
  SINCE JUL 1    169                       307   -138      102

 COOLING
  YESTERDAY        0                         0      0        0
  MONTH TO DATE    8                         0      8        0
  SINCE SEP 1    118                        51     67       76
  SINCE JAN 1    578                       564     14      771
..................................................................


WIND (MPH)
  HIGHEST WIND SPEED    17   HIGHEST WIND DIRECTION     S (180)
  HIGHEST GUST SPEED    22   HIGHEST GUST DIRECTION     S (170)
  AVERAGE WIND SPEED     6.5


SKY COVER
  POSSIBLE SUNSHINE  MM
  AVERAGE SKY COVER 0.0


WEATHER CONDITIONS
 THE FOLLOWING WEATHER WAS RECORDED YESTERDAY.
  NO SIGNIFICANT WEATHER WAS OBSERVED.


RELATIVE HUMIDITY (PERCENT)
 HIGHEST   100          1100 PM
 LOWEST     41           300 PM
 AVERAGE    71

..........................................................


THE MADISON WI CLIMATE NORMALS FOR TODAY
                         NORMAL    RECORD    YEAR
 MAXIMUM TEMPERATURE (F)   62        85      2010
 MINIMUM TEMPERATURE (F)   41        20      1964


SUNRISE AND SUNSET
OCTOBER  9 2017.......SUNRISE   704 AM CDT   SUNSET   624 PM CDT
OCTOBER 10 2017.......SUNRISE   705 AM CDT   SUNSET   622 PM CDT


-  INDICATES NEGATIVE NUMBERS.
R  INDICATES RECORD WAS SET OR TIED.
MM INDICATES DATA IS MISSING.
T  INDICATES TRACE AMOUNT.




$$
