000
CDUS43 KMKX 262244
CLIMSN


CLIMATE REPORT
NATIONAL WEATHER SERVICE IN MILWAUKEE
444 PM CST THU FEB 26 2015


...................................

...THE MADISON WI CLIMATE SUMMARY FOR FEBRUARY 26 2015...
VALID TODAY AS OF 0400 PM LOCAL TIME.

CLIMATE NORMAL PERIOD 1981 TO 2010
CLIMATE RECORD PERIOD 1871 TO 2015


WEATHER ITEM   OBSERVED TIME   RECORD YEAR NORMAL DEPARTURE LAST
                VALUE   (LST)  VALUE       VALUE  FROM      YEAR
                                                  NORMAL
..................................................................
TEMPERATURE (F)
 TODAY
  MAXIMUM         14    334 PM  61    2000  35    -21       16
  MINIMUM          0    725 AM  -9    1994  19    -19       -5
  AVERAGE          7                        27    -20        6

PRECIPITATION (IN)
  TODAY            0.00          1.16 1881   0.06  -0.06     0.01
  MONTH TO DATE    0.54                      1.33  -0.79     1.17
  SINCE DEC 1      2.23                      4.30  -2.07     3.44
  SINCE JAN 1      1.20                      2.56  -1.36     1.82

SNOWFALL (IN)
  TODAY            0.0          11.5  1912   0.4   -0.4      0.2
  MONTH TO DATE   10.7                      10.0    0.7     11.2
  SINCE DEC 1     21.0                      36.4  -15.4     45.7
  SINCE JUL 1     29.5                      40.5  -11.0     49.2
  SNOW DEPTH       7

DEGREE DAYS
 HEATING
  TODAY           58                        38     20       59
  MONTH TO DATE 1387                      1097    290     1348
  SINCE DEC 1   3907                      3831     76     4471
  SINCE JUL 1   5591                      5410    181     5990

 COOLING
  TODAY            0                         0      0        0
  MONTH TO DATE    0                         0      0        0
  SINCE DEC 1      0                         0      0        0
  SINCE JAN 1      0                         0      0        0
..................................................................


WIND (MPH)
  HIGHEST WIND SPEED    18   HIGHEST WIND DIRECTION     N (20)
  HIGHEST GUST SPEED    22   HIGHEST GUST DIRECTION     N (10)
  AVERAGE WIND SPEED    10.9


SKY COVER
  POSSIBLE SUNSHINE  MM
  AVERAGE SKY COVER 0.4


WEATHER CONDITIONS
 THE FOLLOWING WEATHER WAS RECORDED TODAY.
  NO SIGNIFICANT WEATHER WAS OBSERVED.


RELATIVE HUMIDITY (PERCENT)
 HIGHEST    80           300 AM
 LOWEST     46           200 PM
 AVERAGE    63

..........................................................


THE MADISON WI CLIMATE NORMALS FOR TOMORROW
                         NORMAL    RECORD    YEAR
 MAXIMUM TEMPERATURE (F)   35        58      1976
 MINIMUM TEMPERATURE (F)   19       -13      1994


SUNRISE AND SUNSET
FEBRUARY 26 2015......SUNRISE   639 AM CST   SUNSET   542 PM CST
FEBRUARY 27 2015......SUNRISE   637 AM CST   SUNSET   544 PM CST


-  INDICATES NEGATIVE NUMBERS.
R  INDICATES RECORD WAS SET OR TIED.
MM INDICATES DATA IS MISSING.
T  INDICATES TRACE AMOUNT.




$$
