694
CDUS43 KMKX 181245
CLIMSN


CLIMATE REPORT
NATIONAL WEATHER SERVICE IN MILWAUKEE
745 AM CDT MON MAY 18 2015


...................................

...THE MADISON WI CLIMATE SUMMARY FOR MAY 17 2015...

CLIMATE NORMAL PERIOD 1981 TO 2010
CLIMATE RECORD PERIOD 1871 TO 2015


WEATHER ITEM   OBSERVED TIME   RECORD YEAR NORMAL DEPARTURE LAST
                VALUE   (LST)  VALUE       VALUE  FROM      YEAR
                                                  NORMAL
..................................................................
TEMPERATURE (F)
 YESTERDAY
  MAXIMUM         80    447 PM  86    2001  69     11       62
                                      1987
                                      1971
  MINIMUM         67   1246 PM  32    2002  46     21       40
  AVERAGE         74                        58     16       51

PRECIPITATION (IN)
  YESTERDAY        1.57          2.58 2000   0.11   1.46     0.00
  MONTH TO DATE    2.64                      1.85   0.79     1.44
  SINCE MAR 1      7.78                      7.45   0.33     7.83
  SINCE JAN 1      8.98                     10.13  -1.15     9.72

SNOWFALL (IN)
  YESTERDAY        0.0           0.0    MM   0.0    0.0      0.0
  MONTH TO DATE    0.0                       0.2   -0.2      0.0
  SINCE MAR 1      4.2                       9.8   -5.6      9.2
  SINCE JUL 1     33.7                      50.9  -17.2     59.2
  SNOW DEPTH       0

DEGREE DAYS
 HEATING
  YESTERDAY        0                         8     -8       14
  MONTH TO DATE   99                       176    -77      181
  SINCE MAR 1   1528                      1697   -169     1909
  SINCE JUL 1   7239                      7183     56     8021

 COOLING
  YESTERDAY        9                         1      8        0
  MONTH TO DATE   26                         7     19        9
  SINCE MAR 1     26                        11     15        9
  SINCE JAN 1     26                        11     15        9
..................................................................


WIND (MPH)
  HIGHEST WIND SPEED    29   HIGHEST WIND DIRECTION     S (160)
  HIGHEST GUST SPEED    36   HIGHEST GUST DIRECTION     S (160)
  AVERAGE WIND SPEED    14.1


SKY COVER
  POSSIBLE SUNSHINE  MM
  AVERAGE SKY COVER 0.8


WEATHER CONDITIONS
 THE FOLLOWING WEATHER WAS RECORDED YESTERDAY.
  HEAVY RAIN
  RAIN
  LIGHT RAIN
  FOG
  HAZE


RELATIVE HUMIDITY (PERCENT)
 HIGHEST    87           300 AM
 LOWEST     48           500 PM
 AVERAGE    68

..........................................................


THE MADISON WI CLIMATE NORMALS FOR TODAY
                         NORMAL    RECORD    YEAR
 MAXIMUM TEMPERATURE (F)   69        91      1934
 MINIMUM TEMPERATURE (F)   47        28      2002


SUNRISE AND SUNSET
MAY 18 2015...........SUNRISE   531 AM CDT   SUNSET   817 PM CDT
MAY 19 2015...........SUNRISE   530 AM CDT   SUNSET   818 PM CDT


-  INDICATES NEGATIVE NUMBERS.
R  INDICATES RECORD WAS SET OR TIED.
MM INDICATES DATA IS MISSING.
T  INDICATES TRACE AMOUNT.




$$
