000
CDUS43 KMKX 210050
CLIMSN


CLIMATE REPORT
NATIONAL WEATHER SERVICE IN MILWAUKEE
749 PM CDT WED MAY 20 2015


...................................

...THE MADISON WI CLIMATE SUMMARY FOR MAY 20 2015...
VALID TODAY AS OF 0700 PM LOCAL TIME.

CLIMATE NORMAL PERIOD 1981 TO 2010
CLIMATE RECORD PERIOD 1871 TO 2015


WEATHER ITEM   OBSERVED TIME   RECORD YEAR NORMAL DEPARTURE LAST
                VALUE   (LST)  VALUE       VALUE  FROM      YEAR
                                                  NORMAL
..................................................................
TEMPERATURE (F)
 TODAY
  MAXIMUM         52    402 PM  91    1934  70    -18       86
  MINIMUM         40    505 AM  32    1967  47     -7       61
                                      1954
  AVERAGE         46                        58    -12       74

PRECIPITATION (IN)
  TODAY            0.00          1.82 1913   0.11  -0.11     0.01
  MONTH TO DATE    2.65                      2.19   0.46     1.58
  SINCE MAR 1      7.79                      7.79   0.00     7.97
  SINCE JAN 1      8.99                     10.47  -1.48     9.86

SNOWFALL (IN)
  TODAY            0.0           0.0    MM   0.0    0.0      0.0
  MONTH TO DATE    0.0                       0.2   -0.2      0.0
  SINCE MAR 1      4.2                       9.8   -5.6      9.2
  SINCE JUL 1     33.7                      50.9  -17.2     59.2
  SNOW DEPTH       0

DEGREE DAYS
 HEATING
  TODAY           19                         8     11        0
  MONTH TO DATE  141                       200    -59      193
  SINCE MAR 1   1570                      1721   -151     1921
  SINCE JUL 1   7281                      7207     74     8033

 COOLING
  TODAY            0                         1     -1        9
  MONTH TO DATE   26                        10     16       18
  SINCE MAR 1     26                        14     12       18
  SINCE JAN 1     26                        14     12       18
..................................................................


WIND (MPH)
  HIGHEST WIND SPEED    10   HIGHEST WIND DIRECTION    SE (120)
  HIGHEST GUST SPEED    12   HIGHEST GUST DIRECTION     E (110)
  AVERAGE WIND SPEED     4.1


SKY COVER
  POSSIBLE SUNSHINE  MM
  AVERAGE SKY COVER 0.7


WEATHER CONDITIONS
 THE FOLLOWING WEATHER WAS RECORDED TODAY.
  NO SIGNIFICANT WEATHER WAS OBSERVED.


RELATIVE HUMIDITY (PERCENT)
 HIGHEST    76           500 AM
 LOWEST     44           500 PM
 AVERAGE    60

..........................................................


THE MADISON WI CLIMATE NORMALS FOR TOMORROW
                         NORMAL    RECORD    YEAR
 MAXIMUM TEMPERATURE (F)   70        89      1972
 MINIMUM TEMPERATURE (F)   48        30      2002
                                             1997


SUNRISE AND SUNSET
MAY 20 2015...........SUNRISE   529 AM CDT   SUNSET   819 PM CDT
MAY 21 2015...........SUNRISE   528 AM CDT   SUNSET   820 PM CDT


-  INDICATES NEGATIVE NUMBERS.
R  INDICATES RECORD WAS SET OR TIED.
MM INDICATES DATA IS MISSING.
T  INDICATES TRACE AMOUNT.




$$
