000
CDUS43 KMKX 160657
CLIMSN


CLIMATE REPORT
NATIONAL WEATHER SERVICE IN MILWAUKEE
156 AM CDT TUE MAY 16 2017


...................................

...THE MADISON WI CLIMATE SUMMARY FOR MAY 15 2017...

CLIMATE NORMAL PERIOD 1981 TO 2010
CLIMATE RECORD PERIOD 1871 TO 2017


WEATHER ITEM   OBSERVED TIME   RECORD YEAR NORMAL DEPARTURE LAST
                VALUE   (LST)  VALUE       VALUE  FROM      YEAR
                                                  NORMAL
..................................................................
TEMPERATURE (F)
 YESTERDAY
  MAXIMUM         79    209 PM  86    2012  68     11       58
                                      1977
  MINIMUM         45    512 AM  30    2016  46     -1       30
                                      1983
  AVERAGE         62                        57      5       44

PRECIPITATION (IN)
  YESTERDAY        0.21          1.39 1933   0.10   0.11     0.00
  MONTH TO DATE    1.09                      1.63  -0.54     1.47
  SINCE MAR 1      9.22                      7.23   1.99     7.54
  SINCE JAN 1     13.92                      9.91   4.01     9.04

SNOWFALL (IN)
  YESTERDAY        0.0           T    1997   0.0    0.0      0.0
  MONTH TO DATE    0.0                       0.2   -0.2      0.0
  SINCE MAR 1      8.3                       9.8   -1.5      8.2
  SINCE JUL 1     44.0                      50.9   -6.9     32.7
  SNOW DEPTH       0

DEGREE DAYS
 HEATING
  YESTERDAY        3                         9     -6       21
  MONTH TO DATE  175                       160     15      189
  SINCE MAR 1   1567                      1681   -114     1527
  SINCE JUL 1   6079                      7167  -1088     6127

 COOLING
  YESTERDAY        0                         1     -1        0
  MONTH TO DATE    2                         5     -3        0
  SINCE MAR 1      2                         9     -7        0
  SINCE JAN 1      2                         9     -7        0
..................................................................


WIND (MPH)
  HIGHEST WIND SPEED    22   HIGHEST WIND DIRECTION    SE (150)
  HIGHEST GUST SPEED    26   HIGHEST GUST DIRECTION    SE (150)
  AVERAGE WIND SPEED     9.1


SKY COVER
  POSSIBLE SUNSHINE  MM
  AVERAGE SKY COVER 0.6


WEATHER CONDITIONS
 THE FOLLOWING WEATHER WAS RECORDED YESTERDAY.
  THUNDERSTORM
  RAIN
  LIGHT RAIN
  FOG
  HAZE


RELATIVE HUMIDITY (PERCENT)
 HIGHEST    78           600 PM
 LOWEST     38          1200 AM
 AVERAGE    58

..........................................................


THE MADISON WI CLIMATE NORMALS FOR TODAY
                         NORMAL    RECORD    YEAR
 MAXIMUM TEMPERATURE (F)   68        87      1992
                                             1977
                                             1951
 MINIMUM TEMPERATURE (F)   46        27      1997


SUNRISE AND SUNSET
MAY 16 2017...........SUNRISE   532 AM CDT   SUNSET   816 PM CDT
MAY 17 2017...........SUNRISE   531 AM CDT   SUNSET   817 PM CDT


-  INDICATES NEGATIVE NUMBERS.
R  INDICATES RECORD WAS SET OR TIED.
MM INDICATES DATA IS MISSING.
T  INDICATES TRACE AMOUNT.




$$
