000
CDUS43 KMKX 270656
CLIMSN


CLIMATE REPORT
NATIONAL WEATHER SERVICE IN MILWAUKEE
155 AM CDT SAT SEP 27 2014


...................................

...THE MADISON WI CLIMATE SUMMARY FOR SEPTEMBER 26 2014...

CLIMATE NORMAL PERIOD 1981 TO 2010
CLIMATE RECORD PERIOD 1871 TO 2014


WEATHER ITEM   OBSERVED TIME   RECORD YEAR NORMAL DEPARTURE LAST
                VALUE   (LST)  VALUE       VALUE  FROM      YEAR
                                                  NORMAL
..................................................................
TEMPERATURE (F)
 YESTERDAY
  MAXIMUM         80    402 PM  87    1974  68     12       76
  MINIMUM         47    508 AM  27    1966  46      1       42
  AVERAGE         64                        56      8       59

PRECIPITATION (IN)
  YESTERDAY        0.00          1.27 1880   0.10  -0.10     0.00
  MONTH TO DATE    1.79                      2.78  -0.99     3.02
  SINCE SEP 1      1.79                      2.78  -0.99     3.02
  SINCE JAN 1     29.60                     27.60   2.00    39.50

SNOWFALL (IN)
  YESTERDAY        0.0           T    1965   0.0    0.0      0.0
                                      1942
  MONTH TO DATE    0.0                       0.0    0.0      0.0
  SINCE SEP 1      0.0                       0.0    0.0      0.0
  SINCE JUL 1      0.0                       0.0    0.0      0.0
  SNOW DEPTH       0

DEGREE DAYS
 HEATING
  YESTERDAY        1                         9     -8        6
  MONTH TO DATE  148                       132     16      112
  SINCE SEP 1    148                       132     16      112
  SINCE JUL 1    165                       169     -4      142

 COOLING
  YESTERDAY        0                         1     -1        0
  MONTH TO DATE   39                        50    -11       92
  SINCE SEP 1     39                        50    -11       92
  SINCE JAN 1    615                       563     52      705
..................................................................


WIND (MPH)
  HIGHEST WIND SPEED    10   HIGHEST WIND DIRECTION     S (160)
  HIGHEST GUST SPEED    14   HIGHEST GUST DIRECTION     S (160)
  AVERAGE WIND SPEED     2.4


SKY COVER
  POSSIBLE SUNSHINE  MM
  AVERAGE SKY COVER 0.1


WEATHER CONDITIONS
 THE FOLLOWING WEATHER WAS RECORDED YESTERDAY.
  FOG
  HAZE


RELATIVE HUMIDITY (PERCENT)
 HIGHEST   100           400 AM
 LOWEST     39           100 PM
 AVERAGE    70

..........................................................


THE MADISON WI CLIMATE NORMALS FOR TODAY
                         NORMAL    RECORD    YEAR
 MAXIMUM TEMPERATURE (F)   67        87      1954
 MINIMUM TEMPERATURE (F)   45        27      1991


SUNRISE AND SUNSET
SEPTEMBER 27 2014.....SUNRISE   650 AM CDT   SUNSET   646 PM CDT
SEPTEMBER 28 2014.....SUNRISE   651 AM CDT   SUNSET   644 PM CDT


-  INDICATES NEGATIVE NUMBERS.
R  INDICATES RECORD WAS SET OR TIED.
MM INDICATES DATA IS MISSING.
T  INDICATES TRACE AMOUNT.




$$
