000
CDUS43 KMKX 112050
CLIMSN


CLIMATE REPORT
NATIONAL WEATHER SERVICE IN MILWAUKEE
346 PM CDT FRI JUL 11 2014


...................................

...THE MADISON WI CLIMATE SUMMARY FOR JULY 11 2014...
VALID TODAY AS OF 0300 PM LOCAL TIME.

CLIMATE NORMAL PERIOD 1981 TO 2010
CLIMATE RECORD PERIOD 1871 TO 2014


WEATHER ITEM   OBSERVED TIME   RECORD YEAR NORMAL DEPARTURE LAST
                VALUE   (LST)  VALUE       VALUE  FROM      YEAR
                                                  NORMAL
..................................................................
TEMPERATURE (F)
 TODAY
  MAXIMUM         77   1032 AM 100    1936  82     -5       81
  MINIMUM         63    446 AM  46    1978  61      2       56
                                      1968
  AVERAGE         70                        72     -2       69

PRECIPITATION (IN)
  TODAY            T             3.82 1878   0.15  -0.15     0.00
  MONTH TO DATE    0.35                      1.55  -1.20     1.66
  SINCE JUN 1      9.90                      6.09   3.81    12.52
  SINCE JAN 1     21.65                     17.92   3.73    32.61

SNOWFALL (IN)
  TODAY            0.0           0.0    MM   0.0    0.0      0.0
  MONTH TO DATE    0.0                       0.0    0.0      0.0
  SINCE JUN 1      0.0                       0.0    0.0      0.0
  SINCE JUL 1      0.0                       0.0    0.0      0.0
  SNOW DEPTH       0

DEGREE DAYS
 HEATING
  TODAY            0                         0      0        0
  MONTH TO DATE    3                         0      3        2
  SINCE JUN 1     12                        60    -48       54
  SINCE JUL 1      3                         0      3        2

 COOLING
  TODAY            5                         7     -2        4
  MONTH TO DATE   45                        75    -30       82
  SINCE JUN 1    227                       195     32      219
  SINCE JAN 1    278                       225     53      272
..................................................................


WIND (MPH)
  HIGHEST WIND SPEED    20   HIGHEST WIND DIRECTION     S (160)
  HIGHEST GUST SPEED    23   HIGHEST GUST DIRECTION     S (170)
  AVERAGE WIND SPEED     8.2


SKY COVER
  POSSIBLE SUNSHINE  MM
  AVERAGE SKY COVER 0.5


WEATHER CONDITIONS
 THE FOLLOWING WEATHER WAS RECORDED TODAY.
  LIGHT RAIN


RELATIVE HUMIDITY (PERCENT)
 HIGHEST    78           400 AM
 LOWEST     47          1000 AM
 AVERAGE    63

..........................................................


THE MADISON WI CLIMATE NORMALS FOR TOMORROW
                         NORMAL    RECORD    YEAR
 MAXIMUM TEMPERATURE (F)   82       104      1936
 MINIMUM TEMPERATURE (F)   61        45      1975


SUNRISE AND SUNSET
JULY 11 2014..........SUNRISE   528 AM CDT   SUNSET   837 PM CDT
JULY 12 2014..........SUNRISE   529 AM CDT   SUNSET   837 PM CDT


-  INDICATES NEGATIVE NUMBERS.
R  INDICATES RECORD WAS SET OR TIED.
MM INDICATES DATA IS MISSING.
T  INDICATES TRACE AMOUNT.




$$
