000
CDUS43 KMKX 110641
CLIMSN


CLIMATE REPORT
NATIONAL WEATHER SERVICE IN MILWAUKEE
141 AM CDT MON SEP 11 2017


...................................

...THE MADISON WI CLIMATE SUMMARY FOR SEPTEMBER 10 2017...

CLIMATE NORMAL PERIOD 1981 TO 2010
CLIMATE RECORD PERIOD 1871 TO 2017


WEATHER ITEM   OBSERVED TIME   RECORD YEAR NORMAL DEPARTURE LAST
                VALUE   (LST)  VALUE       VALUE  FROM      YEAR
                                                  NORMAL
..................................................................
TEMPERATURE (F)
 YESTERDAY
  MAXIMUM         71    240 PM  95    1931  74     -3       72
  MINIMUM         45    536 AM  33    1967  53     -8       55
  AVERAGE         58                        64     -6       64

PRECIPITATION (IN)
  YESTERDAY        0.00          2.00 1876   0.10  -0.10     0.06
  MONTH TO DATE    0.14                      1.12  -0.98     3.08
  SINCE SEP 1      0.14                      1.12  -0.98     3.08
  SINCE JAN 1     32.90                     25.94   6.96    31.32

SNOWFALL (IN)
  YESTERDAY        0.0           0.0    MM   0.0    0.0      0.0
  MONTH TO DATE    0.0                       0.0    0.0      0.0
  SINCE SEP 1      0.0                       0.0    0.0      0.0
  SINCE JUL 1      0.0                       0.0    0.0      0.0
  SNOW DEPTH       0

DEGREE DAYS
 HEATING
  YESTERDAY        7                         4      3        1
  MONTH TO DATE   64                        28     36        6
  SINCE SEP 1     64                        28     36        6
  SINCE JUL 1     89                        65     24       13

 COOLING
  YESTERDAY        0                         2     -2        0
  MONTH TO DATE    0                        28    -28       42
  SINCE SEP 1      0                        28    -28       42
  SINCE JAN 1    460                       541    -81      737
..................................................................


WIND (MPH)
  HIGHEST WIND SPEED    15   HIGHEST WIND DIRECTION    SE (140)
  HIGHEST GUST SPEED    20   HIGHEST GUST DIRECTION    SE (150)
  AVERAGE WIND SPEED     5.8


SKY COVER
  POSSIBLE SUNSHINE  MM
  AVERAGE SKY COVER 0.0


WEATHER CONDITIONS
 THE FOLLOWING WEATHER WAS RECORDED YESTERDAY.
  FOG


RELATIVE HUMIDITY (PERCENT)
 HIGHEST   100           400 AM
 LOWEST     44          1200 PM
 AVERAGE    72

..........................................................


THE MADISON WI CLIMATE NORMALS FOR TODAY
                         NORMAL    RECORD    YEAR
 MAXIMUM TEMPERATURE (F)   74        93      1931
 MINIMUM TEMPERATURE (F)   52        34      1955


SUNRISE AND SUNSET
SEPTEMBER 11 2017.....SUNRISE   633 AM CDT   SUNSET   714 PM CDT
SEPTEMBER 12 2017.....SUNRISE   634 AM CDT   SUNSET   712 PM CDT


-  INDICATES NEGATIVE NUMBERS.
R  INDICATES RECORD WAS SET OR TIED.
MM INDICATES DATA IS MISSING.
T  INDICATES TRACE AMOUNT.




$$
