000
CDUS43 KMKX 080642
CLIMSN


CLIMATE REPORT
NATIONAL WEATHER SERVICE IN MILWAUKEE
1242 AM CST THU FEB 8 2018


...................................

...THE MADISON WI CLIMATE SUMMARY FOR FEBRUARY 7 2018...

CLIMATE NORMAL PERIOD 1981 TO 2010
CLIMATE RECORD PERIOD 1871 TO 2018


WEATHER ITEM   OBSERVED TIME   RECORD YEAR NORMAL DEPARTURE LAST
                VALUE   (LST)  VALUE       VALUE  FROM      YEAR
                                                  NORMAL
..................................................................
TEMPERATURE (F)
 YESTERDAY
  MAXIMUM         14    411 PM  50    1987  29    -15       35
  MINIMUM         -5   1117 PM -21    1875  13    -18       27
  AVERAGE          5                        21    -16       31

PRECIPITATION (IN)
  YESTERDAY        0.04          0.63 1892   0.04   0.00     0.25
  MONTH TO DATE    0.49                      0.30   0.19     0.25
  SINCE DEC 1      2.90                      3.27  -0.37     5.04
  SINCE JAN 1      2.17                      1.53   0.64     3.01

SNOWFALL (IN)
  YESTERDAY        0.7           6.2  1892   0.4    0.3      0.0
  MONTH TO DATE    6.4                       2.9    3.5       T
  SINCE DEC 1     20.3                      29.3   -9.0     33.8
  SINCE JUL 1     20.6                      33.4  -12.8     33.8
  SNOW DEPTH       4

DEGREE DAYS
 HEATING
  YESTERDAY       60                        44     16       34
  MONTH TO DATE  383                       313     70      306
  SINCE DEC 1   3089                      3047     42     2888
  SINCE JUL 1   4448                      4626   -178     3910

 COOLING
  YESTERDAY        0                         0      0        0
  MONTH TO DATE    0                         0      0        0
  SINCE DEC 1      0                         0      0        0
  SINCE JAN 1      0                         0      0        0
..................................................................


WIND (MPH)
  HIGHEST WIND SPEED    12   HIGHEST WIND DIRECTION    NW (330)
  HIGHEST GUST SPEED    17   HIGHEST GUST DIRECTION    NW (300)
  AVERAGE WIND SPEED     3.5


SKY COVER
  POSSIBLE SUNSHINE  MM
  AVERAGE SKY COVER 0.7


WEATHER CONDITIONS
 THE FOLLOWING WEATHER WAS RECORDED YESTERDAY.
  LIGHT SNOW
  FOG


RELATIVE HUMIDITY (PERCENT)
 HIGHEST    91           900 PM
 LOWEST     61           400 PM
 AVERAGE    76

..........................................................


THE MADISON WI CLIMATE NORMALS FOR TODAY
                         NORMAL    RECORD    YEAR
 MAXIMUM TEMPERATURE (F)   29        55      1925
 MINIMUM TEMPERATURE (F)   13       -22      1899


SUNRISE AND SUNSET
FEBRUARY  8 2018......SUNRISE   704 AM CST   SUNSET   519 PM CST
FEBRUARY  9 2018......SUNRISE   703 AM CST   SUNSET   520 PM CST


-  INDICATES NEGATIVE NUMBERS.
R  INDICATES RECORD WAS SET OR TIED.
MM INDICATES DATA IS MISSING.
T  INDICATES TRACE AMOUNT.




$$
