000
CDUS43 KMKX 190654
CLIMSN


CLIMATE REPORT
NATIONAL WEATHER SERVICE IN MILWAUKEE
154 AM CDT SAT JUL 19 2014


...................................

...THE MADISON WI CLIMATE SUMMARY FOR JULY 18 2014...

CLIMATE NORMAL PERIOD 1981 TO 2010
CLIMATE RECORD PERIOD 1871 TO 2014


WEATHER ITEM   OBSERVED TIME   RECORD YEAR NORMAL DEPARTURE LAST
                VALUE   (LST)  VALUE       VALUE  FROM      YEAR
                                                  NORMAL
..................................................................
TEMPERATURE (F)
 YESTERDAY
  MAXIMUM         80    413 PM  95    1894  82     -2       92
  MINIMUM         54    500 AM  47    1979  61     -7       75
  AVERAGE         67                        72     -5       84

PRECIPITATION (IN)
  YESTERDAY        0.00          1.50 1996   0.13  -0.13     0.00
  MONTH TO DATE    1.03                      2.51  -1.48     1.66
  SINCE JUN 1     10.58                      7.05   3.53    12.52
  SINCE JAN 1     22.33                     18.88   3.45    32.61

SNOWFALL (IN)
  YESTERDAY        0.0           0.0    MM   0.0    0.0      0.0
  MONTH TO DATE    0.0                       0.0    0.0      0.0
  SINCE JUN 1      0.0                       0.0    0.0      0.0
  SINCE JUL 1      0.0                       0.0    0.0      0.0
  SNOW DEPTH       0

DEGREE DAYS
 HEATING
  YESTERDAY        0                         0      0        0
  MONTH TO DATE   13                         0     13        2
  SINCE JUN 1     22                        60    -38       54
  SINCE JUL 1     13                         0     13        2

 COOLING
  YESTERDAY        2                         7     -5       19
  MONTH TO DATE   63                       124    -61      173
  SINCE JUN 1    245                       244      1      310
  SINCE JAN 1    296                       274     22      363
..................................................................


WIND (MPH)
  HIGHEST WIND SPEED    15   HIGHEST WIND DIRECTION    SE (140)
  HIGHEST GUST SPEED    21   HIGHEST GUST DIRECTION    NE (30)
  AVERAGE WIND SPEED     5.9


SKY COVER
  POSSIBLE SUNSHINE  MM
  AVERAGE SKY COVER 0.4


WEATHER CONDITIONS
 THE FOLLOWING WEATHER WAS RECORDED YESTERDAY.
  NO SIGNIFICANT WEATHER WAS OBSERVED.


RELATIVE HUMIDITY (PERCENT)
 HIGHEST    93           300 AM
 LOWEST     42           400 PM
 AVERAGE    68

..........................................................


THE MADISON WI CLIMATE NORMALS FOR TODAY
                         NORMAL    RECORD    YEAR
 MAXIMUM TEMPERATURE (F)   82        97      1964
 MINIMUM TEMPERATURE (F)   61        49      2003
                                             1929


SUNRISE AND SUNSET
JULY 19 2014..........SUNRISE   535 AM CDT   SUNSET   832 PM CDT
JULY 20 2014..........SUNRISE   536 AM CDT   SUNSET   831 PM CDT


-  INDICATES NEGATIVE NUMBERS.
R  INDICATES RECORD WAS SET OR TIED.
MM INDICATES DATA IS MISSING.
T  INDICATES TRACE AMOUNT.




$$
