000
CDUS43 KMKX 240043
CLIMSN


CLIMATE REPORT
NATIONAL WEATHER SERVICE IN MILWAUKEE
642 PM CST FRI JAN 23 2015


...................................

...THE MADISON WI CLIMATE SUMMARY FOR JANUARY 23 2015...
VALID TODAY AS OF 0600 PM LOCAL TIME.

CLIMATE NORMAL PERIOD 1981 TO 2010
CLIMATE RECORD PERIOD 1871 TO 2015


WEATHER ITEM   OBSERVED TIME   RECORD YEAR NORMAL DEPARTURE LAST
                VALUE   (LST)  VALUE       VALUE  FROM      YEAR
                                                  NORMAL
..................................................................
TEMPERATURE (F)
 TODAY
  MAXIMUM         35    254 PM  50    1909  26      9        6
  MINIMUM         26    846 AM -27    1963  11     15       -8
  AVERAGE         31                        19     12       -1

PRECIPITATION (IN)
  TODAY            0.00          0.89 1898   0.03  -0.03     0.00
  MONTH TO DATE    0.45                      0.91  -0.46     0.37
  SINCE DEC 1      1.48                      2.65  -1.17     1.99
  SINCE JAN 1      0.45                      0.91  -0.46     0.37

SNOWFALL (IN)
  TODAY            0.0           9.0  1898   0.5   -0.5      0.0
  MONTH TO DATE    7.4                       9.6   -2.2      7.1
  SINCE DEC 1      7.5                      23.1  -15.6     29.2
  SINCE JUL 1     16.0                      27.2  -11.2     32.7
  SNOW DEPTH       T

DEGREE DAYS
 HEATING
  TODAY           34                        46    -12       66
  MONTH TO DATE 1077                      1067     10     1214
  SINCE DEC 1   2205                      2367   -162     2680
  SINCE JUL 1   3889                      3946    -57     4199

 COOLING
  TODAY            0                         0      0        0
  MONTH TO DATE    0                         0      0        0
  SINCE DEC 1      0                         0      0        0
  SINCE JAN 1      0                         0      0        0
..................................................................


WIND (MPH)
  HIGHEST WIND SPEED    14   HIGHEST WIND DIRECTION     S (200)
  HIGHEST GUST SPEED    23   HIGHEST GUST DIRECTION    SW (220)
  AVERAGE WIND SPEED     8.8


SKY COVER
  POSSIBLE SUNSHINE  MM
  AVERAGE SKY COVER 0.9


WEATHER CONDITIONS
 THE FOLLOWING WEATHER WAS RECORDED TODAY.
  HAZE


RELATIVE HUMIDITY (PERCENT)
 HIGHEST    84           100 AM
 LOWEST     64           300 PM
 AVERAGE    74

..........................................................


THE MADISON WI CLIMATE NORMALS FOR TOMORROW
                         NORMAL    RECORD    YEAR
 MAXIMUM TEMPERATURE (F)   27        55      1981
 MINIMUM TEMPERATURE (F)   11       -24      1936


SUNRISE AND SUNSET
JANUARY 23 2015.......SUNRISE   721 AM CST   SUNSET   457 PM CST
JANUARY 24 2015.......SUNRISE   720 AM CST   SUNSET   459 PM CST


-  INDICATES NEGATIVE NUMBERS.
R  INDICATES RECORD WAS SET OR TIED.
MM INDICATES DATA IS MISSING.
T  INDICATES TRACE AMOUNT.




$$
