000
CDUS43 KMKX 100643
CLIMSN


CLIMATE REPORT
NATIONAL WEATHER SERVICE IN MILWAUKEE
1242 AM CST WED FEB 10 2016


...................................

...THE MADISON WI CLIMATE SUMMARY FOR FEBRUARY 9 2016...

CLIMATE NORMAL PERIOD 1981 TO 2010
CLIMATE RECORD PERIOD 1871 TO 2016


WEATHER ITEM   OBSERVED TIME   RECORD YEAR NORMAL DEPARTURE LAST
                VALUE   (LST)  VALUE       VALUE  FROM      YEAR
                                                  NORMAL
..................................................................
TEMPERATURE (F)
 YESTERDAY
  MAXIMUM         16    417 PM  50    1966  29    -13       26
                                      1925
  MINIMUM          9    819 AM -28    1899  13     -4        5
  AVERAGE         13                        21     -8       16

PRECIPITATION (IN)
  YESTERDAY        0.01          1.29 2001   0.05  -0.04     0.00
  MONTH TO DATE    0.40                      0.40   0.00     0.46
  SINCE DEC 1      4.71                      3.37   1.34     2.15
  SINCE JAN 1      1.38                      1.63  -0.25     1.12

SNOWFALL (IN)
  YESTERDAY        0.4           4.8  2010   0.4    0.0      0.0
  MONTH TO DATE    3.7                       3.7    0.0      7.9
  SINCE DEC 1     18.0                      30.1  -12.1     18.2
  SINCE JUL 1     22.1                      34.2  -12.1     26.7
  SNOW DEPTH       0

DEGREE DAYS
 HEATING
  YESTERDAY       52                        44      8       49
  MONTH TO DATE  347                       401    -54      454
  SINCE DEC 1   2658                      3135   -477     2974
  SINCE JUL 1   3849                      4714   -865     4658

 COOLING
  YESTERDAY        0                         0      0        0
  MONTH TO DATE    0                         0      0        0
  SINCE DEC 1      0                         0      0        0
  SINCE JAN 1      0                         0      0        0
..................................................................


WIND (MPH)
  HIGHEST WIND SPEED    18   HIGHEST WIND DIRECTION    NW (330)
  HIGHEST GUST SPEED    25   HIGHEST GUST DIRECTION    NW (320)
  AVERAGE WIND SPEED    12.7


SKY COVER
  POSSIBLE SUNSHINE  MM
  AVERAGE SKY COVER 0.9


WEATHER CONDITIONS
 THE FOLLOWING WEATHER WAS RECORDED YESTERDAY.
  LIGHT SNOW
  FOG
  BLOWING SNOW


RELATIVE HUMIDITY (PERCENT)
 HIGHEST    80          1200 AM
 LOWEST     58           700 PM
 AVERAGE    69

..........................................................


THE MADISON WI CLIMATE NORMALS FOR TODAY
                         NORMAL    RECORD    YEAR
 MAXIMUM TEMPERATURE (F)   30        54      2009
 MINIMUM TEMPERATURE (F)   14       -25      1899


SUNRISE AND SUNSET
FEBRUARY 10 2016......SUNRISE   702 AM CST   SUNSET   521 PM CST
FEBRUARY 11 2016......SUNRISE   701 AM CST   SUNSET   522 PM CST


-  INDICATES NEGATIVE NUMBERS.
R  INDICATES RECORD WAS SET OR TIED.
MM INDICATES DATA IS MISSING.
T  INDICATES TRACE AMOUNT.




$$
