000
CDUS43 KMKX 090654
CLIMSN


CLIMATE REPORT
NATIONAL WEATHER SERVICE IN MILWAUKEE
153 AM CDT SUN JUL 9 2017


...................................

...THE MADISON WI CLIMATE SUMMARY FOR JULY 8 2017...

CLIMATE NORMAL PERIOD 1981 TO 2010
CLIMATE RECORD PERIOD 1871 TO 2017


WEATHER ITEM   OBSERVED TIME   RECORD YEAR NORMAL DEPARTURE LAST
                VALUE   (LST)  VALUE       VALUE  FROM      YEAR
                                                  NORMAL
..................................................................
TEMPERATURE (F)
 YESTERDAY
  MAXIMUM         78    449 PM 100    1936  82     -4       82
  MINIMUM         58    500 AM  43    1972  61     -3       67
  AVERAGE         68                        72     -4       75

PRECIPITATION (IN)
  YESTERDAY        0.00          2.60 1949   0.15  -0.15     0.00
  MONTH TO DATE    1.61                      1.12   0.49     0.62
  SINCE JUN 1      8.34                      5.66   2.68     5.97
  SINCE JAN 1     24.00                     17.49   6.51    15.76

SNOWFALL (IN)
  YESTERDAY        0.0           0.0    MM   0.0    0.0      0.0
  MONTH TO DATE    0.0                       0.0    0.0      0.0
  SINCE JUN 1      0.0                       0.0    0.0      0.0
  SINCE JUL 1      0.0                       0.0    0.0      0.0
  SNOW DEPTH       0

DEGREE DAYS
 HEATING
  YESTERDAY        0                         0      0        0
  MONTH TO DATE    0                         0      0        3
  SINCE JUN 1     30                        60    -30       17
  SINCE JUL 1      0                         0      0        3

 COOLING
  YESTERDAY        3                         7     -4       10
  MONTH TO DATE   52                        54     -2       40
  SINCE JUN 1    209                       174     35      189
  SINCE JAN 1    224                       204     20      241
..................................................................


WIND (MPH)
  HIGHEST WIND SPEED    13   HIGHEST WIND DIRECTION     N (350)
  HIGHEST GUST SPEED    19   HIGHEST GUST DIRECTION    SE (150)
  AVERAGE WIND SPEED     4.6


SKY COVER
  POSSIBLE SUNSHINE  MM
  AVERAGE SKY COVER 0.2


WEATHER CONDITIONS
 THE FOLLOWING WEATHER WAS RECORDED YESTERDAY.
  NO SIGNIFICANT WEATHER WAS OBSERVED.


RELATIVE HUMIDITY (PERCENT)
 HIGHEST    97          1200 AM
 LOWEST     40           300 PM
 AVERAGE    69

..........................................................


THE MADISON WI CLIMATE NORMALS FOR TODAY
                         NORMAL    RECORD    YEAR
 MAXIMUM TEMPERATURE (F)   82        98      1936
 MINIMUM TEMPERATURE (F)   61        47      1961


SUNRISE AND SUNSET
JULY  9 2017..........SUNRISE   527 AM CDT   SUNSET   838 PM CDT
JULY 10 2017..........SUNRISE   528 AM CDT   SUNSET   838 PM CDT


-  INDICATES NEGATIVE NUMBERS.
R  INDICATES RECORD WAS SET OR TIED.
MM INDICATES DATA IS MISSING.
T  INDICATES TRACE AMOUNT.




$$
