000
CDUS43 KMKX 142143
CLIMSN


CLIMATE REPORT
NATIONAL WEATHER SERVICE IN MILWAUKEE
342 PM CST SUN DEC 14 2014


...................................

...THE MADISON WI CLIMATE SUMMARY FOR DECEMBER 14 2014...
VALID TODAY AS OF 0300 PM LOCAL TIME.

CLIMATE NORMAL PERIOD 1981 TO 2010
CLIMATE RECORD PERIOD 1871 TO 2014


WEATHER ITEM   OBSERVED TIME   RECORD YEAR NORMAL DEPARTURE LAST
                VALUE   (LST)  VALUE       VALUE  FROM      YEAR
                                                  NORMAL
..................................................................
TEMPERATURE (F)
 TODAY
  MAXIMUM         46    254 PM  59    1975  30     16       23
  MINIMUM         42    705 AM -17    1901  16     26       18
  AVERAGE         44                        23     21       21

PRECIPITATION (IN)
  TODAY            T             1.04 1891   0.05  -0.05     0.01
  MONTH TO DATE    0.23                      0.93  -0.70     0.53
  SINCE DEC 1      0.23                      0.93  -0.70     0.53
  SINCE JAN 1     34.51                     33.67   0.84    44.29

SNOWFALL (IN)
  TODAY            0.0           6.5  1922   0.5   -0.5      0.3
  MONTH TO DATE    0.1                       6.1   -6.0      6.8
  SINCE DEC 1      0.1                       6.1   -6.0      6.8
  SINCE JUL 1      8.6                      10.2   -1.6     10.3
  SNOW DEPTH       0

DEGREE DAYS
 HEATING
  TODAY           21                        42    -21       44
  MONTH TO DATE  516                       552    -36      636
  SINCE DEC 1    516                       552    -36      636
  SINCE JUL 1   2200                      2131     69     2155

 COOLING
  TODAY            0                         0      0        0
  MONTH TO DATE    0                         0      0        0
  SINCE DEC 1      0                         0      0        0
  SINCE JAN 1    620                       568     52      709
..................................................................


WIND (MPH)
  HIGHEST WIND SPEED    12   HIGHEST WIND DIRECTION     S (190)
  HIGHEST GUST SPEED    14   HIGHEST GUST DIRECTION     S (200)
  AVERAGE WIND SPEED     5.9


SKY COVER
  POSSIBLE SUNSHINE  MM
  AVERAGE SKY COVER 1.0


WEATHER CONDITIONS
 THE FOLLOWING WEATHER WAS RECORDED TODAY.
  LIGHT RAIN
  FOG
  FOG W/VISIBILITY <= 1/4 MILE


RELATIVE HUMIDITY (PERCENT)
 HIGHEST   100           100 AM
 LOWEST     92          1000 AM
 AVERAGE    96

..........................................................


THE MADISON WI CLIMATE NORMALS FOR TOMORROW
                         NORMAL    RECORD    YEAR
 MAXIMUM TEMPERATURE (F)   30        52      2011
 MINIMUM TEMPERATURE (F)   16       -16      1901


SUNRISE AND SUNSET
DECEMBER 14 2014......SUNRISE   721 AM CST   SUNSET   423 PM CST
DECEMBER 15 2014......SUNRISE   722 AM CST   SUNSET   423 PM CST


-  INDICATES NEGATIVE NUMBERS.
R  INDICATES RECORD WAS SET OR TIED.
MM INDICATES DATA IS MISSING.
T  INDICATES TRACE AMOUNT.




$$
