000
CDUS43 KMKX 120641
CLIMSN


CLIMATE REPORT
NATIONAL WEATHER SERVICE IN MILWAUKEE
141 AM CDT MON JUN 12 2017


...................................

...THE MADISON WI CLIMATE SUMMARY FOR JUNE 11 2017...

CLIMATE NORMAL PERIOD 1981 TO 2010
CLIMATE RECORD PERIOD 1871 TO 2017


WEATHER ITEM   OBSERVED TIME   RECORD YEAR NORMAL DEPARTURE LAST
                VALUE   (LST)  VALUE       VALUE  FROM      YEAR
                                                  NORMAL
..................................................................
TEMPERATURE (F)
 YESTERDAY
  MAXIMUM         91    434 PM  94    1956  77     14       88
  MINIMUM         74    555 AM  35    1972  55     19       65
  AVERAGE         83                        66     17       77

PRECIPITATION (IN)
  YESTERDAY        0.00          2.41 1876   0.15  -0.15     0.00
  MONTH TO DATE    0.01                      1.64  -1.63     1.76
  SINCE JUN 1      0.01                      1.64  -1.63     1.76
  SINCE JAN 1     15.67                     13.47   2.20    11.55

SNOWFALL (IN)
  YESTERDAY        0.0           0.0    MM   0.0    0.0      0.0
  MONTH TO DATE    0.0                       0.0    0.0      0.0
  SINCE JUN 1      0.0                       0.0    0.0      0.0
  SINCE JUL 1     44.0                      50.9   -6.9     32.7
  SNOW DEPTH       0

DEGREE DAYS
 HEATING
  YESTERDAY        0                         2     -2        0
  MONTH TO DATE    7                        38    -31       13
  SINCE JUN 1      7                        38    -31       13
  SINCE JUL 1   6195                      7311  -1116     6197

 COOLING
  YESTERDAY       18                         3     15       12
  MONTH TO DATE   56                        26     30       40
  SINCE JUN 1     56                        26     30       40
  SINCE JAN 1     71                        56     15       92
..................................................................


WIND (MPH)
  HIGHEST WIND SPEED    25   HIGHEST WIND DIRECTION     S (180)
  HIGHEST GUST SPEED    33   HIGHEST GUST DIRECTION     S (190)
  AVERAGE WIND SPEED    12.2


SKY COVER
  POSSIBLE SUNSHINE  MM
  AVERAGE SKY COVER 0.4


WEATHER CONDITIONS
 THE FOLLOWING WEATHER WAS RECORDED YESTERDAY.
  NO SIGNIFICANT WEATHER WAS OBSERVED.


RELATIVE HUMIDITY (PERCENT)
 HIGHEST    64           500 AM
 LOWEST     41           400 PM
 AVERAGE    53

..........................................................


THE MADISON WI CLIMATE NORMALS FOR TODAY
                         NORMAL    RECORD    YEAR
 MAXIMUM TEMPERATURE (F)   77        95      1976
 MINIMUM TEMPERATURE (F)   55        38      1985


SUNRISE AND SUNSET
JUNE 12 2017..........SUNRISE   517 AM CDT   SUNSET   838 PM CDT
JUNE 13 2017..........SUNRISE   517 AM CDT   SUNSET   838 PM CDT


-  INDICATES NEGATIVE NUMBERS.
R  INDICATES RECORD WAS SET OR TIED.
MM INDICATES DATA IS MISSING.
T  INDICATES TRACE AMOUNT.




$$
