000
CDUS43 KMKX 250651
CLIMSN


CLIMATE REPORT
NATIONAL WEATHER SERVICE IN MILWAUKEE
1250 AM CST TUE NOV 25 2014


...................................

...THE MADISON WI CLIMATE SUMMARY FOR NOVEMBER 24 2014...

CLIMATE NORMAL PERIOD 1981 TO 2010
CLIMATE RECORD PERIOD 1871 TO 2014


WEATHER ITEM   OBSERVED TIME   RECORD YEAR NORMAL DEPARTURE LAST
                VALUE   (LST)  VALUE       VALUE  FROM      YEAR
                                                  NORMAL
..................................................................
TEMPERATURE (F)
 YESTERDAY
  MAXIMUM         46   1232 AM  62    1931  39      7       27
  MINIMUM         21   1159 PM  -6    1950  24     -3        9
  AVERAGE         34                        32      2       18

PRECIPITATION (IN)
  YESTERDAY        0.38          0.77 1908   0.07   0.31     0.00
  MONTH TO DATE    1.52                      1.92  -0.40     2.06
  SINCE SEP 1      6.45                      7.45  -1.00     7.14
  SINCE JAN 1     34.26                     32.27   1.99    43.62

SNOWFALL (IN)
  YESTERDAY        5.3 R         3.3  1887   0.2    5.1      0.0
  MONTH TO DATE    7.9                       2.2    5.7      1.8
  SINCE SEP 1      8.1                       2.7    5.4      1.8
  SINCE JUL 1      8.1                       2.7    5.4      1.8
  SNOW DEPTH       0

DEGREE DAYS
 HEATING
  YESTERDAY       31                        33     -2       47
  MONTH TO DATE  784                       656    128      658
  SINCE SEP 1   1410                      1332     78     1246
  SINCE JUL 1   1427                      1369     58     1276

 COOLING
  YESTERDAY        0                         0      0        0
  MONTH TO DATE    0                         0      0        0
  SINCE SEP 1     44                        55    -11       96
  SINCE JAN 1    620                       568     52      709
..................................................................


WIND (MPH)
  HIGHEST WIND SPEED    16   HIGHEST WIND DIRECTION     W (270)
  HIGHEST GUST SPEED    27   HIGHEST GUST DIRECTION     W (270)
  AVERAGE WIND SPEED     8.6


SKY COVER
  POSSIBLE SUNSHINE  MM
  AVERAGE SKY COVER 1.0


WEATHER CONDITIONS
 THE FOLLOWING WEATHER WAS RECORDED YESTERDAY.
  LIGHT RAIN
  SNOW
  LIGHT SNOW
  FOG
  FOG W/VISIBILITY <= 1/4 MILE


RELATIVE HUMIDITY (PERCENT)
 HIGHEST   100           100 AM
 LOWEST     81           800 PM
 AVERAGE    91

..........................................................


THE MADISON WI CLIMATE NORMALS FOR TODAY
                         NORMAL    RECORD    YEAR
 MAXIMUM TEMPERATURE (F)   39        62      1908
 MINIMUM TEMPERATURE (F)   24        -8      1950


SUNRISE AND SUNSET
NOVEMBER 25 2014......SUNRISE   702 AM CST   SUNSET   426 PM CST
NOVEMBER 26 2014......SUNRISE   704 AM CST   SUNSET   425 PM CST


-  INDICATES NEGATIVE NUMBERS.
R  INDICATES RECORD WAS SET OR TIED.
MM INDICATES DATA IS MISSING.
T  INDICATES TRACE AMOUNT.




$$
