000
CDUS43 KMKX 112136
CLIMSN


CLIMATE REPORT
NATIONAL WEATHER SERVICE IN MILWAUKEE
435 PM CDT WED OCT 11 2017


...................................

...THE MADISON WI CLIMATE SUMMARY FOR OCTOBER 11 2017...
VALID TODAY AS OF 0400 PM LOCAL TIME.

CLIMATE NORMAL PERIOD 1981 TO 2010
CLIMATE RECORD PERIOD 1871 TO 2017


WEATHER ITEM   OBSERVED TIME   RECORD YEAR NORMAL DEPARTURE LAST
                VALUE   (LST)  VALUE       VALUE  FROM      YEAR
                                                  NORMAL
..................................................................
TEMPERATURE (F)
 TODAY
  MAXIMUM         59   1240 PM  84    1928  61     -2       74
  MINIMUM         49   1249 AM  23    1987  40      9       58
                                      1967
  AVERAGE         54                        50      4       66

PRECIPITATION (IN)
  TODAY            0.10          0.96 1983   0.07   0.03      T
  MONTH TO DATE    2.22                      0.85   1.37     0.44
  SINCE SEP 1      2.77                      3.98  -1.21     8.90
  SINCE JAN 1     35.53                     28.80   6.73    37.14

SNOWFALL (IN)
  TODAY            0.0           0.1  1909   0.0    0.0      0.0
  MONTH TO DATE    0.0                       0.1   -0.1      0.0
  SINCE SEP 1      0.0                       0.1   -0.1      0.0
  SINCE JUL 1      0.0                       0.1   -0.1      0.0
  SNOW DEPTH       0

DEGREE DAYS
 HEATING
  TODAY           11                        15     -4        0
  MONTH TO DATE   61                       142    -81       76
  SINCE SEP 1    174                       313   -139      118
  SINCE JUL 1    199                       350   -151      125

 COOLING
  TODAY            0                         0      0        1
  MONTH TO DATE    8                         0      8        1
  SINCE SEP 1    118                        51     67       77
  SINCE JAN 1    578                       564     14      772
..................................................................


WIND (MPH)
  HIGHEST WIND SPEED    18   HIGHEST WIND DIRECTION    NE (40)
  HIGHEST GUST SPEED    24   HIGHEST GUST DIRECTION    NE (40)
  AVERAGE WIND SPEED    12.7


SKY COVER
  POSSIBLE SUNSHINE  MM
  AVERAGE SKY COVER 1.0


WEATHER CONDITIONS
 THE FOLLOWING WEATHER WAS RECORDED TODAY.
  LIGHT RAIN
  FOG


RELATIVE HUMIDITY (PERCENT)
 HIGHEST    96           400 AM
 LOWEST     77          1200 PM
 AVERAGE    87

..........................................................


THE MADISON WI CLIMATE NORMALS FOR TOMORROW
                         NORMAL    RECORD    YEAR
 MAXIMUM TEMPERATURE (F)   61        83      2008
                                             1995
 MINIMUM TEMPERATURE (F)   40        21      1988


SUNRISE AND SUNSET
OCTOBER 11 2017.......SUNRISE   707 AM CDT   SUNSET   621 PM CDT
OCTOBER 12 2017.......SUNRISE   708 AM CDT   SUNSET   619 PM CDT


-  INDICATES NEGATIVE NUMBERS.
R  INDICATES RECORD WAS SET OR TIED.
MM INDICATES DATA IS MISSING.
T  INDICATES TRACE AMOUNT.




$$
