000
CDUS43 KMKX 102122
CLIMSN


CLIMATE REPORT
NATIONAL WEATHER SERVICE IN MILWAUKEE
421 PM CDT THU AUG 10 2017


...................................

...THE MADISON WI CLIMATE SUMMARY FOR AUGUST 10 2017...
VALID TODAY AS OF 0400 PM LOCAL TIME.

CLIMATE NORMAL PERIOD 1981 TO 2010
CLIMATE RECORD PERIOD 1871 TO 2017


WEATHER ITEM   OBSERVED TIME   RECORD YEAR NORMAL DEPARTURE LAST
                VALUE   (LST)  VALUE       VALUE  FROM      YEAR
                                                  NORMAL
..................................................................
TEMPERATURE (F)
 TODAY
  MAXIMUM         82    140 PM  94    1958  80      2       87
                                      1944
  MINIMUM         66    644 AM  44    1982  60      6       67
  AVERAGE         74                        70      4       77

PRECIPITATION (IN)
  TODAY            T             1.55 1887   0.13  -0.13     0.00
  MONTH TO DATE    0.46                      1.36  -0.90     1.61
  SINCE JUN 1     13.71                     10.08   3.63    12.19
  SINCE JAN 1     29.37                     21.91   7.46    21.98

SNOWFALL (IN)
  TODAY            0.0           0.0    MM   0.0    0.0      0.0
  MONTH TO DATE    0.0                       0.0    0.0      0.0
  SINCE JUN 1      0.0                       0.0    0.0      0.0
  SINCE JUL 1      0.0                       0.0    0.0      0.0
  SNOW DEPTH       0

DEGREE DAYS
 HEATING
  TODAY            0                         1     -1        0
  MONTH TO DATE    3                         7     -4        0
  SINCE JUN 1     33                        77    -44       18
  SINCE JUL 1      3                        17    -14        4

 COOLING
  TODAY            9                         6      3       12
  MONTH TO DATE   35                        60    -25       93
  SINCE JUN 1    394                       386      8      497
  SINCE JAN 1    409                       416     -7      549
..................................................................


WIND (MPH)
  HIGHEST WIND SPEED    15   HIGHEST WIND DIRECTION     S (200)
  HIGHEST GUST SPEED    21   HIGHEST GUST DIRECTION     S (200)
  AVERAGE WIND SPEED     9.4


SKY COVER
  POSSIBLE SUNSHINE  MM
  AVERAGE SKY COVER 0.8


WEATHER CONDITIONS
 THE FOLLOWING WEATHER WAS RECORDED TODAY.
  THUNDERSTORM
  LIGHT RAIN


RELATIVE HUMIDITY (PERCENT)
 HIGHEST    73           100 AM
 LOWEST     54           100 PM
 AVERAGE    64

..........................................................


THE MADISON WI CLIMATE NORMALS FOR TOMORROW
                         NORMAL    RECORD    YEAR
 MAXIMUM TEMPERATURE (F)   80        96      1941
 MINIMUM TEMPERATURE (F)   60        39      1967


SUNRISE AND SUNSET
AUGUST 10 2017........SUNRISE   558 AM CDT   SUNSET   807 PM CDT
AUGUST 11 2017........SUNRISE   559 AM CDT   SUNSET   805 PM CDT


-  INDICATES NEGATIVE NUMBERS.
R  INDICATES RECORD WAS SET OR TIED.
MM INDICATES DATA IS MISSING.
T  INDICATES TRACE AMOUNT.




$$
