000
CDUS43 KMKX 130644
CLIMSN


CLIMATE REPORT
NATIONAL WEATHER SERVICE IN MILWAUKEE
1243 AM CST TUE FEB 13 2018


...................................

...THE MADISON WI CLIMATE SUMMARY FOR FEBRUARY 12 2018...

CLIMATE NORMAL PERIOD 1981 TO 2010
CLIMATE RECORD PERIOD 1871 TO 2018


WEATHER ITEM   OBSERVED TIME   RECORD YEAR NORMAL DEPARTURE LAST
                VALUE   (LST)  VALUE       VALUE  FROM      YEAR
                                                  NORMAL
..................................................................
TEMPERATURE (F)
 YESTERDAY
  MAXIMUM         17    147 PM  63    1882  30    -13       40
  MINIMUM         -5    644 AM -23    1899  14    -19       30
  AVERAGE          6                        22    -16       35

PRECIPITATION (IN)
  YESTERDAY        0.00          0.71 1938   0.05  -0.05     0.02
  MONTH TO DATE    0.87                      0.55   0.32     0.28
  SINCE DEC 1      3.28                      3.52  -0.24     5.07
  SINCE JAN 1      2.55                      1.78   0.77     3.04

SNOWFALL (IN)
  YESTERDAY        0.0           4.9  1923   0.4   -0.4       T
  MONTH TO DATE   12.9                       4.8    8.1       T
  SINCE DEC 1     26.8                      31.2   -4.4     33.8
  SINCE JUL 1     27.1                      35.3   -8.2     33.8
  SNOW DEPTH       6

DEGREE DAYS
 HEATING
  YESTERDAY       59                        43     16       30
  MONTH TO DATE  660                       530    130      495
  SINCE DEC 1   3366                      3264    102     3077
  SINCE JUL 1   4725                      4843   -118     4099

 COOLING
  YESTERDAY        0                         0      0        0
  MONTH TO DATE    0                         0      0        0
  SINCE DEC 1      0                         0      0        0
  SINCE JAN 1      0                         0      0        0
..................................................................


WIND (MPH)
  HIGHEST WIND SPEED    10   HIGHEST WIND DIRECTION     N (10)
  HIGHEST GUST SPEED    14   HIGHEST GUST DIRECTION    NW (330)
  AVERAGE WIND SPEED     3.3


SKY COVER
  POSSIBLE SUNSHINE  MM
  AVERAGE SKY COVER 0.4


WEATHER CONDITIONS
 THE FOLLOWING WEATHER WAS RECORDED YESTERDAY.
  NO SIGNIFICANT WEATHER WAS OBSERVED.


RELATIVE HUMIDITY (PERCENT)
 HIGHEST    95           400 AM
 LOWEST     42           100 PM
 AVERAGE    69

..........................................................


THE MADISON WI CLIMATE NORMALS FOR TODAY
                         NORMAL    RECORD    YEAR
 MAXIMUM TEMPERATURE (F)   30        51      1921
 MINIMUM TEMPERATURE (F)   14       -24      1905


SUNRISE AND SUNSET
FEBRUARY 13 2018......SUNRISE   658 AM CST   SUNSET   526 PM CST
FEBRUARY 14 2018......SUNRISE   656 AM CST   SUNSET   527 PM CST


-  INDICATES NEGATIVE NUMBERS.
R  INDICATES RECORD WAS SET OR TIED.
MM INDICATES DATA IS MISSING.
T  INDICATES TRACE AMOUNT.




$$
