000
CDUS43 KMKX 150642
CLIMSN


CLIMATE REPORT
NATIONAL WEATHER SERVICE IN MILWAUKEE
141 AM CDT THU JUN 15 2017


...................................

...THE MADISON WI CLIMATE SUMMARY FOR JUNE 14 2017...

CLIMATE NORMAL PERIOD 1981 TO 2010
CLIMATE RECORD PERIOD 1871 TO 2017


WEATHER ITEM   OBSERVED TIME   RECORD YEAR NORMAL DEPARTURE LAST
                VALUE   (LST)  VALUE       VALUE  FROM      YEAR
                                                  NORMAL
..................................................................
TEMPERATURE (F)
 YESTERDAY
  MAXIMUM         89   1248 PM  95    1987  78     11       85
                                      1954
  MINIMUM         68    225 PM  39    1965  56     12       62
  AVERAGE         79                        67     12       74

PRECIPITATION (IN)
  YESTERDAY        0.38          3.47 1880   0.16   0.22     1.43
  MONTH TO DATE    2.32                      2.11   0.21     3.22
  SINCE JUN 1      2.32                      2.11   0.21     3.22
  SINCE JAN 1     17.98                     13.94   4.04    13.01

SNOWFALL (IN)
  YESTERDAY        0.0           0.0    MM   0.0    0.0      0.0
  MONTH TO DATE    0.0                       0.0    0.0      0.0
  SINCE JUN 1      0.0                       0.0    0.0      0.0
  SINCE JUL 1     44.0                      50.9   -6.9     32.7
  SNOW DEPTH       0

DEGREE DAYS
 HEATING
  YESTERDAY        0                         2     -2        0
  MONTH TO DATE    7                        44    -37       13
  SINCE JUN 1      7                        44    -37       13
  SINCE JUL 1   6195                      7317  -1122     6197

 COOLING
  YESTERDAY       14                         4     10        9
  MONTH TO DATE   92                        37     55       53
  SINCE JUN 1     92                        37     55       53
  SINCE JAN 1    107                        67     40      105
..................................................................


WIND (MPH)
  HIGHEST WIND SPEED    28   HIGHEST WIND DIRECTION     S (170)
  HIGHEST GUST SPEED    36   HIGHEST GUST DIRECTION    NW (300)
  AVERAGE WIND SPEED     7.1


SKY COVER
  POSSIBLE SUNSHINE  MM
  AVERAGE SKY COVER 0.6


WEATHER CONDITIONS
 THE FOLLOWING WEATHER WAS RECORDED YESTERDAY.
  THUNDERSTORM
  HEAVY RAIN
  RAIN
  LIGHT RAIN
  FOG


RELATIVE HUMIDITY (PERCENT)
 HIGHEST    87           600 PM
 LOWEST     55           100 PM
 AVERAGE    71

..........................................................


THE MADISON WI CLIMATE NORMALS FOR TODAY
                         NORMAL    RECORD    YEAR
 MAXIMUM TEMPERATURE (F)   78        93      1994
 MINIMUM TEMPERATURE (F)   56        37      1965


SUNRISE AND SUNSET
JUNE 15 2017..........SUNRISE   517 AM CDT   SUNSET   839 PM CDT
JUNE 16 2017..........SUNRISE   517 AM CDT   SUNSET   839 PM CDT


-  INDICATES NEGATIVE NUMBERS.
R  INDICATES RECORD WAS SET OR TIED.
MM INDICATES DATA IS MISSING.
T  INDICATES TRACE AMOUNT.




$$
