000
CDUS43 KMKX 160700
CLIMSN


CLIMATE REPORT
NATIONAL WEATHER SERVICE IN MILWAUKEE
200 AM CDT THU MAR 16 2017


...................................

...THE MADISON WI CLIMATE SUMMARY FOR MARCH 15 2017...

CLIMATE NORMAL PERIOD 1981 TO 2010
CLIMATE RECORD PERIOD 1871 TO 2017


WEATHER ITEM   OBSERVED TIME   RECORD YEAR NORMAL DEPARTURE LAST
                VALUE   (LST)  VALUE       VALUE  FROM      YEAR
                                                  NORMAL
..................................................................
TEMPERATURE (F)
 YESTERDAY
  MAXIMUM         32    449 PM  82    2012  43    -11       52
  MINIMUM         10    542 AM   0    1993  24    -14       39
  AVERAGE         21                        34    -13       46

PRECIPITATION (IN)
  YESTERDAY        0.00          1.49 1943   0.07  -0.07     0.81
  MONTH TO DATE    0.88                      0.92  -0.04     1.59
  SINCE MAR 1      0.88                      0.92  -0.04     1.59
  SINCE JAN 1      5.58                      3.60   1.98     3.09

SNOWFALL (IN)
  YESTERDAY        0.0           7.0  1959   0.2   -0.2      0.0
  MONTH TO DATE    8.3                       4.0    4.3      3.5
  SINCE MAR 1      8.3                       4.0    4.3      3.5
  SINCE JUL 1     44.0                      45.1   -1.1     28.0
  SNOW DEPTH       3

DEGREE DAYS
 HEATING
  YESTERDAY       44                        31     13       19
  MONTH TO DATE  534                       514     20      377
  SINCE MAR 1    534                       514     20      377
  SINCE JUL 1   5046                      6000   -954     4977

 COOLING
  YESTERDAY        0                         0      0        0
  MONTH TO DATE    0                         0      0        0
  SINCE MAR 1      0                         0      0        0
  SINCE JAN 1      0                         0      0        0
..................................................................


WIND (MPH)
  HIGHEST WIND SPEED    14   HIGHEST WIND DIRECTION    NW (320)
  HIGHEST GUST SPEED    19   HIGHEST GUST DIRECTION    NW (320)
  AVERAGE WIND SPEED     6.8


SKY COVER
  POSSIBLE SUNSHINE  MM
  AVERAGE SKY COVER 0.0


WEATHER CONDITIONS
 THE FOLLOWING WEATHER WAS RECORDED YESTERDAY.
  NO SIGNIFICANT WEATHER WAS OBSERVED.


RELATIVE HUMIDITY (PERCENT)
 HIGHEST    66           600 AM
 LOWEST     29           400 PM
 AVERAGE    48

..........................................................


THE MADISON WI CLIMATE NORMALS FOR TODAY
                         NORMAL    RECORD    YEAR
 MAXIMUM TEMPERATURE (F)   43        79      2012
 MINIMUM TEMPERATURE (F)   25        -8      1870


SUNRISE AND SUNSET
MARCH 16 2017.........SUNRISE   707 AM CDT   SUNSET   705 PM CDT
MARCH 17 2017.........SUNRISE   705 AM CDT   SUNSET   706 PM CDT


-  INDICATES NEGATIVE NUMBERS.
R  INDICATES RECORD WAS SET OR TIED.
MM INDICATES DATA IS MISSING.
T  INDICATES TRACE AMOUNT.




$$
