000
CDUS43 KMKX 030645
CLIMSN


CLIMATE REPORT
NATIONAL WEATHER SERVICE IN MILWAUKEE
143 AM CDT TUE MAY 3 2016


...................................

...THE MADISON WI CLIMATE SUMMARY FOR MAY 2 2016...

CLIMATE NORMAL PERIOD 1981 TO 2010
CLIMATE RECORD PERIOD 1871 TO 2016


WEATHER ITEM   OBSERVED TIME   RECORD YEAR NORMAL DEPARTURE LAST
                VALUE   (LST)  VALUE       VALUE  FROM      YEAR
                                                  NORMAL
..................................................................
TEMPERATURE (F)
 YESTERDAY
  MAXIMUM         64    319 PM  89    1959  64      0       76
  MINIMUM         38    426 AM  23    1978  42     -4       51
  AVERAGE         51                        53     -2       64

PRECIPITATION (IN)
  YESTERDAY        T             1.82 1871   0.10  -0.10     0.00
  MONTH TO DATE    T                         0.21  -0.21     0.00
  SINCE MAR 1      6.07                      5.81   0.26     5.14
  SINCE JAN 1      7.57                      8.49  -0.92     6.34

SNOWFALL (IN)
  YESTERDAY        0.0           1.9  1945   0.0    0.0      0.0
  MONTH TO DATE    0.0                       0.0    0.0      0.0
  SINCE MAR 1      8.2                       9.6   -1.4      4.2
  SINCE JUL 1     32.7                      50.7  -18.0     33.7
  SNOW DEPTH       0

DEGREE DAYS
 HEATING
  YESTERDAY       14                        12      2        1
  MONTH TO DATE   29                        25      4       14
  SINCE MAR 1   1367                      1546   -179     1443
  SINCE JUL 1   5967                      7032  -1065     7154

 COOLING
  YESTERDAY        0                         0      0        0
  MONTH TO DATE    0                         0      0        0
  SINCE MAR 1      0                         4     -4        0
  SINCE JAN 1      0                         4     -4        0
..................................................................


WIND (MPH)
  HIGHEST WIND SPEED    15   HIGHEST WIND DIRECTION     N (10)
  HIGHEST GUST SPEED    26   HIGHEST GUST DIRECTION     N (360)
  AVERAGE WIND SPEED     4.9


SKY COVER
  POSSIBLE SUNSHINE  MM
  AVERAGE SKY COVER 0.4


WEATHER CONDITIONS
 THE FOLLOWING WEATHER WAS RECORDED YESTERDAY.
  NO SIGNIFICANT WEATHER WAS OBSERVED.


RELATIVE HUMIDITY (PERCENT)
 HIGHEST    92           500 AM
 LOWEST     34           400 PM
 AVERAGE    63

..........................................................


THE MADISON WI CLIMATE NORMALS FOR TODAY
                         NORMAL    RECORD    YEAR
 MAXIMUM TEMPERATURE (F)   64        88      1949
 MINIMUM TEMPERATURE (F)   42        25      1971


SUNRISE AND SUNSET
MAY  3 2016...........SUNRISE   547 AM CDT   SUNSET   801 PM CDT
MAY  4 2016...........SUNRISE   546 AM CDT   SUNSET   803 PM CDT


-  INDICATES NEGATIVE NUMBERS.
R  INDICATES RECORD WAS SET OR TIED.
MM INDICATES DATA IS MISSING.
T  INDICATES TRACE AMOUNT.




$$
