000
CDUS43 KMKX 170645
CLIMSN


CLIMATE REPORT
NATIONAL WEATHER SERVICE IN MILWAUKEE
1244 AM CST TUE JAN 17 2017


...................................

...THE MADISON WI CLIMATE SUMMARY FOR JANUARY 16 2017...

CLIMATE NORMAL PERIOD 1981 TO 2010
CLIMATE RECORD PERIOD 1871 TO 2017


WEATHER ITEM   OBSERVED TIME   RECORD YEAR NORMAL DEPARTURE LAST
                VALUE   (LST)  VALUE       VALUE  FROM      YEAR
                                                  NORMAL
..................................................................
TEMPERATURE (F)
 YESTERDAY
  MAXIMUM         34   1159 PM  52    1933  26      8       28
  MINIMUM         20    206 AM -28    1979  11      9       -1
  AVERAGE         27                        18      9       14

PRECIPITATION (IN)
  YESTERDAY        0.61          0.80 1870   0.04   0.57      T
  MONTH TO DATE    1.36                      0.65   0.71     0.56
  SINCE DEC 1      3.39                      2.39   1.00     3.89
  SINCE JAN 1      1.36                      0.65   0.71     0.56

SNOWFALL (IN)
  YESTERDAY        T             6.6  1994   0.5   -0.5       T
  MONTH TO DATE    2.1                       6.7   -4.6      2.1
  SINCE DEC 1     24.8                      20.2    4.6      9.5
  SINCE JUL 1     24.8                      24.3    0.5     13.6
  SNOW DEPTH       1

DEGREE DAYS
 HEATING
  YESTERDAY       38                        47     -9       51
  MONTH TO DATE  769                       741     28      720
  SINCE DEC 1   2078                      2041     37     1641
  SINCE JUL 1   3100                      3620   -520     2832

 COOLING
  YESTERDAY        0                         0      0        0
  MONTH TO DATE    0                         0      0        0
  SINCE DEC 1      0                         0      0        0
  SINCE JAN 1      0                         0      0        0
..................................................................


WIND (MPH)
  HIGHEST WIND SPEED    13   HIGHEST WIND DIRECTION     E (80)
  HIGHEST GUST SPEED    17   HIGHEST GUST DIRECTION     E (80)
  AVERAGE WIND SPEED     5.6


SKY COVER
  POSSIBLE SUNSHINE  MM
  AVERAGE SKY COVER 0.8


WEATHER CONDITIONS
 THE FOLLOWING WEATHER WAS RECORDED YESTERDAY.
  RAIN
  LIGHT RAIN
  LT FREEZING RAIN
  SLEET
  FOG
  HAZE


RELATIVE HUMIDITY (PERCENT)
 HIGHEST    96           500 PM
 LOWEST     81           400 AM
 AVERAGE    89

..........................................................


THE MADISON WI CLIMATE NORMALS FOR TODAY
                         NORMAL    RECORD    YEAR
 MAXIMUM TEMPERATURE (F)   26        54      1894
 MINIMUM TEMPERATURE (F)   11       -26      1982


SUNRISE AND SUNSET
JANUARY 17 2017.......SUNRISE   725 AM CST   SUNSET   451 PM CST
JANUARY 18 2017.......SUNRISE   724 AM CST   SUNSET   452 PM CST


-  INDICATES NEGATIVE NUMBERS.
R  INDICATES RECORD WAS SET OR TIED.
MM INDICATES DATA IS MISSING.
T  INDICATES TRACE AMOUNT.




$$
