000
CDUS43 KMKX 070708
CLIMSN


CLIMATE REPORT
NATIONAL WEATHER SERVICE IN MILWAUKEE
207 AM CDT MON JUL 7 2014


...................................

...THE MADISON WI CLIMATE SUMMARY FOR JULY 6 2014...

CLIMATE NORMAL PERIOD 1981 TO 2010
CLIMATE RECORD PERIOD 1871 TO 2014


WEATHER ITEM   OBSERVED TIME   RECORD YEAR NORMAL DEPARTURE LAST
                VALUE   (LST)  VALUE       VALUE  FROM      YEAR
                                                  NORMAL
..................................................................
TEMPERATURE (F)
 YESTERDAY
  MAXIMUM         82    732 PM 102    2012  82      0       85
  MINIMUM         65    453 AM  36    1965  61      4       67
  AVERAGE         74                        71      3       76

PRECIPITATION (IN)
  YESTERDAY        0.00          2.27 1954   0.14  -0.14     0.00
  MONTH TO DATE    0.01                      0.83  -0.82     0.00
  SINCE JUN 1      9.56                      5.37   4.19    10.86
  SINCE JAN 1     21.31                     17.20   4.11    30.95

SNOWFALL (IN)
  YESTERDAY        0.0           0.0    MM   0.0    0.0      0.0
  MONTH TO DATE    0.0                       0.0    0.0      0.0
  SINCE JUN 1      0.0                       0.0    0.0      0.0
  SINCE JUL 1      0.0                       0.0    0.0      0.0
  SNOW DEPTH       0

DEGREE DAYS
 HEATING
  YESTERDAY        0                         0      0        0
  MONTH TO DATE    3                         0      3        2
  SINCE JUN 1     12                        60    -48       54
  SINCE JUL 1      3                         0      3        2

 COOLING
  YESTERDAY        9                         7      2       11
  MONTH TO DATE   22                        40    -18       30
  SINCE JUN 1    204                       160     44      167
  SINCE JAN 1    255                       190     65      220
..................................................................


WIND (MPH)
  HIGHEST WIND SPEED    18   HIGHEST WIND DIRECTION     S (190)
  HIGHEST GUST SPEED    24   HIGHEST GUST DIRECTION     S (180)
  AVERAGE WIND SPEED     7.4


SKY COVER
  POSSIBLE SUNSHINE  MM
  AVERAGE SKY COVER 0.9


WEATHER CONDITIONS
 THE FOLLOWING WEATHER WAS RECORDED YESTERDAY.
  THUNDERSTORM


RELATIVE HUMIDITY (PERCENT)
 HIGHEST    87           400 AM
 LOWEST     69           700 PM
 AVERAGE    78

..........................................................


THE MADISON WI CLIMATE NORMALS FOR TODAY
                         NORMAL    RECORD    YEAR
 MAXIMUM TEMPERATURE (F)   82       102      1936
 MINIMUM TEMPERATURE (F)   61        45      1997


SUNRISE AND SUNSET
JULY  7 2014..........SUNRISE   525 AM CDT   SUNSET   839 PM CDT
JULY  8 2014..........SUNRISE   526 AM CDT   SUNSET   839 PM CDT


-  INDICATES NEGATIVE NUMBERS.
R  INDICATES RECORD WAS SET OR TIED.
MM INDICATES DATA IS MISSING.
T  INDICATES TRACE AMOUNT.




$$
