000
CDUS43 KMKX 020700
CLIMSN


CLIMATE REPORT
NATIONAL WEATHER SERVICE IN MILWAUKEE
1258 AM CST SAT DEC 2 2017


...................................

...THE MADISON WI CLIMATE SUMMARY FOR DECEMBER 1 2017...

CLIMATE NORMAL PERIOD 1981 TO 2010
CLIMATE RECORD PERIOD 1871 TO 2017


WEATHER ITEM   OBSERVED TIME   RECORD YEAR NORMAL DEPARTURE LAST
                VALUE   (LST)  VALUE       VALUE  FROM      YEAR
                                                  NORMAL
..................................................................
TEMPERATURE (F)
 YESTERDAY
  MAXIMUM         47    256 PM  62    1970  36     11       41
  MINIMUM         22    605 AM -11    1893  21      1       35
  AVERAGE         35                        28      7       38

PRECIPITATION (IN)
  YESTERDAY        0.00          1.73 1985   0.07  -0.07      T
  MONTH TO DATE    0.00                      0.07  -0.07      T
  SINCE DEC 1      0.00                      0.07  -0.07      T
  SINCE JAN 1     37.55                     32.81   4.74    43.53

SNOWFALL (IN)
  YESTERDAY        0.0          12.1  1985   0.4   -0.4      0.0
  MONTH TO DATE    0.0                       0.4   -0.4      0.0
  SINCE DEC 1      0.0                       0.4   -0.4      0.0
  SINCE JUL 1      0.3                       4.5   -4.2       T
  SNOW DEPTH       0

DEGREE DAYS
 HEATING
  YESTERDAY       30                        37     -7       27
  MONTH TO DATE   30                        37     -7       27
  SINCE DEC 1     30                        37     -7       27
  SINCE JUL 1   1389                      1616   -227     1049

 COOLING
  YESTERDAY        0                         0      0        0
  MONTH TO DATE    0                         0      0        0
  SINCE DEC 1      0                         0      0        0
  SINCE JAN 1    580                       568     12      780
..................................................................


WIND (MPH)
  HIGHEST WIND SPEED    10   HIGHEST WIND DIRECTION     S (200)
  HIGHEST GUST SPEED    17   HIGHEST GUST DIRECTION     S (190)
  AVERAGE WIND SPEED     4.5


SKY COVER
  POSSIBLE SUNSHINE  MM
  AVERAGE SKY COVER 0.5


WEATHER CONDITIONS
 THE FOLLOWING WEATHER WAS RECORDED YESTERDAY.
  NO SIGNIFICANT WEATHER WAS OBSERVED.


RELATIVE HUMIDITY (PERCENT)
 HIGHEST    96           700 AM
 LOWEST     45          1200 PM
 AVERAGE    71

..........................................................


THE MADISON WI CLIMATE NORMALS FOR TODAY
                         NORMAL    RECORD    YEAR
 MAXIMUM TEMPERATURE (F)   35        62      1982
 MINIMUM TEMPERATURE (F)   21       -12      1886


SUNRISE AND SUNSET
DECEMBER  2 2017......SUNRISE   711 AM CST   SUNSET   423 PM CST
DECEMBER  3 2017......SUNRISE   712 AM CST   SUNSET   423 PM CST


-  INDICATES NEGATIVE NUMBERS.
R  INDICATES RECORD WAS SET OR TIED.
MM INDICATES DATA IS MISSING.
T  INDICATES TRACE AMOUNT.




$$
