000
CDUS43 KMKX 090643
CLIMSN


CLIMATE REPORT
NATIONAL WEATHER SERVICE IN MILWAUKEE
142 AM CDT WED AUG 9 2017


...................................

...THE MADISON WI CLIMATE SUMMARY FOR AUGUST 8 2017...

CLIMATE NORMAL PERIOD 1981 TO 2010
CLIMATE RECORD PERIOD 1871 TO 2017


WEATHER ITEM   OBSERVED TIME   RECORD YEAR NORMAL DEPARTURE LAST
                VALUE   (LST)  VALUE       VALUE  FROM      YEAR
                                                  NORMAL
..................................................................
TEMPERATURE (F)
 YESTERDAY
  MAXIMUM         80    426 PM  96    1894  80      0       82
  MINIMUM         54    503 AM  44    1976  60     -6       56
  AVERAGE         67                        70     -3       69

PRECIPITATION (IN)
  YESTERDAY        0.00          4.96 1906   0.13  -0.13     0.00
  MONTH TO DATE    0.46                      1.09  -0.63     1.61
  SINCE JUN 1     13.71                      9.81   3.90    12.19
  SINCE JAN 1     29.37                     21.64   7.73    21.98

SNOWFALL (IN)
  YESTERDAY        0.0           0.0    MM   0.0    0.0      0.0
  MONTH TO DATE    0.0                       0.0    0.0      0.0
  SINCE JUN 1      0.0                       0.0    0.0      0.0
  SINCE JUL 1      0.0                       0.0    0.0      0.0
  SNOW DEPTH       0

DEGREE DAYS
 HEATING
  YESTERDAY        0                         1     -1        0
  MONTH TO DATE    3                         5     -2        0
  SINCE JUN 1     33                        75    -42       18
  SINCE JUL 1      3                        15    -12        4

 COOLING
  YESTERDAY        2                         6     -4        4
  MONTH TO DATE   23                        48    -25       69
  SINCE JUN 1    382                       374      8      473
  SINCE JAN 1    397                       404     -7      525
..................................................................


WIND (MPH)
  HIGHEST WIND SPEED    13   HIGHEST WIND DIRECTION     W (290)
  HIGHEST GUST SPEED    18   HIGHEST GUST DIRECTION     W (280)
  AVERAGE WIND SPEED     3.7


SKY COVER
  POSSIBLE SUNSHINE  MM
  AVERAGE SKY COVER 0.3


WEATHER CONDITIONS
 THE FOLLOWING WEATHER WAS RECORDED YESTERDAY.
  NO SIGNIFICANT WEATHER WAS OBSERVED.


RELATIVE HUMIDITY (PERCENT)
 HIGHEST    93           100 AM
 LOWEST     42           300 PM
 AVERAGE    68

..........................................................


THE MADISON WI CLIMATE NORMALS FOR TODAY
                         NORMAL    RECORD    YEAR
 MAXIMUM TEMPERATURE (F)   80        95      1936
                                             1934
                                             1887
 MINIMUM TEMPERATURE (F)   60        40      1972


SUNRISE AND SUNSET
AUGUST  9 2017........SUNRISE   557 AM CDT   SUNSET   808 PM CDT
AUGUST 10 2017........SUNRISE   558 AM CDT   SUNSET   807 PM CDT


-  INDICATES NEGATIVE NUMBERS.
R  INDICATES RECORD WAS SET OR TIED.
MM INDICATES DATA IS MISSING.
T  INDICATES TRACE AMOUNT.




$$
