000
CDUS43 KMKX 060657
CLIMSN


CLIMATE REPORT
NATIONAL WEATHER SERVICE IN MILWAUKEE
1252 AM CST WED DEC 6 2017


...................................

...THE MADISON WI CLIMATE SUMMARY FOR DECEMBER 5 2017...

CLIMATE NORMAL PERIOD 1981 TO 2010
CLIMATE RECORD PERIOD 1871 TO 2017


WEATHER ITEM   OBSERVED TIME   RECORD YEAR NORMAL DEPARTURE LAST
                VALUE   (LST)  VALUE       VALUE  FROM      YEAR
                                                  NORMAL
..................................................................
TEMPERATURE (F)
 YESTERDAY
  MAXIMUM         39   1216 AM  64    2001  34      5       34
  MINIMUM         22   1159 PM -15    1871  19      3       31
  AVERAGE         31                        27      4       33

PRECIPITATION (IN)
  YESTERDAY        0.00          1.16 1982   0.07  -0.07     0.00
  MONTH TO DATE    0.47                      0.36   0.11     0.46
  SINCE DEC 1      0.47                      0.36   0.11     0.46
  SINCE JAN 1     38.02                     33.10   4.92    43.99

SNOWFALL (IN)
  YESTERDAY        0.0           4.8  1936   0.4   -0.4      0.0
  MONTH TO DATE    0.0                       2.0   -2.0      5.7
  SINCE DEC 1      0.0                       2.0   -2.0      5.7
  SINCE JUL 1      0.3                       6.1   -5.8      5.7
  SNOW DEPTH       0

DEGREE DAYS
 HEATING
  YESTERDAY       34                        38     -4       32
  MONTH TO DATE  132                       188    -56      158
  SINCE DEC 1    132                       188    -56      158
  SINCE JUL 1   1491                      1767   -276     1180

 COOLING
  YESTERDAY        0                         0      0        0
  MONTH TO DATE    0                         0      0        0
  SINCE DEC 1      0                         0      0        0
  SINCE JAN 1    580                       568     12      780
..................................................................


WIND (MPH)
  HIGHEST WIND SPEED    23   HIGHEST WIND DIRECTION    SW (240)
  HIGHEST GUST SPEED    49   HIGHEST GUST DIRECTION     W (250)
  AVERAGE WIND SPEED    12.0


SKY COVER
  POSSIBLE SUNSHINE  MM
  AVERAGE SKY COVER 0.5


WEATHER CONDITIONS
 THE FOLLOWING WEATHER WAS RECORDED YESTERDAY.
  NO SIGNIFICANT WEATHER WAS OBSERVED.


RELATIVE HUMIDITY (PERCENT)
 HIGHEST    79          1200 AM
 LOWEST     34           100 PM
 AVERAGE    57

..........................................................


THE MADISON WI CLIMATE NORMALS FOR TODAY
                         NORMAL    RECORD    YEAR
 MAXIMUM TEMPERATURE (F)   33        56      1998
 MINIMUM TEMPERATURE (F)   19       -11      1972


SUNRISE AND SUNSET
DECEMBER  6 2017......SUNRISE   715 AM CST   SUNSET   422 PM CST
DECEMBER  7 2017......SUNRISE   716 AM CST   SUNSET   422 PM CST


-  INDICATES NEGATIVE NUMBERS.
R  INDICATES RECORD WAS SET OR TIED.
MM INDICATES DATA IS MISSING.
T  INDICATES TRACE AMOUNT.




$$
