000
CDUS43 KMKX 160643
CLIMSN


CLIMATE REPORT
NATIONAL WEATHER SERVICE IN MILWAUKEE
142 AM CDT WED AUG 16 2017


...................................

...THE MADISON WI CLIMATE SUMMARY FOR AUGUST 15 2017...

CLIMATE NORMAL PERIOD 1981 TO 2010
CLIMATE RECORD PERIOD 1871 TO 2017


WEATHER ITEM   OBSERVED TIME   RECORD YEAR NORMAL DEPARTURE LAST
                VALUE   (LST)  VALUE       VALUE  FROM      YEAR
                                                  NORMAL
..................................................................
TEMPERATURE (F)
 YESTERDAY
  MAXIMUM         77    247 PM  95    1988  80     -3       81
                                      1955
  MINIMUM         61    225 AM  37    1979  59      2       61
  AVERAGE         69                        70     -1       71

PRECIPITATION (IN)
  YESTERDAY        0.00          2.67 1993   0.15  -0.15     0.00
  MONTH TO DATE    1.50                      2.10  -0.60     2.78
  SINCE JUN 1     14.75                     10.82   3.93    13.36
  SINCE JAN 1     30.41                     22.65   7.76    23.15

SNOWFALL (IN)
  YESTERDAY        0.0           0.0    MM   0.0    0.0      0.0
  MONTH TO DATE    0.0                       0.0    0.0      0.0
  SINCE JUN 1      0.0                       0.0    0.0      0.0
  SINCE JUL 1      0.0                       0.0    0.0      0.0
  SNOW DEPTH       0

DEGREE DAYS
 HEATING
  YESTERDAY        0                         1     -1        0
  MONTH TO DATE    6                        12     -6        0
  SINCE JUN 1     36                        82    -46       18
  SINCE JUL 1      6                        22    -16        4

 COOLING
  YESTERDAY        4                         5     -1        6
  MONTH TO DATE   40                        87    -47      141
  SINCE JUN 1    399                       413    -14      545
  SINCE JAN 1    414                       443    -29      597
..................................................................


WIND (MPH)
  HIGHEST WIND SPEED    13   HIGHEST WIND DIRECTION     N (20)
  HIGHEST GUST SPEED    15   HIGHEST GUST DIRECTION    NE (30)
  AVERAGE WIND SPEED     6.0


SKY COVER
  POSSIBLE SUNSHINE  MM
  AVERAGE SKY COVER 0.7


WEATHER CONDITIONS
 THE FOLLOWING WEATHER WAS RECORDED YESTERDAY.
  FOG


RELATIVE HUMIDITY (PERCENT)
 HIGHEST   100          1200 AM
 LOWEST     60           200 PM
 AVERAGE    80

..........................................................


THE MADISON WI CLIMATE NORMALS FOR TODAY
                         NORMAL    RECORD    YEAR
 MAXIMUM TEMPERATURE (F)   80       102      1988
 MINIMUM TEMPERATURE (F)   59        38      1979


SUNRISE AND SUNSET
AUGUST 16 2017........SUNRISE   604 AM CDT   SUNSET   758 PM CDT
AUGUST 17 2017........SUNRISE   605 AM CDT   SUNSET   756 PM CDT


-  INDICATES NEGATIVE NUMBERS.
R  INDICATES RECORD WAS SET OR TIED.
MM INDICATES DATA IS MISSING.
T  INDICATES TRACE AMOUNT.




$$
