000
CDUS43 KMKX 180641
CLIMSN


CLIMATE REPORT
NATIONAL WEATHER SERVICE IN MILWAUKEE
1241 AM CST THU DEC 18 2014


...................................

...THE MADISON WI CLIMATE SUMMARY FOR DECEMBER 17 2014...

CLIMATE NORMAL PERIOD 1981 TO 2010
CLIMATE RECORD PERIOD 1871 TO 2014


WEATHER ITEM   OBSERVED TIME   RECORD YEAR NORMAL DEPARTURE LAST
                VALUE   (LST)  VALUE       VALUE  FROM      YEAR
                                                  NORMAL
..................................................................
TEMPERATURE (F)
 YESTERDAY
  MAXIMUM         25   1253 PM  54    1939  29     -4       35
  MINIMUM         18   1159 PM -13    1972  15      3       15
  AVERAGE         22                        22      0       25

PRECIPITATION (IN)
  YESTERDAY        T             0.44 1896   0.06  -0.06     0.02
  MONTH TO DATE    0.50                      1.10  -0.60     0.76
  SINCE DEC 1      0.50                      1.10  -0.60     0.76
  SINCE JAN 1     34.78                     33.84   0.94    44.52

SNOWFALL (IN)
  YESTERDAY        T             4.1  1963   0.5   -0.5      0.4
  MONTH TO DATE    0.1                       7.5   -7.4      9.9
  SINCE DEC 1      0.1                       7.5   -7.4      9.9
  SINCE JUL 1      8.6                      11.6   -3.0     13.4
  SNOW DEPTH       0

DEGREE DAYS
 HEATING
  YESTERDAY       43                        43      0       40
  MONTH TO DATE  610                       679    -69      788
  SINCE DEC 1    610                       679    -69      788
  SINCE JUL 1   2294                      2258     36     2307

 COOLING
  YESTERDAY        0                         0      0        0
  MONTH TO DATE    0                         0      0        0
  SINCE DEC 1      0                         0      0        0
  SINCE JAN 1    620                       568     52      709
..................................................................


WIND (MPH)
  HIGHEST WIND SPEED    16   HIGHEST WIND DIRECTION    NW (310)
  HIGHEST GUST SPEED    23   HIGHEST GUST DIRECTION    NW (300)
  AVERAGE WIND SPEED     7.7


SKY COVER
  POSSIBLE SUNSHINE  MM
  AVERAGE SKY COVER 0.8


WEATHER CONDITIONS
 THE FOLLOWING WEATHER WAS RECORDED YESTERDAY.
  LIGHT SNOW


RELATIVE HUMIDITY (PERCENT)
 HIGHEST    80          1000 PM
 LOWEST     62          1100 AM
 AVERAGE    71

..........................................................


THE MADISON WI CLIMATE NORMALS FOR TODAY
                         NORMAL    RECORD    YEAR
 MAXIMUM TEMPERATURE (F)   29        53      2002
                                             1923
 MINIMUM TEMPERATURE (F)   15       -20      1884


SUNRISE AND SUNSET
DECEMBER 18 2014......SUNRISE   724 AM CST   SUNSET   424 PM CST
DECEMBER 19 2014......SUNRISE   725 AM CST   SUNSET   424 PM CST


-  INDICATES NEGATIVE NUMBERS.
R  INDICATES RECORD WAS SET OR TIED.
MM INDICATES DATA IS MISSING.
T  INDICATES TRACE AMOUNT.




$$
