000
CDUS43 KMKX 110024
CLIMSN


CLIMATE REPORT
NATIONAL WEATHER SERVICE IN MILWAUKEE
724 PM CDT SAT JUN 10 2017


...................................

...THE MADISON WI CLIMATE SUMMARY FOR JUNE 10 2017...
VALID TODAY AS OF 0700 PM LOCAL TIME.

CLIMATE NORMAL PERIOD 1981 TO 2010
CLIMATE RECORD PERIOD 1871 TO 2017


WEATHER ITEM   OBSERVED TIME   RECORD YEAR NORMAL DEPARTURE LAST
                VALUE   (LST)  VALUE       VALUE  FROM      YEAR
                                                  NORMAL
..................................................................
TEMPERATURE (F)
 TODAY
  MAXIMUM         87    259 PM  96    1956  77     10       90
  MINIMUM         66    400 AM  31    1972  54     12       65
  AVERAGE         77                        66     11       78

PRECIPITATION (IN)
  TODAY            0.00          2.81 1893   0.15  -0.15     0.39
  MONTH TO DATE    0.01                      1.49  -1.48     1.76
  SINCE JUN 1      0.01                      1.49  -1.48     1.76
  SINCE JAN 1     15.67                     13.32   2.35    11.55

SNOWFALL (IN)
  TODAY            0.0           0.0    MM   0.0    0.0      0.0
  MONTH TO DATE    0.0                       0.0    0.0      0.0
  SINCE JUN 1      0.0                       0.0    0.0      0.0
  SINCE JUL 1     44.0                      50.9   -6.9     32.7
  SNOW DEPTH       0

DEGREE DAYS
 HEATING
  TODAY            0                         3     -3        0
  MONTH TO DATE    7                        36    -29       13
  SINCE JUN 1      7                        36    -29       13
  SINCE JUL 1   6195                      7309  -1114     6197

 COOLING
  TODAY           12                         3      9       13
  MONTH TO DATE   38                        23     15       28
  SINCE JUN 1     38                        23     15       28
  SINCE JAN 1     53                        53      0       80
..................................................................


WIND (MPH)
  HIGHEST WIND SPEED    25   HIGHEST WIND DIRECTION     S (200)
  HIGHEST GUST SPEED    36   HIGHEST GUST DIRECTION     S (190)
  AVERAGE WIND SPEED    12.0


SKY COVER
  POSSIBLE SUNSHINE  MM
  AVERAGE SKY COVER 0.4


WEATHER CONDITIONS
 THE FOLLOWING WEATHER WAS RECORDED TODAY.
  NO SIGNIFICANT WEATHER WAS OBSERVED.


RELATIVE HUMIDITY (PERCENT)
 HIGHEST    73           100 AM
 LOWEST     36           300 PM
 AVERAGE    55

..........................................................


THE MADISON WI CLIMATE NORMALS FOR TOMORROW
                         NORMAL    RECORD    YEAR
 MAXIMUM TEMPERATURE (F)   77        94      1956
 MINIMUM TEMPERATURE (F)   55        35      1972


SUNRISE AND SUNSET
JUNE 10 2017..........SUNRISE   517 AM CDT   SUNSET   836 PM CDT
JUNE 11 2017..........SUNRISE   517 AM CDT   SUNSET   837 PM CDT


-  INDICATES NEGATIVE NUMBERS.
R  INDICATES RECORD WAS SET OR TIED.
MM INDICATES DATA IS MISSING.
T  INDICATES TRACE AMOUNT.




$$
