273
CDUS43 KMKX 240700
CLIMSN


CLIMATE REPORT
NATIONAL WEATHER SERVICE IN MILWAUKEE
100 AM CST TUE JAN 24 2017


...................................

...THE MADISON WI CLIMATE SUMMARY FOR JANUARY 23 2017...

CLIMATE NORMAL PERIOD 1981 TO 2010
CLIMATE RECORD PERIOD 1871 TO 2017


WEATHER ITEM   OBSERVED TIME   RECORD YEAR NORMAL DEPARTURE LAST
                VALUE   (LST)  VALUE       VALUE  FROM      YEAR
                                                  NORMAL
..................................................................
TEMPERATURE (F)
 YESTERDAY
  MAXIMUM         40   1254 PM  50    1909  26     14       31
  MINIMUM         35   1159 PM -27    1963  11     24       20
  AVERAGE         38                        19     19       26

PRECIPITATION (IN)
  YESTERDAY        T             0.89 1898   0.03  -0.03     0.00
  MONTH TO DATE    1.83                      0.91   0.92     0.56
  SINCE DEC 1      3.86                      2.65   1.21     3.89
  SINCE JAN 1      1.83                      0.91   0.92     0.56

SNOWFALL (IN)
  YESTERDAY       MM             9.0  1898   0.5   MM        0.0
  MONTH TO DATE    2.1                       9.6   -7.5      2.2
  SINCE DEC 1     24.8                      23.1    1.7      9.6
  SINCE JUL 1     24.8                      27.2   -2.4     13.7
  SNOW DEPTH       0

DEGREE DAYS
 HEATING
  YESTERDAY       27                        46    -19       39
  MONTH TO DATE  970                      1067    -97     1093
  SINCE DEC 1   2279                      2367    -88     2014
  SINCE JUL 1   3301                      3946   -645     3205

 COOLING
  YESTERDAY        0                         0      0        0
  MONTH TO DATE    0                         0      0        0
  SINCE DEC 1      0                         0      0        0
  SINCE JAN 1      0                         0      0        0
..................................................................


WIND (MPH)
  HIGHEST WIND SPEED    10   HIGHEST WIND DIRECTION    NW (330)
  HIGHEST GUST SPEED    14   HIGHEST GUST DIRECTION    SE (150)
  AVERAGE WIND SPEED     4.8


SKY COVER
  POSSIBLE SUNSHINE  MM
  AVERAGE SKY COVER 1.0


WEATHER CONDITIONS
 THE FOLLOWING WEATHER WAS RECORDED YESTERDAY.
  FOG


RELATIVE HUMIDITY (PERCENT)
 HIGHEST   100          1200 AM
 LOWEST     85          1100 AM
 AVERAGE    93

..........................................................


THE MADISON WI CLIMATE NORMALS FOR TODAY
                         NORMAL    RECORD    YEAR
 MAXIMUM TEMPERATURE (F)   27        55      1981
 MINIMUM TEMPERATURE (F)   11       -24      1936


SUNRISE AND SUNSET
JANUARY 24 2017.......SUNRISE   720 AM CST   SUNSET   459 PM CST
JANUARY 25 2017.......SUNRISE   719 AM CST   SUNSET   501 PM CST


-  INDICATES NEGATIVE NUMBERS.
R  INDICATES RECORD WAS SET OR TIED.
MM INDICATES DATA IS MISSING.
T  INDICATES TRACE AMOUNT.




$$
