000
CDUS43 KMKX 250045
CLIMSN


CLIMATE REPORT
NATIONAL WEATHER SERVICE IN MILWAUKEE
643 PM CST SAT JAN 24 2015


...................................

...THE MADISON WI CLIMATE SUMMARY FOR JANUARY 24 2015...
VALID TODAY AS OF 0600 PM LOCAL TIME.

CLIMATE NORMAL PERIOD 1981 TO 2010
CLIMATE RECORD PERIOD 1871 TO 2015


WEATHER ITEM   OBSERVED TIME   RECORD YEAR NORMAL DEPARTURE LAST
                VALUE   (LST)  VALUE       VALUE  FROM      YEAR
                                                  NORMAL
..................................................................
TEMPERATURE (F)
 TODAY
  MAXIMUM         35    445 PM  55    1981  27      8       32
  MINIMUM         32    556 PM -24    1936  11     21       -8
  AVERAGE         34                        19     15       12

PRECIPITATION (IN)
  TODAY            0.00          1.42 1938   0.04  -0.04     0.03
  MONTH TO DATE    0.45                      0.95  -0.50     0.40
  SINCE DEC 1      1.48                      2.69  -1.21     2.02
  SINCE JAN 1      0.45                      0.95  -0.50     0.40

SNOWFALL (IN)
  TODAY            0.0           6.0  1938   0.4   -0.4      0.3
  MONTH TO DATE    7.4                      10.0   -2.6      7.4
  SINCE DEC 1      7.5                      23.5  -16.0     29.5
  SINCE JUL 1     16.0                      27.6  -11.6     33.0
  SNOW DEPTH       T

DEGREE DAYS
 HEATING
  TODAY           31                        46    -15       53
  MONTH TO DATE 1108                      1113     -5     1267
  SINCE DEC 1   2236                      2413   -177     2733
  SINCE JUL 1   3920                      3992    -72     4252

 COOLING
  TODAY            0                         0      0        0
  MONTH TO DATE    0                         0      0        0
  SINCE DEC 1      0                         0      0        0
  SINCE JAN 1      0                         0      0        0
..................................................................


WIND (MPH)
  HIGHEST WIND SPEED    12   HIGHEST WIND DIRECTION     W (280)
  HIGHEST GUST SPEED    18   HIGHEST GUST DIRECTION     W (290)
  AVERAGE WIND SPEED     3.6


SKY COVER
  POSSIBLE SUNSHINE  MM
  AVERAGE SKY COVER 1.0


WEATHER CONDITIONS
 THE FOLLOWING WEATHER WAS RECORDED TODAY.
  FOG


RELATIVE HUMIDITY (PERCENT)
 HIGHEST    85           700 AM
 LOWEST     75           200 PM
 AVERAGE    80

..........................................................


THE MADISON WI CLIMATE NORMALS FOR TOMORROW
                         NORMAL    RECORD    YEAR
 MAXIMUM TEMPERATURE (F)   27        53      1973
 MINIMUM TEMPERATURE (F)   11       -26      1904


SUNRISE AND SUNSET
JANUARY 24 2015.......SUNRISE   720 AM CST   SUNSET   459 PM CST
JANUARY 25 2015.......SUNRISE   720 AM CST   SUNSET   500 PM CST


-  INDICATES NEGATIVE NUMBERS.
R  INDICATES RECORD WAS SET OR TIED.
MM INDICATES DATA IS MISSING.
T  INDICATES TRACE AMOUNT.




$$
