000
CDUS43 KMKX 312146
CLIMSN


CLIMATE REPORT
NATIONAL WEATHER SERVICE IN MILWAUKEE
445 PM CDT FRI OCT 31 2014


...................................

...THE MADISON WI CLIMATE SUMMARY FOR OCTOBER 31 2014...
VALID TODAY AS OF 0400 PM LOCAL TIME.

CLIMATE NORMAL PERIOD 1981 TO 2010
CLIMATE RECORD PERIOD 1871 TO 2014


WEATHER ITEM   OBSERVED TIME   RECORD YEAR NORMAL DEPARTURE LAST
                VALUE   (LST)  VALUE       VALUE  FROM      YEAR
                                                  NORMAL
..................................................................
TEMPERATURE (F)
 TODAY
  MAXIMUM         42   1222 AM  77    1950  52    -10       62
                                      1933
  MINIMUM         32    438 AM  16    1925  34     -2       43
  AVERAGE         37                        43     -6       53

PRECIPITATION (IN)
  TODAY            0.01          1.21 1960   0.08  -0.07     0.57
  MONTH TO DATE    3.09                      2.40   0.69     1.89
  SINCE SEP 1      4.93                      5.53  -0.60     5.08
  SINCE JAN 1     32.74                     30.35   2.39    41.56

SNOWFALL (IN)
  TODAY            0.2           3.2  1926   0.0    0.2      0.0
  MONTH TO DATE    0.2                       0.5   -0.3       T
  SINCE SEP 1      0.2                       0.5   -0.3       T
  SINCE JUL 1      0.2                       0.5   -0.3       T
  SNOW DEPTH       0

DEGREE DAYS
 HEATING
  TODAY           28                        22      6       12
  MONTH TO DATE  457                       506    -49      461
  SINCE SEP 1    623                       676    -53      588
  SINCE JUL 1    640                       713    -73      618

 COOLING
  TODAY            0                         0      0        0
  MONTH TO DATE    0                         4     -4        2
  SINCE SEP 1     44                        55    -11       96
  SINCE JAN 1    620                       568     52      709
..................................................................


WIND (MPH)
  HIGHEST WIND SPEED    32   HIGHEST WIND DIRECTION     N (360)
  HIGHEST GUST SPEED    40   HIGHEST GUST DIRECTION     N (10)
  AVERAGE WIND SPEED    20.9


SKY COVER
  POSSIBLE SUNSHINE  MM
  AVERAGE SKY COVER 0.8


WEATHER CONDITIONS
 THE FOLLOWING WEATHER WAS RECORDED TODAY.
  LIGHT RAIN
  LIGHT SNOW
  FOG
  HAZE


RELATIVE HUMIDITY (PERCENT)
 HIGHEST    69           600 AM
 LOWEST     40           300 PM
 AVERAGE    55

..........................................................


THE MADISON WI CLIMATE NORMALS FOR TOMORROW
                         NORMAL    RECORD    YEAR
 MAXIMUM TEMPERATURE (F)   52        77      1933
 MINIMUM TEMPERATURE (F)   34        15      1873


SUNRISE AND SUNSET
OCTOBER 31 2014.......SUNRISE   731 AM CDT   SUNSET   550 PM CDT
NOVEMBER  1 2014......SUNRISE   732 AM CDT   SUNSET   549 PM CDT


-  INDICATES NEGATIVE NUMBERS.
R  INDICATES RECORD WAS SET OR TIED.
MM INDICATES DATA IS MISSING.
T  INDICATES TRACE AMOUNT.




$$
