000
CDUS43 KMKX 280647
CLIMSN


CLIMATE REPORT
NATIONAL WEATHER SERVICE IN MILWAUKEE
1247 AM CST WED JAN 28 2015


...................................

...THE MADISON WI CLIMATE SUMMARY FOR JANUARY 27 2015...

CLIMATE NORMAL PERIOD 1981 TO 2010
CLIMATE RECORD PERIOD 1871 TO 2015


WEATHER ITEM   OBSERVED TIME   RECORD YEAR NORMAL DEPARTURE LAST
                VALUE   (LST)  VALUE       VALUE  FROM      YEAR
                                                  NORMAL
..................................................................
TEMPERATURE (F)
 YESTERDAY
  MAXIMUM         29    233 PM  55    2002  27      2        3
  MINIMUM         24    902 PM -19    1915  11     13      -11
  AVERAGE         27                        19      8       -4

PRECIPITATION (IN)
  YESTERDAY        T             1.14 1944   0.04  -0.04      T
  MONTH TO DATE    0.52                      1.07  -0.55     0.58
  SINCE DEC 1      1.55                      2.81  -1.26     2.20
  SINCE JAN 1      0.52                      1.07  -0.55     0.58

SNOWFALL (IN)
  YESTERDAY        T             5.4  1949   0.4   -0.4       T
  MONTH TO DATE    8.8                      11.2   -2.4     11.3
  SINCE DEC 1      8.9                      24.7  -15.8     33.4
  SINCE JUL 1     17.4                      28.8  -11.4     36.9
  SNOW DEPTH       1

DEGREE DAYS
 HEATING
  YESTERDAY       38                        46     -8       69
  MONTH TO DATE 1236                      1251    -15     1433
  SINCE DEC 1   2364                      2551   -187     2899
  SINCE JUL 1   4048                      4130    -82     4418

 COOLING
  YESTERDAY        0                         0      0        0
  MONTH TO DATE    0                         0      0        0
  SINCE DEC 1      0                         0      0        0
  SINCE JAN 1      0                         0      0        0
..................................................................


WIND (MPH)
  HIGHEST WIND SPEED     9   HIGHEST WIND DIRECTION     E (90)
  HIGHEST GUST SPEED    13   HIGHEST GUST DIRECTION     N (360)
  AVERAGE WIND SPEED     4.6


SKY COVER
  POSSIBLE SUNSHINE  MM
  AVERAGE SKY COVER 1.0


WEATHER CONDITIONS
 THE FOLLOWING WEATHER WAS RECORDED YESTERDAY.
  LIGHT SNOW
  FOG
  HAZE


RELATIVE HUMIDITY (PERCENT)
 HIGHEST    92          1100 AM
 LOWEST     75           400 PM
 AVERAGE    84

..........................................................


THE MADISON WI CLIMATE NORMALS FOR TODAY
                         NORMAL    RECORD    YEAR
 MAXIMUM TEMPERATURE (F)   27        52      1914
 MINIMUM TEMPERATURE (F)   11       -23      1915


SUNRISE AND SUNSET
JANUARY 28 2015.......SUNRISE   717 AM CST   SUNSET   504 PM CST
JANUARY 29 2015.......SUNRISE   716 AM CST   SUNSET   505 PM CST


-  INDICATES NEGATIVE NUMBERS.
R  INDICATES RECORD WAS SET OR TIED.
MM INDICATES DATA IS MISSING.
T  INDICATES TRACE AMOUNT.




$$
