000
CDUS43 KMKX 220645
CLIMSN


CLIMATE REPORT
NATIONAL WEATHER SERVICE IN MILWAUKEE
143 AM CDT THU JUN 22 2017


...................................

...THE MADISON WI CLIMATE SUMMARY FOR JUNE 21 2017...

CLIMATE NORMAL PERIOD 1981 TO 2010
CLIMATE RECORD PERIOD 1871 TO 2017


WEATHER ITEM   OBSERVED TIME   RECORD YEAR NORMAL DEPARTURE LAST
                VALUE   (LST)  VALUE       VALUE  FROM      YEAR
                                                  NORMAL
..................................................................
TEMPERATURE (F)
 YESTERDAY
  MAXIMUM         78    250 PM 100    1988  80     -2       80
  MINIMUM         51    409 AM  36    1992  58     -7       57
  AVERAGE         65                        69     -4       69

PRECIPITATION (IN)
  YESTERDAY        0.00          3.46 1954   0.16  -0.16     0.00
  MONTH TO DATE    3.38                      3.19   0.19     3.27
  SINCE JUN 1      3.38                      3.19   0.19     3.27
  SINCE JAN 1     19.04                     15.02   4.02    13.06

SNOWFALL (IN)
  YESTERDAY        0.0           0.0    MM   0.0    0.0      0.0
  MONTH TO DATE    0.0                       0.0    0.0      0.0
  SINCE JUN 1      0.0                       0.0    0.0      0.0
  SINCE JUL 1     44.0                      50.9   -6.9     32.7
  SNOW DEPTH       0

DEGREE DAYS
 HEATING
  YESTERDAY        0                         1     -1        0
  MONTH TO DATE    9                        54    -45       13
  SINCE JUN 1      9                        54    -45       13
  SINCE JUL 1   6197                      7327  -1130     6197

 COOLING
  YESTERDAY        0                         5     -5        4
  MONTH TO DATE  129                        68     61      104
  SINCE JUN 1    129                        68     61      104
  SINCE JAN 1    144                        98     46      156
..................................................................


WIND (MPH)
  HIGHEST WIND SPEED    16   HIGHEST WIND DIRECTION     S (160)
  HIGHEST GUST SPEED    26   HIGHEST GUST DIRECTION     S (160)
  AVERAGE WIND SPEED     5.7


SKY COVER
  POSSIBLE SUNSHINE  MM
  AVERAGE SKY COVER 0.5


WEATHER CONDITIONS
 THE FOLLOWING WEATHER WAS RECORDED YESTERDAY.
  FOG


RELATIVE HUMIDITY (PERCENT)
 HIGHEST   100           200 AM
 LOWEST     46           500 PM
 AVERAGE    73

..........................................................


THE MADISON WI CLIMATE NORMALS FOR TODAY
                         NORMAL    RECORD    YEAR
 MAXIMUM TEMPERATURE (F)   80        96      1988
 MINIMUM TEMPERATURE (F)   58        42      1963


SUNRISE AND SUNSET
JUNE 22 2017..........SUNRISE   518 AM CDT   SUNSET   841 PM CDT
JUNE 23 2017..........SUNRISE   518 AM CDT   SUNSET   841 PM CDT


-  INDICATES NEGATIVE NUMBERS.
R  INDICATES RECORD WAS SET OR TIED.
MM INDICATES DATA IS MISSING.
T  INDICATES TRACE AMOUNT.




$$
