000
CDUS43 KMKX 050710
CLIMSN


CLIMATE REPORT
NATIONAL WEATHER SERVICE IN MILWAUKEE
105 AM CST TUE DEC 5 2017


...................................

...THE MADISON WI CLIMATE SUMMARY FOR DECEMBER 4 2017...

CLIMATE NORMAL PERIOD 1981 TO 2010
CLIMATE RECORD PERIOD 1871 TO 2017


WEATHER ITEM   OBSERVED TIME   RECORD YEAR NORMAL DEPARTURE LAST
                VALUE   (LST)  VALUE       VALUE  FROM      YEAR
                                                  NORMAL
..................................................................
TEMPERATURE (F)
 YESTERDAY
  MAXIMUM         61R   657 PM  60    2001  34     27       34
  MINIMUM         39   1159 PM -15    1886  20     19       30
  AVERAGE         50                        27     23       32

PRECIPITATION (IN)
  YESTERDAY        0.47          0.97 1973   0.07   0.40     0.46
  MONTH TO DATE    0.47                      0.29   0.18     0.46
  SINCE DEC 1      0.47                      0.29   0.18     0.46
  SINCE JAN 1     38.02                     33.03   4.99    43.99

SNOWFALL (IN)
  YESTERDAY        0.0           5.7  2016   0.4   -0.4      5.7
  MONTH TO DATE    0.0                       1.6   -1.6      5.7
  SINCE DEC 1      0.0                       1.6   -1.6      5.7
  SINCE JUL 1      0.3                       5.7   -5.4      5.7
  SNOW DEPTH       0

DEGREE DAYS
 HEATING
  YESTERDAY       15                        38    -23       33
  MONTH TO DATE   98                       150    -52      126
  SINCE DEC 1     98                       150    -52      126
  SINCE JUL 1   1457                      1729   -272     1148

 COOLING
  YESTERDAY        0                         0      0        0
  MONTH TO DATE    0                         0      0        0
  SINCE DEC 1      0                         0      0        0
  SINCE JAN 1    580                       568     12      780
..................................................................


WIND (MPH)
  HIGHEST WIND SPEED    25   HIGHEST WIND DIRECTION     S (180)
  HIGHEST GUST SPEED    43   HIGHEST GUST DIRECTION     W (250)
  AVERAGE WIND SPEED    15.8


SKY COVER
  POSSIBLE SUNSHINE  MM
  AVERAGE SKY COVER 1.0


WEATHER CONDITIONS
 THE FOLLOWING WEATHER WAS RECORDED YESTERDAY.
  THUNDERSTORM
  HEAVY RAIN
  RAIN
  LIGHT RAIN
  FOG


RELATIVE HUMIDITY (PERCENT)
 HIGHEST    86           800 PM
 LOWEST     61          1200 AM
 AVERAGE    74

..........................................................


THE MADISON WI CLIMATE NORMALS FOR TODAY
                         NORMAL    RECORD    YEAR
 MAXIMUM TEMPERATURE (F)   34        64      2001
 MINIMUM TEMPERATURE (F)   19       -15      1871


SUNRISE AND SUNSET
DECEMBER  5 2017......SUNRISE   714 AM CST   SUNSET   422 PM CST
DECEMBER  6 2017......SUNRISE   715 AM CST   SUNSET   422 PM CST


-  INDICATES NEGATIVE NUMBERS.
R  INDICATES RECORD WAS SET OR TIED.
MM INDICATES DATA IS MISSING.
T  INDICATES TRACE AMOUNT.




$$
