000
CDUS43 KMKX 240700
CLIMSN


CLIMATE REPORT
NATIONAL WEATHER SERVICE IN MILWAUKEE
200 AM CDT TUE MAR 24 2015


...................................

...THE MADISON WI CLIMATE SUMMARY FOR MARCH 23 2015...

CLIMATE NORMAL PERIOD 1981 TO 2010
CLIMATE RECORD PERIOD 1871 TO 2015


WEATHER ITEM   OBSERVED TIME   RECORD YEAR NORMAL DEPARTURE LAST
                VALUE   (LST)  VALUE       VALUE  FROM      YEAR
                                                  NORMAL
..................................................................
TEMPERATURE (F)
 YESTERDAY
  MAXIMUM         36    454 PM  78    1910  46    -10       30
  MINIMUM         20   1159 PM  -6    1888  27     -7       13
  AVERAGE         28                        37     -9       22

PRECIPITATION (IN)
  YESTERDAY        0.20          0.72 1913   0.08   0.12     0.00
  MONTH TO DATE    0.31                      1.50  -1.19     0.71
  SINCE MAR 1      0.31                      1.50  -1.19     0.71
  SINCE JAN 1      1.51                      4.18  -2.67     2.60

SNOWFALL (IN)
  YESTERDAY        3.0           4.9  1956   0.1    2.9      0.0
  MONTH TO DATE    3.8                       5.6   -1.8      6.6
  SINCE MAR 1      3.8                       5.6   -1.8      6.6
  SINCE JUL 1     33.3                      46.7  -13.4     56.6
  SNOW DEPTH       2

DEGREE DAYS
 HEATING
  YESTERDAY       37                        28      9       43
  MONTH TO DATE  699                       751    -52      908
  SINCE MAR 1    699                       751    -52      908
  SINCE JUL 1   6410                      6237    173     7020

 COOLING
  YESTERDAY        0                         0      0        0
  MONTH TO DATE    0                         0      0        0
  SINCE MAR 1      0                         0      0        0
  SINCE JAN 1      0                         0      0        0
..................................................................


WIND (MPH)
  HIGHEST WIND SPEED    18   HIGHEST WIND DIRECTION     E (80)
  HIGHEST GUST SPEED    23   HIGHEST GUST DIRECTION     E (80)
  AVERAGE WIND SPEED     9.5


SKY COVER
  POSSIBLE SUNSHINE  MM
  AVERAGE SKY COVER 0.7


WEATHER CONDITIONS
 THE FOLLOWING WEATHER WAS RECORDED YESTERDAY.
  LIGHT SNOW
  FOG


RELATIVE HUMIDITY (PERCENT)
 HIGHEST    84           400 AM
 LOWEST     56           400 PM
 AVERAGE    70

..........................................................


THE MADISON WI CLIMATE NORMALS FOR TODAY
                         NORMAL    RECORD    YEAR
 MAXIMUM TEMPERATURE (F)   47        76      1939
 MINIMUM TEMPERATURE (F)   28        -6      1888


SUNRISE AND SUNSET
MARCH 24 2015.........SUNRISE   654 AM CDT   SUNSET   714 PM CDT
MARCH 25 2015.........SUNRISE   652 AM CDT   SUNSET   715 PM CDT


-  INDICATES NEGATIVE NUMBERS.
R  INDICATES RECORD WAS SET OR TIED.
MM INDICATES DATA IS MISSING.
T  INDICATES TRACE AMOUNT.




$$
