000
CDUS43 KMKX 270648
CLIMSN


CLIMATE REPORT
NATIONAL WEATHER SERVICE IN MILWAUKEE
148 AM CDT SAT JUN 27 2015


...................................

...THE MADISON WI CLIMATE SUMMARY FOR JUNE 26 2015...

CLIMATE NORMAL PERIOD 1981 TO 2010
CLIMATE RECORD PERIOD 1871 TO 2015


WEATHER ITEM   OBSERVED TIME   RECORD YEAR NORMAL DEPARTURE LAST
                VALUE   (LST)  VALUE       VALUE  FROM      YEAR
                                                  NORMAL
..................................................................
TEMPERATURE (F)
 YESTERDAY
  MAXIMUM         74   1255 PM  96    1980  81     -7       81
                                      1931
  MINIMUM         57    409 AM  45    1974  59     -2       61
  AVERAGE         66                        70     -4       71

PRECIPITATION (IN)
  YESTERDAY        T             3.19 2013   0.15  -0.15     0.00
  MONTH TO DATE    3.07                      3.94  -0.87     6.80
  SINCE JUN 1      3.07                      3.94  -0.87     6.80
  SINCE JAN 1     13.59                     15.77  -2.18    18.55

SNOWFALL (IN)
  YESTERDAY        0.0           0.0    MM   0.0    0.0      0.0
  MONTH TO DATE    0.0                       0.0    0.0      0.0
  SINCE JUN 1      0.0                       0.0    0.0      0.0
  SINCE JUL 1     33.7                      50.9  -17.2     59.2
  SNOW DEPTH       0

DEGREE DAYS
 HEATING
  YESTERDAY        0                         1     -1        0
  MONTH TO DATE   35                        59    -24        9
  SINCE JUN 1     35                        59    -24        9
  SINCE JUL 1   7365                      7332     33     8057

 COOLING
  YESTERDAY        1                         6     -5        6
  MONTH TO DATE  103                        96      7      133
  SINCE JUN 1    103                        96      7      133
  SINCE JAN 1    153                       126     27      184
..................................................................


WIND (MPH)
  HIGHEST WIND SPEED    15   HIGHEST WIND DIRECTION     E (80)
  HIGHEST GUST SPEED    18   HIGHEST GUST DIRECTION    NE (60)
  AVERAGE WIND SPEED     6.8


SKY COVER
  POSSIBLE SUNSHINE  MM
  AVERAGE SKY COVER 0.7


WEATHER CONDITIONS
 THE FOLLOWING WEATHER WAS RECORDED YESTERDAY.
  FOG
  HAZE


RELATIVE HUMIDITY (PERCENT)
 HIGHEST    93           300 AM
 LOWEST     61           500 PM
 AVERAGE    77

..........................................................


THE MADISON WI CLIMATE NORMALS FOR TODAY
                         NORMAL    RECORD    YEAR
 MAXIMUM TEMPERATURE (F)   81        97      1933
 MINIMUM TEMPERATURE (F)   60        42      1992


SUNRISE AND SUNSET
JUNE 27 2015..........SUNRISE   520 AM CDT   SUNSET   841 PM CDT
JUNE 28 2015..........SUNRISE   520 AM CDT   SUNSET   841 PM CDT


-  INDICATES NEGATIVE NUMBERS.
R  INDICATES RECORD WAS SET OR TIED.
MM INDICATES DATA IS MISSING.
T  INDICATES TRACE AMOUNT.




$$
