000
CDUS43 KMKX 100648
CLIMSN


CLIMATE REPORT
NATIONAL WEATHER SERVICE IN MILWAUKEE
1247 AM CST FRI NOV 10 2017


...................................

...THE MADISON WI CLIMATE SUMMARY FOR NOVEMBER 9 2017...

CLIMATE NORMAL PERIOD 1981 TO 2010
CLIMATE RECORD PERIOD 1871 TO 2017


WEATHER ITEM   OBSERVED TIME   RECORD YEAR NORMAL DEPARTURE LAST
                VALUE   (LST)  VALUE       VALUE  FROM      YEAR
                                                  NORMAL
..................................................................
TEMPERATURE (F)
 YESTERDAY
  MAXIMUM         41    348 AM  73    1999  48     -7       57
  MINIMUM         14   1159 PM  13    2003  31    -17       31
  AVERAGE         28                        40    -12       44

PRECIPITATION (IN)
  YESTERDAY        T             1.23 2011   0.07  -0.07     0.00
  MONTH TO DATE    0.35                      0.72  -0.37     0.25
  SINCE SEP 1      4.46                      6.25  -1.79    13.67
  SINCE JAN 1     37.22                     31.07   6.15    41.91

SNOWFALL (IN)
  YESTERDAY        0.0           6.8  1985   0.0    0.0      0.0
  MONTH TO DATE    0.0                       0.4   -0.4      0.0
  SINCE SEP 1      T                         0.9   -0.9      0.0
  SINCE JUL 1      T                         0.9   -0.9      0.0
  SNOW DEPTH       0

DEGREE DAYS
 HEATING
  YESTERDAY       37                        26     11       21
  MONTH TO DATE  253                       214     39      123
  SINCE SEP 1    713                       890   -177      512
  SINCE JUL 1    738                       927   -189      519

 COOLING
  YESTERDAY        0                         0      0        0
  MONTH TO DATE    0                         0      0        0
  SINCE SEP 1    120                        55     65       85
  SINCE JAN 1    580                       568     12      780
..................................................................


WIND (MPH)
  HIGHEST WIND SPEED    21   HIGHEST WIND DIRECTION    NW (320)
  HIGHEST GUST SPEED    28   HIGHEST GUST DIRECTION    NW (320)
  AVERAGE WIND SPEED    11.4


SKY COVER
  POSSIBLE SUNSHINE  MM
  AVERAGE SKY COVER 0.6


WEATHER CONDITIONS
 THE FOLLOWING WEATHER WAS RECORDED YESTERDAY.
  LIGHT RAIN


RELATIVE HUMIDITY (PERCENT)
 HIGHEST    75           700 AM
 LOWEST     43           200 PM
 AVERAGE    59

..........................................................


THE MADISON WI CLIMATE NORMALS FOR TODAY
                         NORMAL    RECORD    YEAR
 MAXIMUM TEMPERATURE (F)   47        67      2010
                                             1930
 MINIMUM TEMPERATURE (F)   31        10      1979


SUNRISE AND SUNSET
NOVEMBER 10 2017......SUNRISE   644 AM CST   SUNSET   438 PM CST
NOVEMBER 11 2017......SUNRISE   645 AM CST   SUNSET   437 PM CST


-  INDICATES NEGATIVE NUMBERS.
R  INDICATES RECORD WAS SET OR TIED.
MM INDICATES DATA IS MISSING.
T  INDICATES TRACE AMOUNT.




$$
