000
CDUS43 KMKX 250707
CLIMSN


CLIMATE REPORT
NATIONAL WEATHER SERVICE IN MILWAUKEE
107 AM CST FRI NOV 25 2016


...................................

...THE MADISON WI CLIMATE SUMMARY FOR NOVEMBER 24 2016...

CLIMATE NORMAL PERIOD 1981 TO 2010
CLIMATE RECORD PERIOD 1871 TO 2016


WEATHER ITEM   OBSERVED TIME   RECORD YEAR NORMAL DEPARTURE LAST
                VALUE   (LST)  VALUE       VALUE  FROM      YEAR
                                                  NORMAL
..................................................................
TEMPERATURE (F)
 YESTERDAY
  MAXIMUM         37   1102 AM  62    1931  39     -2       41
  MINIMUM         34   1159 PM  -6    1950  24     10       22
  AVERAGE         36                        32      4       32

PRECIPITATION (IN)
  YESTERDAY        0.00          0.77 1908   0.07  -0.07     0.00
  MONTH TO DATE    0.48                      1.92  -1.44     2.78
  SINCE SEP 1     13.90                      7.45   6.45    11.50
  SINCE JAN 1     42.14                     32.27   9.87    34.29

SNOWFALL (IN)
  YESTERDAY        0.0           5.3  2014   0.2   -0.2      0.0
  MONTH TO DATE    T                         2.2   -2.2      4.1
  SINCE SEP 1      T                         2.7   -2.7      4.1
  SINCE JUL 1      T                         2.7   -2.7      4.1
  SNOW DEPTH       0

DEGREE DAYS
 HEATING
  YESTERDAY       29                        33     -4       33
  MONTH TO DATE  475                       656   -181      502
  SINCE SEP 1    864                      1332   -468      978
  SINCE JUL 1    871                      1369   -498     1010

 COOLING
  YESTERDAY        0                         0      0        0
  MONTH TO DATE    0                         0      0        0
  SINCE SEP 1     85                        55     30      137
  SINCE JAN 1    780                       568    212      666
..................................................................


WIND (MPH)
  HIGHEST WIND SPEED    14   HIGHEST WIND DIRECTION    NW (310)
  HIGHEST GUST SPEED    19   HIGHEST GUST DIRECTION    NW (320)
  AVERAGE WIND SPEED     5.5


SKY COVER
  POSSIBLE SUNSHINE  MM
  AVERAGE SKY COVER 1.0


WEATHER CONDITIONS
 THE FOLLOWING WEATHER WAS RECORDED YESTERDAY.
  NO SIGNIFICANT WEATHER WAS OBSERVED.


RELATIVE HUMIDITY (PERCENT)
 HIGHEST    92           200 AM
 LOWEST     82           600 AM
 AVERAGE    87

..........................................................


THE MADISON WI CLIMATE NORMALS FOR TODAY
                         NORMAL    RECORD    YEAR
 MAXIMUM TEMPERATURE (F)   39        62      1908
 MINIMUM TEMPERATURE (F)   24        -8      1950


SUNRISE AND SUNSET
NOVEMBER 25 2016......SUNRISE   703 AM CST   SUNSET   426 PM CST
NOVEMBER 26 2016......SUNRISE   704 AM CST   SUNSET   425 PM CST


-  INDICATES NEGATIVE NUMBERS.
R  INDICATES RECORD WAS SET OR TIED.
MM INDICATES DATA IS MISSING.
T  INDICATES TRACE AMOUNT.




$$
