000
CDUS43 KMKX 230648
CLIMSN


CLIMATE REPORT
NATIONAL WEATHER SERVICE IN MILWAUKEE
145 AM CDT FRI SEP 23 2016


...................................

...THE MADISON WI CLIMATE SUMMARY FOR SEPTEMBER 22 2016...

CLIMATE NORMAL PERIOD 1981 TO 2010
CLIMATE RECORD PERIOD 1871 TO 2016


WEATHER ITEM   OBSERVED TIME   RECORD YEAR NORMAL DEPARTURE LAST
                VALUE   (LST)  VALUE       VALUE  FROM      YEAR
                                                  NORMAL
..................................................................
TEMPERATURE (F)
 YESTERDAY
  MAXIMUM         75    343 PM  89    1937  69      6       78
  MINIMUM         63    727 AM  25    1974  47     16       53
  AVERAGE         69                        58     11       66

PRECIPITATION (IN)
  YESTERDAY        T             3.67 2009   0.11  -0.11     0.00
  MONTH TO DATE    7.90                      2.37   5.53     3.96
  SINCE SEP 1      7.90                      2.37   5.53     3.96
  SINCE JAN 1     36.14                     27.19   8.95    26.75

SNOWFALL (IN)
  YESTERDAY        0.0           0.0    MM   0.0    0.0      0.0
  MONTH TO DATE    0.0                       0.0    0.0      0.0
  SINCE SEP 1      0.0                       0.0    0.0      0.0
  SINCE JUL 1      0.0                       0.0    0.0      0.0
  SNOW DEPTH       0

DEGREE DAYS
 HEATING
  YESTERDAY        0                         8     -8        0
  MONTH TO DATE    9                        98    -89       40
  SINCE SEP 1      9                        98    -89       40
  SINCE JUL 1     16                       135   -119       72

 COOLING
  YESTERDAY        4                         1      3        1
  MONTH TO DATE   69                        46     23      127
  SINCE SEP 1     69                        46     23      127
  SINCE JAN 1    764                       559    205      656
..................................................................


WIND (MPH)
  HIGHEST WIND SPEED    18   HIGHEST WIND DIRECTION     E (100)
  HIGHEST GUST SPEED    21   HIGHEST GUST DIRECTION     E (100)
  AVERAGE WIND SPEED     3.5


SKY COVER
  POSSIBLE SUNSHINE  MM
  AVERAGE SKY COVER 0.7


WEATHER CONDITIONS
 THE FOLLOWING WEATHER WAS RECORDED YESTERDAY.
  LIGHT RAIN
  FOG
  FOG W/VISIBILITY <= 1/4 MILE


RELATIVE HUMIDITY (PERCENT)
 HIGHEST   100           500 AM
 LOWEST     79          1200 PM
 AVERAGE    90

..........................................................


THE MADISON WI CLIMATE NORMALS FOR TODAY
                         NORMAL    RECORD    YEAR
 MAXIMUM TEMPERATURE (F)   69        90      1937
 MINIMUM TEMPERATURE (F)   47        26      1974


SUNRISE AND SUNSET
SEPTEMBER 23 2016.....SUNRISE   646 AM CDT   SUNSET   652 PM CDT
SEPTEMBER 24 2016.....SUNRISE   647 AM CDT   SUNSET   650 PM CDT


-  INDICATES NEGATIVE NUMBERS.
R  INDICATES RECORD WAS SET OR TIED.
MM INDICATES DATA IS MISSING.
T  INDICATES TRACE AMOUNT.




$$
