000
CDUS43 KMKX 140659
CLIMSN


CLIMATE REPORT
NATIONAL WEATHER SERVICE IN MILWAUKEE
158 AM CDT SUN SEP 14 2014


...................................

...THE MADISON WI CLIMATE SUMMARY FOR SEPTEMBER 13 2014...

CLIMATE NORMAL PERIOD 1981 TO 2010
CLIMATE RECORD PERIOD 1871 TO 2014


WEATHER ITEM   OBSERVED TIME   RECORD YEAR NORMAL DEPARTURE LAST
                VALUE   (LST)  VALUE       VALUE  FROM      YEAR
                                                  NORMAL
..................................................................
TEMPERATURE (F)
 YESTERDAY
  MAXIMUM         58    304 PM  93    1939  73    -15       67
  MINIMUM         38    549 AM  31    1964  51    -13       44
  AVERAGE         48                        62    -14       56

PRECIPITATION (IN)
  YESTERDAY        0.00          2.34 1961   0.11  -0.11     0.00
  MONTH TO DATE    1.51                      1.44   0.07     0.26
  SINCE SEP 1      1.51                      1.44   0.07     0.26
  SINCE JAN 1     29.32                     26.26   3.06    36.74

SNOWFALL (IN)
  YESTERDAY        0.0           0.0    MM   0.0    0.0      0.0
  MONTH TO DATE    0.0                       0.0    0.0      0.0
  SINCE SEP 1      0.0                       0.0    0.0      0.0
  SINCE JUL 1      0.0                       0.0    0.0      0.0
  SNOW DEPTH       0

DEGREE DAYS
 HEATING
  YESTERDAY       17                         5     12        9
  MONTH TO DATE   59                        41     18       18
  SINCE SEP 1     59                        41     18       18
  SINCE JUL 1     76                        78     -2       48

 COOLING
  YESTERDAY        0                         2     -2        0
  MONTH TO DATE   34                        34      0       77
  SINCE SEP 1     34                        34      0       77
  SINCE JAN 1    610                       547     63      690
..................................................................


WIND (MPH)
  HIGHEST WIND SPEED    12   HIGHEST WIND DIRECTION     N (360)
  HIGHEST GUST SPEED    18   HIGHEST GUST DIRECTION     N (10)
  AVERAGE WIND SPEED     3.6


SKY COVER
  POSSIBLE SUNSHINE  MM
  AVERAGE SKY COVER 0.4


WEATHER CONDITIONS
 THE FOLLOWING WEATHER WAS RECORDED YESTERDAY.
  NO SIGNIFICANT WEATHER WAS OBSERVED.


RELATIVE HUMIDITY (PERCENT)
 HIGHEST    93          1200 AM
 LOWEST     40           500 PM
 AVERAGE    67

..........................................................


THE MADISON WI CLIMATE NORMALS FOR TODAY
                         NORMAL    RECORD    YEAR
 MAXIMUM TEMPERATURE (F)   73        96      1939
 MINIMUM TEMPERATURE (F)   51        32      1963


SUNRISE AND SUNSET
SEPTEMBER 14 2014.....SUNRISE   636 AM CDT   SUNSET   709 PM CDT
SEPTEMBER 15 2014.....SUNRISE   637 AM CDT   SUNSET   707 PM CDT


-  INDICATES NEGATIVE NUMBERS.
R  INDICATES RECORD WAS SET OR TIED.
MM INDICATES DATA IS MISSING.
T  INDICATES TRACE AMOUNT.




$$
