000
CDUS43 KMKX 250651
CLIMSN


CLIMATE REPORT
NATIONAL WEATHER SERVICE IN MILWAUKEE
144 AM CDT THU AUG 25 2016


...................................

...THE MADISON WI CLIMATE SUMMARY FOR AUGUST 24 2016...

CLIMATE NORMAL PERIOD 1981 TO 2010
CLIMATE RECORD PERIOD 1871 TO 2016


WEATHER ITEM   OBSERVED TIME   RECORD YEAR NORMAL DEPARTURE LAST
                VALUE   (LST)  VALUE       VALUE  FROM      YEAR
                                                  NORMAL
..................................................................
TEMPERATURE (F)
 YESTERDAY
  MAXIMUM         84    334 PM  98    1948  79      5       66
                                      1947
  MINIMUM         67    716 AM  41    1984  58      9       54
                                      1977
  AVERAGE         76                        68      8       60

PRECIPITATION (IN)
  YESTERDAY        0.51          2.25 2006   0.12   0.39     0.00
  MONTH TO DATE    6.79                      3.35   3.44     2.30
  SINCE JUN 1     17.37                     12.07   5.30    10.47
  SINCE JAN 1     27.16                     23.90   3.26    20.99

SNOWFALL (IN)
  YESTERDAY        0.0           0.0    MM   0.0    0.0      0.0
  MONTH TO DATE    0.0                       0.0    0.0      0.0
  SINCE JUN 1      0.0                       0.0    0.0      0.0
  SINCE JUL 1      0.0                       0.0    0.0      0.0
  SNOW DEPTH       0

DEGREE DAYS
 HEATING
  YESTERDAY        0                         1     -1        5
  MONTH TO DATE    3                        21    -18        8
  SINCE JUN 1     21                        91    -70       61
  SINCE JUL 1      7                        31    -24       24

 COOLING
  YESTERDAY       11                         4      7        0
  MONTH TO DATE  198                       131     67      160
  SINCE JUN 1    602                       457    145      471
  SINCE JAN 1    654                       487    167      521
..................................................................


WIND (MPH)
  HIGHEST WIND SPEED    21   HIGHEST WIND DIRECTION     S (190)
  HIGHEST GUST SPEED    26   HIGHEST GUST DIRECTION     S (180)
  AVERAGE WIND SPEED     7.7


SKY COVER
  POSSIBLE SUNSHINE  MM
  AVERAGE SKY COVER 0.9


WEATHER CONDITIONS
 THE FOLLOWING WEATHER WAS RECORDED YESTERDAY.
  THUNDERSTORM
  HEAVY RAIN
  RAIN
  LIGHT RAIN
  FOG


RELATIVE HUMIDITY (PERCENT)
 HIGHEST   100           800 PM
 LOWEST     69           100 PM
 AVERAGE    85

..........................................................


THE MADISON WI CLIMATE NORMALS FOR TODAY
                         NORMAL    RECORD    YEAR
 MAXIMUM TEMPERATURE (F)   79        94      1953
                                             1948
 MINIMUM TEMPERATURE (F)   58        37      1958


SUNRISE AND SUNSET
AUGUST 25 2016........SUNRISE   614 AM CDT   SUNSET   743 PM CDT
AUGUST 26 2016........SUNRISE   616 AM CDT   SUNSET   742 PM CDT


-  INDICATES NEGATIVE NUMBERS.
R  INDICATES RECORD WAS SET OR TIED.
MM INDICATES DATA IS MISSING.
T  INDICATES TRACE AMOUNT.




$$
