000
CDUS43 KMKX 030643
CLIMSN


CLIMATE REPORT
NATIONAL WEATHER SERVICE IN MILWAUKEE
1243 AM CST WED JAN 3 2018


...................................

...THE MADISON WI CLIMATE SUMMARY FOR JANUARY 2 2018...

CLIMATE NORMAL PERIOD 1981 TO 2010
CLIMATE RECORD PERIOD 1871 TO 2018


WEATHER ITEM   OBSERVED TIME   RECORD YEAR NORMAL DEPARTURE LAST
                VALUE   (LST)  VALUE       VALUE  FROM      YEAR
                                                  NORMAL
..................................................................
TEMPERATURE (F)
 YESTERDAY
  MAXIMUM         10   1259 PM  53    1897  27    -17       38
  MINIMUM         -7    607 AM -22    1879  12    -19       23
  AVERAGE          2                        19    -17       31

PRECIPITATION (IN)
  YESTERDAY        T             1.74 1876   0.04  -0.04      T
  MONTH TO DATE    T                         0.08  -0.08      T
  SINCE DEC 1      0.73                      1.82  -1.09     2.03
  SINCE JAN 1      T                         0.08  -0.08      T

SNOWFALL (IN)
  YESTERDAY        0.1          10.2  1999   0.4   -0.3      0.0
  MONTH TO DATE    0.1                       0.8   -0.7      0.0
  SINCE DEC 1      3.8                      14.3  -10.5     22.7
  SINCE JUL 1      4.1                      18.4  -14.3     22.7
  SNOW DEPTH       2

DEGREE DAYS
 HEATING
  YESTERDAY       63                        46     17       34
  MONTH TO DATE  133                        92     41       72
  SINCE DEC 1   1456                      1392     64     1381
  SINCE JUL 1   2815                      2971   -156     2403

 COOLING
  YESTERDAY        0                         0      0        0
  MONTH TO DATE    0                         0      0        0
  SINCE DEC 1      0                         0      0        0
  SINCE JAN 1      0                         0      0        0
..................................................................


WIND (MPH)
  HIGHEST WIND SPEED    17   HIGHEST WIND DIRECTION    SW (220)
  HIGHEST GUST SPEED    27   HIGHEST GUST DIRECTION    SW (230)
  AVERAGE WIND SPEED     7.5


SKY COVER
  POSSIBLE SUNSHINE  MM
  AVERAGE SKY COVER 0.5


WEATHER CONDITIONS
 THE FOLLOWING WEATHER WAS RECORDED YESTERDAY.
  LIGHT SNOW


RELATIVE HUMIDITY (PERCENT)
 HIGHEST    75          1200 AM
 LOWEST     41           100 PM
 AVERAGE    58

..........................................................


THE MADISON WI CLIMATE NORMALS FOR TODAY
                         NORMAL    RECORD    YEAR
 MAXIMUM TEMPERATURE (F)   27        57      1874
 MINIMUM TEMPERATURE (F)   12       -23      1887


SUNRISE AND SUNSET
JANUARY  3 2018.......SUNRISE   729 AM CST   SUNSET   435 PM CST
JANUARY  4 2018.......SUNRISE   729 AM CST   SUNSET   436 PM CST


-  INDICATES NEGATIVE NUMBERS.
R  INDICATES RECORD WAS SET OR TIED.
MM INDICATES DATA IS MISSING.
T  INDICATES TRACE AMOUNT.




$$
