000
CDUS43 KMKX 030641
CLIMSN


CLIMATE REPORT
NATIONAL WEATHER SERVICE IN MILWAUKEE
141 AM CDT FRI NOV 3 2017


...................................

...THE MADISON WI CLIMATE SUMMARY FOR NOVEMBER 2 2017...

CLIMATE NORMAL PERIOD 1981 TO 2010
CLIMATE RECORD PERIOD 1871 TO 2017


WEATHER ITEM   OBSERVED TIME   RECORD YEAR NORMAL DEPARTURE LAST
                VALUE   (LST)  VALUE       VALUE  FROM      YEAR
                                                  NORMAL
..................................................................
TEMPERATURE (F)
 YESTERDAY
  MAXIMUM         50    141 PM  74    1938  52     -2       57
  MINIMUM         38   1137 PM  11    1951  34      4       43
  AVERAGE         44                        43      1       50

PRECIPITATION (IN)
  YESTERDAY        0.01          1.41 2003   0.08  -0.07     0.24
  MONTH TO DATE    0.09                      0.17  -0.08     0.24
  SINCE SEP 1      4.20                      5.70  -1.50    13.66
  SINCE JAN 1     36.96                     30.52   6.44    41.90

SNOWFALL (IN)
  YESTERDAY        0.0           0.4  1910   0.1   -0.1      0.0
  MONTH TO DATE    0.0                       0.1   -0.1      0.0
  SINCE SEP 1      T                         0.6   -0.6      0.0
  SINCE JUL 1      T                         0.6   -0.6      0.0
  SNOW DEPTH       0

DEGREE DAYS
 HEATING
  YESTERDAY       21                        22     -1       15
  MONTH TO DATE   49                        44      5       20
  SINCE SEP 1    509                       720   -211      409
  SINCE JUL 1    534                       757   -223      416

 COOLING
  YESTERDAY        0                         0      0        0
  MONTH TO DATE    0                         0      0        0
  SINCE SEP 1    120                        55     65       85
  SINCE JAN 1    580                       568     12      780
..................................................................


WIND (MPH)
  HIGHEST WIND SPEED    16   HIGHEST WIND DIRECTION    NW (330)
  HIGHEST GUST SPEED    23   HIGHEST GUST DIRECTION    NW (330)
  AVERAGE WIND SPEED     5.1


SKY COVER
  POSSIBLE SUNSHINE  MM
  AVERAGE SKY COVER 0.9


WEATHER CONDITIONS
 THE FOLLOWING WEATHER WAS RECORDED YESTERDAY.
  LIGHT RAIN
  FOG


RELATIVE HUMIDITY (PERCENT)
 HIGHEST   100           100 AM
 LOWEST     73          1000 PM
 AVERAGE    87

..........................................................


THE MADISON WI CLIMATE NORMALS FOR TODAY
                         NORMAL    RECORD    YEAR
 MAXIMUM TEMPERATURE (F)   51        76      1964
 MINIMUM TEMPERATURE (F)   33        11      1951


SUNRISE AND SUNSET
NOVEMBER  3 2017......SUNRISE   735 AM CDT   SUNSET   546 PM CDT
NOVEMBER  4 2017......SUNRISE   736 AM CDT   SUNSET   545 PM CDT


-  INDICATES NEGATIVE NUMBERS.
R  INDICATES RECORD WAS SET OR TIED.
MM INDICATES DATA IS MISSING.
T  INDICATES TRACE AMOUNT.




$$
