000
CDUS43 KMKX 220046
CLIMSN


CLIMATE REPORT
NATIONAL WEATHER SERVICE IN MILWAUKEE
746 PM CDT THU APR 21 2016


...................................

...THE MADISON WI CLIMATE SUMMARY FOR APRIL 21 2016...
VALID TODAY AS OF 0700 PM LOCAL TIME.

CLIMATE NORMAL PERIOD 1981 TO 2010
CLIMATE RECORD PERIOD 1871 TO 2016


WEATHER ITEM   OBSERVED TIME   RECORD YEAR NORMAL DEPARTURE LAST
                VALUE   (LST)  VALUE       VALUE  FROM      YEAR
                                                  NORMAL
..................................................................
TEMPERATURE (F)
 TODAY
  MAXIMUM         70    240 PM  84    1980  60     10       42
  MINIMUM         55    531 AM  21    1981  38     17       34
  AVERAGE         63                        49     14       38

PRECIPITATION (IN)
  TODAY            0.00          1.22 1972   0.11  -0.11     0.02
  MONTH TO DATE    1.02                      2.36  -1.34     4.13
  SINCE MAR 1      4.98                      4.56   0.42     4.89
  SINCE JAN 1      6.48                      7.24  -0.76     6.09

SNOWFALL (IN)
  TODAY            0.0           1.0  1905   0.0    0.0       T
  MONTH TO DATE    4.2                       2.2    2.0       T
  SINCE MAR 1      8.2                       9.2   -1.0      4.2
  SINCE JUL 1     32.7                      50.3  -17.6     33.7
  SNOW DEPTH       0

DEGREE DAYS
 HEATING
  TODAY            2                        16    -14       27
  MONTH TO DATE  424                       427     -3      318
  SINCE MAR 1   1194                      1390   -196     1253
  SINCE JUL 1   5794                      6876  -1082     6964

 COOLING
  TODAY            0                         0      0        0
  MONTH TO DATE    0                         0      0        0
  SINCE MAR 1      0                         0      0        0
  SINCE JAN 1      0                         0      0        0
..................................................................


WIND (MPH)
  HIGHEST WIND SPEED    13   HIGHEST WIND DIRECTION    NW (320)
  HIGHEST GUST SPEED    18   HIGHEST GUST DIRECTION    NW (310)
  AVERAGE WIND SPEED     5.3


SKY COVER
  POSSIBLE SUNSHINE  MM
  AVERAGE SKY COVER 0.8


WEATHER CONDITIONS
 THE FOLLOWING WEATHER WAS RECORDED TODAY.
  FOG


RELATIVE HUMIDITY (PERCENT)
 HIGHEST    93           200 AM
 LOWEST     39           400 PM
 AVERAGE    66

..........................................................


THE MADISON WI CLIMATE NORMALS FOR TOMORROW
                         NORMAL    RECORD    YEAR
 MAXIMUM TEMPERATURE (F)   60        94      1980
 MINIMUM TEMPERATURE (F)   38        19      1986


SUNRISE AND SUNSET
APRIL 21 2016.........SUNRISE   605 AM CDT   SUNSET   748 PM CDT
APRIL 22 2016.........SUNRISE   603 AM CDT   SUNSET   749 PM CDT


-  INDICATES NEGATIVE NUMBERS.
R  INDICATES RECORD WAS SET OR TIED.
MM INDICATES DATA IS MISSING.
T  INDICATES TRACE AMOUNT.




$$
