000
CDUS43 KMKX 052138
CLIMSN


CLIMATE REPORT
NATIONAL WEATHER SERVICE IN MILWAUKEE
434 PM CDT WED JUL 5 2017


...................................

...THE MADISON WI CLIMATE SUMMARY FOR JULY 5 2017...
VALID TODAY AS OF 0400 PM LOCAL TIME.

CLIMATE NORMAL PERIOD 1981 TO 2010
CLIMATE RECORD PERIOD 1871 TO 2017


WEATHER ITEM   OBSERVED TIME   RECORD YEAR NORMAL DEPARTURE LAST
                VALUE   (LST)  VALUE       VALUE  FROM      YEAR
                                                  NORMAL
..................................................................
TEMPERATURE (F)
 TODAY
  MAXIMUM         86    208 PM 104    2012  82      4       85
  MINIMUM         62    502 AM  40    1972  61      1       65
  AVERAGE         74                        71      3       75

PRECIPITATION (IN)
  TODAY            0.00          3.75 1993   0.14  -0.14     0.42
  MONTH TO DATE    0.03                      0.69  -0.66     0.42
  SINCE JUN 1      6.76                      5.23   1.53     5.77
  SINCE JAN 1     22.42                     17.06   5.36    15.56

SNOWFALL (IN)
  TODAY            0.0           0.0    MM   0.0    0.0      0.0
  MONTH TO DATE    0.0                       0.0    0.0      0.0
  SINCE JUN 1      0.0                       0.0    0.0      0.0
  SINCE JUL 1      0.0                       0.0    0.0      0.0
  SNOW DEPTH       0

DEGREE DAYS
 HEATING
  TODAY            0                         0      0        0
  MONTH TO DATE    0                         0      0        3
  SINCE JUN 1     30                        60    -30       17
  SINCE JUL 1      0                         0      0        3

 COOLING
  TODAY            9                         7      2       10
  MONTH TO DATE   30                        33     -3       10
  SINCE JUN 1    187                       153     34      159
  SINCE JAN 1    202                       183     19      211
..................................................................


WIND (MPH)
  HIGHEST WIND SPEED    30   HIGHEST WIND DIRECTION     N (10)
  HIGHEST GUST SPEED    36   HIGHEST GUST DIRECTION     N (360)
  AVERAGE WIND SPEED     4.0


SKY COVER
  POSSIBLE SUNSHINE  MM
  AVERAGE SKY COVER 0.5


WEATHER CONDITIONS
 THE FOLLOWING WEATHER WAS RECORDED TODAY.
  THUNDERSTORM
  FOG
  HAZE


RELATIVE HUMIDITY (PERCENT)
 HIGHEST    87           200 AM
 LOWEST     55           100 PM
 AVERAGE    71

..........................................................


THE MADISON WI CLIMATE NORMALS FOR TOMORROW
                         NORMAL    RECORD    YEAR
 MAXIMUM TEMPERATURE (F)   82       102      2012
 MINIMUM TEMPERATURE (F)   61        36      1965


SUNRISE AND SUNSET
JULY  5 2017..........SUNRISE   524 AM CDT   SUNSET   840 PM CDT
JULY  6 2017..........SUNRISE   525 AM CDT   SUNSET   839 PM CDT


-  INDICATES NEGATIVE NUMBERS.
R  INDICATES RECORD WAS SET OR TIED.
MM INDICATES DATA IS MISSING.
T  INDICATES TRACE AMOUNT.




$$

HAHN
