000
CDUS43 KMKX 110647
CLIMSN


CLIMATE REPORT
NATIONAL WEATHER SERVICE IN MILWAUKEE
147 AM CDT THU MAY 11 2017


...................................

...THE MADISON WI CLIMATE SUMMARY FOR MAY 10 2017...

CLIMATE NORMAL PERIOD 1981 TO 2010
CLIMATE RECORD PERIOD 1871 TO 2017


WEATHER ITEM   OBSERVED TIME   RECORD YEAR NORMAL DEPARTURE LAST
                VALUE   (LST)  VALUE       VALUE  FROM      YEAR
                                                  NORMAL
..................................................................
TEMPERATURE (F)
 YESTERDAY
  MAXIMUM         66    142 PM  87    1993  67     -1       52
  MINIMUM         46    211 AM  22    1966  44      2       49
  AVERAGE         56                        55      1       51

PRECIPITATION (IN)
  YESTERDAY        0.08          1.60 1872   0.11  -0.03     0.49
  MONTH TO DATE    0.88                      1.09  -0.21     0.77
  SINCE MAR 1      9.01                      6.69   2.32     6.84
  SINCE JAN 1     13.71                      9.37   4.34     8.34

SNOWFALL (IN)
  YESTERDAY        0.0           3.0  1990   0.0    0.0      0.0
  MONTH TO DATE    0.0                       0.1   -0.1      0.0
  SINCE MAR 1      8.3                       9.7   -1.4      8.2
  SINCE JUL 1     44.0                      50.8   -6.8     32.7
  SNOW DEPTH       0

DEGREE DAYS
 HEATING
  YESTERDAY        9                        10     -1       14
  MONTH TO DATE  158                       113     45      115
  SINCE MAR 1   1550                      1634    -84     1453
  SINCE JUL 1   6062                      7120  -1058     6053

 COOLING
  YESTERDAY        0                         0      0        0
  MONTH TO DATE    0                         0      0        0
  SINCE MAR 1      0                         4     -4        0
  SINCE JAN 1      0                         4     -4        0
..................................................................


WIND (MPH)
  HIGHEST WIND SPEED    15   HIGHEST WIND DIRECTION     E (80)
  HIGHEST GUST SPEED    18   HIGHEST GUST DIRECTION     E (80)
  AVERAGE WIND SPEED     4.0


SKY COVER
  POSSIBLE SUNSHINE  MM
  AVERAGE SKY COVER 0.9


WEATHER CONDITIONS
 THE FOLLOWING WEATHER WAS RECORDED YESTERDAY.
  LIGHT RAIN
  FOG
  HAZE


RELATIVE HUMIDITY (PERCENT)
 HIGHEST    93          1000 PM
 LOWEST     56          1000 AM
 AVERAGE    75

..........................................................


THE MADISON WI CLIMATE NORMALS FOR TODAY
                         NORMAL    RECORD    YEAR
 MAXIMUM TEMPERATURE (F)   67        85      2011
                                             1991
                                             1922
 MINIMUM TEMPERATURE (F)   45        29      1990


SUNRISE AND SUNSET
MAY 11 2017...........SUNRISE   538 AM CDT   SUNSET   810 PM CDT
MAY 12 2017...........SUNRISE   537 AM CDT   SUNSET   811 PM CDT


-  INDICATES NEGATIVE NUMBERS.
R  INDICATES RECORD WAS SET OR TIED.
MM INDICATES DATA IS MISSING.
T  INDICATES TRACE AMOUNT.




$$
