000
CDUS43 KMKX 240647
CLIMSN


CLIMATE REPORT
NATIONAL WEATHER SERVICE IN MILWAUKEE
1246 AM CST WED DEC 24 2014


...................................

...THE MADISON WI CLIMATE SUMMARY FOR DECEMBER 23 2014...

CLIMATE NORMAL PERIOD 1981 TO 2010
CLIMATE RECORD PERIOD 1871 TO 2014


WEATHER ITEM   OBSERVED TIME   RECORD YEAR NORMAL DEPARTURE LAST
                VALUE   (LST)  VALUE       VALUE  FROM      YEAR
                                                  NORMAL
..................................................................
TEMPERATURE (F)
 YESTERDAY
  MAXIMUM         43    906 AM  58    1877  28     15       21
  MINIMUM         37   1159 PM -21    1983  14     23       -2
  AVERAGE         40                        21     19       10

PRECIPITATION (IN)
  YESTERDAY        0.32          0.64 1941   0.05   0.27     0.01
  MONTH TO DATE    0.97                      1.39  -0.42     1.32
  SINCE DEC 1      0.97                      1.39  -0.42     1.32
  SINCE JAN 1     35.25                     34.13   1.12    45.08

SNOWFALL (IN)
  YESTERDAY        0.0           5.5  1959   0.4   -0.4      0.6
  MONTH TO DATE    0.1                      10.1  -10.0     16.6
  SINCE DEC 1      0.1                      10.1  -10.0     16.6
  SINCE JUL 1      8.6                      14.2   -5.6     20.1
  SNOW DEPTH       0

DEGREE DAYS
 HEATING
  YESTERDAY       25                        44    -19       55
  MONTH TO DATE  814                       941   -127     1050
  SINCE DEC 1    814                       941   -127     1050
  SINCE JUL 1   2498                      2520    -22     2569

 COOLING
  YESTERDAY        0                         0      0        0
  MONTH TO DATE    0                         0      0        0
  SINCE DEC 1      0                         0      0        0
  SINCE JAN 1    620                       568     52      709
..................................................................


WIND (MPH)
  HIGHEST WIND SPEED    15   HIGHEST WIND DIRECTION     S (200)
  HIGHEST GUST SPEED    23   HIGHEST GUST DIRECTION    SW (220)
  AVERAGE WIND SPEED     8.3


SKY COVER
  POSSIBLE SUNSHINE  MM
  AVERAGE SKY COVER 0.9


WEATHER CONDITIONS
 THE FOLLOWING WEATHER WAS RECORDED YESTERDAY.
  RAIN
  LIGHT RAIN
  FOG


RELATIVE HUMIDITY (PERCENT)
 HIGHEST    92           200 AM
 LOWEST     79           300 PM
 AVERAGE    86

..........................................................


THE MADISON WI CLIMATE NORMALS FOR TODAY
                         NORMAL    RECORD    YEAR
 MAXIMUM TEMPERATURE (F)   28        60      1889
 MINIMUM TEMPERATURE (F)   13       -28      1872


SUNRISE AND SUNSET
DECEMBER 24 2014......SUNRISE   727 AM CST   SUNSET   427 PM CST
DECEMBER 25 2014......SUNRISE   728 AM CST   SUNSET   427 PM CST


-  INDICATES NEGATIVE NUMBERS.
R  INDICATES RECORD WAS SET OR TIED.
MM INDICATES DATA IS MISSING.
T  INDICATES TRACE AMOUNT.




$$
