000
CDUS43 KMKX 162138
CLIMSN


CLIMATE REPORT
NATIONAL WEATHER SERVICE IN MILWAUKEE
437 PM CDT FRI JUN 16 2017


...................................

...THE MADISON WI CLIMATE SUMMARY FOR JUNE 16 2017...
VALID TODAY AS OF 0400 PM LOCAL TIME.

CLIMATE NORMAL PERIOD 1981 TO 2010
CLIMATE RECORD PERIOD 1871 TO 2017


WEATHER ITEM   OBSERVED TIME   RECORD YEAR NORMAL DEPARTURE LAST
                VALUE   (LST)  VALUE       VALUE  FROM      YEAR
                                                  NORMAL
..................................................................
TEMPERATURE (F)
 TODAY
  MAXIMUM         86    247 PM  93    1994  78      8       71
                                      1946
  MINIMUM         69    551 AM  33    1964  57     12       60
  AVERAGE         78                        67     11       66

PRECIPITATION (IN)
  TODAY            0.00          3.41 1978   0.15  -0.15     0.00
  MONTH TO DATE    2.32                      2.42  -0.10     3.27
  SINCE JUN 1      2.32                      2.42  -0.10     3.27
  SINCE JAN 1     17.98                     14.25   3.73    13.06

SNOWFALL (IN)
  TODAY            0.0           0.0    MM   0.0    0.0      0.0
  MONTH TO DATE    0.0                       0.0    0.0      0.0
  SINCE JUN 1      0.0                       0.0    0.0      0.0
  SINCE JUL 1     44.0                      50.9   -6.9     32.7
  SNOW DEPTH       0

DEGREE DAYS
 HEATING
  TODAY            0                         2     -2        0
  MONTH TO DATE    7                        48    -41       13
  SINCE JUN 1      7                        48    -41       13
  SINCE JUL 1   6195                      7321  -1126     6197

 COOLING
  TODAY           13                         4      9        1
  MONTH TO DATE  118                        45     73       67
  SINCE JUN 1    118                        45     73       67
  SINCE JAN 1    133                        75     58      119
..................................................................


WIND (MPH)
  HIGHEST WIND SPEED    15   HIGHEST WIND DIRECTION    SW (210)
  HIGHEST GUST SPEED    22   HIGHEST GUST DIRECTION    SW (220)
  AVERAGE WIND SPEED     6.8


SKY COVER
  POSSIBLE SUNSHINE  MM
  AVERAGE SKY COVER 0.6


WEATHER CONDITIONS
 THE FOLLOWING WEATHER WAS RECORDED TODAY.
  NO SIGNIFICANT WEATHER WAS OBSERVED.


RELATIVE HUMIDITY (PERCENT)
 HIGHEST    73           300 AM
 LOWEST     48           100 PM
 AVERAGE    61

..........................................................


THE MADISON WI CLIMATE NORMALS FOR TOMORROW
                         NORMAL    RECORD    YEAR
 MAXIMUM TEMPERATURE (F)   79        95      1994
 MINIMUM TEMPERATURE (F)   57        36      1972


SUNRISE AND SUNSET
JUNE 16 2017..........SUNRISE   517 AM CDT   SUNSET   839 PM CDT
JUNE 17 2017..........SUNRISE   517 AM CDT   SUNSET   840 PM CDT


-  INDICATES NEGATIVE NUMBERS.
R  INDICATES RECORD WAS SET OR TIED.
MM INDICATES DATA IS MISSING.
T  INDICATES TRACE AMOUNT.




$$
