960
CDUS43 KMKX 170653
CLIMSN


CLIMATE REPORT
NATIONAL WEATHER SERVICE IN MILWAUKEE
151 AM CDT WED MAY 17 2017


...................................

...THE MADISON WI CLIMATE SUMMARY FOR MAY 16 2017...

CLIMATE NORMAL PERIOD 1981 TO 2010
CLIMATE RECORD PERIOD 1871 TO 2017


WEATHER ITEM   OBSERVED TIME   RECORD YEAR NORMAL DEPARTURE LAST
                VALUE   (LST)  VALUE       VALUE  FROM      YEAR
                                                  NORMAL
..................................................................
TEMPERATURE (F)
 YESTERDAY
  MAXIMUM         85    306 PM  87    1992  68     17       71
                                      1977
                                      1951
  MINIMUM         59    432 AM  27    1997  46     13       48
  AVERAGE         72                        57     15       60

PRECIPITATION (IN)
  YESTERDAY        0.00          1.64 1999   0.11  -0.11     0.02
  MONTH TO DATE    1.09                      1.74  -0.65     1.49
  SINCE MAR 1      9.22                      7.34   1.88     7.56
  SINCE JAN 1     13.92                     10.02   3.90     9.06

SNOWFALL (IN)
  YESTERDAY        0.0           T    1940   0.0    0.0      0.0
  MONTH TO DATE    0.0                       0.2   -0.2      0.0
  SINCE MAR 1      8.3                       9.8   -1.5      8.2
  SINCE JUL 1     44.0                      50.9   -6.9     32.7
  SNOW DEPTH       0

DEGREE DAYS
 HEATING
  YESTERDAY        0                         8     -8        5
  MONTH TO DATE  175                       168      7      194
  SINCE MAR 1   1567                      1689   -122     1532
  SINCE JUL 1   6079                      7175  -1096     6132

 COOLING
  YESTERDAY        7                         1      6        0
  MONTH TO DATE    9                         6      3        0
  SINCE MAR 1      9                        10     -1        0
  SINCE JAN 1      9                        10     -1        0
..................................................................


WIND (MPH)
  HIGHEST WIND SPEED    25   HIGHEST WIND DIRECTION     S (190)
  HIGHEST GUST SPEED    35   HIGHEST GUST DIRECTION     S (180)
  AVERAGE WIND SPEED    10.8


SKY COVER
  POSSIBLE SUNSHINE  MM
  AVERAGE SKY COVER 0.6


WEATHER CONDITIONS
 THE FOLLOWING WEATHER WAS RECORDED YESTERDAY.
  THUNDERSTORM


RELATIVE HUMIDITY (PERCENT)
 HIGHEST    90           100 AM
 LOWEST     37           300 PM
 AVERAGE    64

..........................................................


THE MADISON WI CLIMATE NORMALS FOR TODAY
                         NORMAL    RECORD    YEAR
 MAXIMUM TEMPERATURE (F)   69        86      2001
                                             1987
                                             1971
 MINIMUM TEMPERATURE (F)   46        32      2002


SUNRISE AND SUNSET
MAY 17 2017...........SUNRISE   531 AM CDT   SUNSET   817 PM CDT
MAY 18 2017...........SUNRISE   531 AM CDT   SUNSET   818 PM CDT


-  INDICATES NEGATIVE NUMBERS.
R  INDICATES RECORD WAS SET OR TIED.
MM INDICATES DATA IS MISSING.
T  INDICATES TRACE AMOUNT.




$$
