000
CDUS43 KMKX 080713
CLIMSN


CLIMATE REPORT
NATIONAL WEATHER SERVICE IN MILWAUKEE
211 AM CDT SUN OCT 8 2017


...................................

...THE MADISON WI CLIMATE SUMMARY FOR OCTOBER 7 2017...

CLIMATE NORMAL PERIOD 1981 TO 2010
CLIMATE RECORD PERIOD 1871 TO 2017


WEATHER ITEM   OBSERVED TIME   RECORD YEAR NORMAL DEPARTURE LAST
                VALUE   (LST)  VALUE       VALUE  FROM      YEAR
                                                  NORMAL
..................................................................
TEMPERATURE (F)
 YESTERDAY
  MAXIMUM         70   1119 AM  85    2007  63      7       67
                                      1997
  MINIMUM         58   1159 PM  23    2001  41     17       41
  AVERAGE         64                        52     12       54

PRECIPITATION (IN)
  YESTERDAY        0.32          1.56 1882   0.07   0.25     0.30
  MONTH TO DATE    1.70                      0.55   1.15     0.44
  SINCE SEP 1      2.25                      3.68  -1.43     8.90
  SINCE JAN 1     35.01                     28.50   6.51    37.14

SNOWFALL (IN)
  YESTERDAY        0.0           T    2000   0.0    0.0      0.0
  MONTH TO DATE    0.0                       0.0    0.0      0.0
  SINCE SEP 1      0.0                       0.0    0.0      0.0
  SINCE JUL 1      0.0                       0.0    0.0      0.0
  SNOW DEPTH       0

DEGREE DAYS
 HEATING
  YESTERDAY        1                        13    -12       11
  MONTH TO DATE   30                        85    -55       37
  SINCE SEP 1    143                       256   -113       79
  SINCE JUL 1    168                       293   -125       86

 COOLING
  YESTERDAY        0                         0      0        0
  MONTH TO DATE    8                         0      8        0
  SINCE SEP 1    118                        51     67       76
  SINCE JAN 1    578                       564     14      771
..................................................................


WIND (MPH)
  HIGHEST WIND SPEED    24   HIGHEST WIND DIRECTION     S (170)
  HIGHEST GUST SPEED    31   HIGHEST GUST DIRECTION     S (190)
  AVERAGE WIND SPEED    13.5


SKY COVER
  POSSIBLE SUNSHINE  MM
  AVERAGE SKY COVER 0.9


WEATHER CONDITIONS
 THE FOLLOWING WEATHER WAS RECORDED YESTERDAY.
  HEAVY RAIN
  LIGHT RAIN
  FOG
  HAZE


RELATIVE HUMIDITY (PERCENT)
 HIGHEST    93          1200 AM
 LOWEST     76           900 AM
 AVERAGE    85

..........................................................


THE MADISON WI CLIMATE NORMALS FOR TODAY
                         NORMAL    RECORD    YEAR
 MAXIMUM TEMPERATURE (F)   62        83      1997
                                             1949
 MINIMUM TEMPERATURE (F)   41        22      1987


SUNRISE AND SUNSET
OCTOBER  8 2017.......SUNRISE   703 AM CDT   SUNSET   626 PM CDT
OCTOBER  9 2017.......SUNRISE   704 AM CDT   SUNSET   624 PM CDT


-  INDICATES NEGATIVE NUMBERS.
R  INDICATES RECORD WAS SET OR TIED.
MM INDICATES DATA IS MISSING.
T  INDICATES TRACE AMOUNT.




$$
