032
CDUS43 KMKX 072229
CLIMSN


CLIMATE REPORT
NATIONAL WEATHER SERVICE IN MILWAUKEE
428 PM CST SUN JAN 7 2018


...................................

...THE MADISON WI CLIMATE SUMMARY FOR JANUARY 7 2018...
VALID TODAY AS OF 0400 PM LOCAL TIME.

CLIMATE NORMAL PERIOD 1981 TO 2010
CLIMATE RECORD PERIOD 1871 TO 2018


WEATHER ITEM   OBSERVED TIME   RECORD YEAR NORMAL DEPARTURE LAST
                VALUE   (LST)  VALUE       VALUE  FROM      YEAR
                                                  NORMAL
..................................................................
TEMPERATURE (F)
 TODAY
  MAXIMUM         29    217 PM  50    2008  26      3       13
  MINIMUM          7   1255 AM -29    1887  11     -4       -3
  AVERAGE         18                        19     -1        5

PRECIPITATION (IN)
  TODAY            0.02          0.68 1913   0.04  -0.02     0.00
  MONTH TO DATE    0.03                      0.29  -0.26     0.03
  SINCE DEC 1      0.76                      2.03  -1.27     2.06
  SINCE JAN 1      0.03                      0.29  -0.26     0.03

SNOWFALL (IN)
  TODAY            0.2           7.0  1913   0.4   -0.2      0.0
  MONTH TO DATE    0.7                       2.8   -2.1      0.1
  SINCE DEC 1      4.4                      16.3  -11.9     22.8
  SINCE JUL 1      4.7                      20.4  -15.7     22.8
  SNOW DEPTH       2

DEGREE DAYS
 HEATING
  TODAY           47                        46      1       60
  MONTH TO DATE  434                       322    112      360
  SINCE DEC 1   1757                      1622    135     1669
  SINCE JUL 1   3116                      3201    -85     2691

 COOLING
  TODAY            0                         0      0        0
  MONTH TO DATE    0                         0      0        0
  SINCE DEC 1      0                         0      0        0
  SINCE JAN 1      0                         0      0        0
..................................................................


WIND (MPH)
  HIGHEST WIND SPEED    17   HIGHEST WIND DIRECTION     S (200)
  HIGHEST GUST SPEED    26   HIGHEST GUST DIRECTION     S (200)
  AVERAGE WIND SPEED    11.9


SKY COVER
  POSSIBLE SUNSHINE  MM
  AVERAGE SKY COVER 0.9


WEATHER CONDITIONS
 THE FOLLOWING WEATHER WAS RECORDED TODAY.
  LIGHT SNOW
  FOG


RELATIVE HUMIDITY (PERCENT)
 HIGHEST    70           600 AM
 LOWEST     55          1200 AM
 AVERAGE    63

..........................................................


THE MADISON WI CLIMATE NORMALS FOR TOMORROW
                         NORMAL    RECORD    YEAR
 MAXIMUM TEMPERATURE (F)   26        54      2003
 MINIMUM TEMPERATURE (F)   11       -23      1971


SUNRISE AND SUNSET
JANUARY  7 2018.......SUNRISE   729 AM CST   SUNSET   439 PM CST
JANUARY  8 2018.......SUNRISE   729 AM CST   SUNSET   440 PM CST


-  INDICATES NEGATIVE NUMBERS.
R  INDICATES RECORD WAS SET OR TIED.
MM INDICATES DATA IS MISSING.
T  INDICATES TRACE AMOUNT.




$$
