000
CDUS43 KMKX 280645
CLIMSN


CLIMATE REPORT
NATIONAL WEATHER SERVICE IN MILWAUKEE
1244 AM CST TUE NOV 28 2017


...................................

...THE MADISON WI CLIMATE SUMMARY FOR NOVEMBER 27 2017...

CLIMATE NORMAL PERIOD 1981 TO 2010
CLIMATE RECORD PERIOD 1871 TO 2017


WEATHER ITEM   OBSERVED TIME   RECORD YEAR NORMAL DEPARTURE LAST
                VALUE   (LST)  VALUE       VALUE  FROM      YEAR
                                                  NORMAL
..................................................................
TEMPERATURE (F)
 YESTERDAY
  MAXIMUM         55   1029 PM  65    1998  38     17       41
                                      1990
  MINIMUM         25    640 AM  -7    1887  23      2       32
  AVERAGE         40                        30     10       37

PRECIPITATION (IN)
  YESTERDAY        0.00          1.33 1995   0.08  -0.08     0.60
  MONTH TO DATE    0.68                      2.16  -1.48     1.08
  SINCE SEP 1      4.79                      7.69  -2.90    14.50
  SINCE JAN 1     37.55                     32.51   5.04    42.74

SNOWFALL (IN)
  YESTERDAY        0.0           7.6  1995   0.2   -0.2      0.0
  MONTH TO DATE    0.3                       2.9   -2.6       T
  SINCE SEP 1      0.3                       3.4   -3.1       T
  SINCE JUL 1      0.3                       3.4   -3.1       T
  SNOW DEPTH       0

DEGREE DAYS
 HEATING
  YESTERDAY       25                        35    -10       28
  MONTH TO DATE  800                       759     41      554
  SINCE SEP 1   1260                      1435   -175      943
  SINCE JUL 1   1285                      1472   -187      950

 COOLING
  YESTERDAY        0                         0      0        0
  MONTH TO DATE    0                         0      0        0
  SINCE SEP 1    120                        55     65       85
  SINCE JAN 1    580                       568     12      780
..................................................................


WIND (MPH)
  HIGHEST WIND SPEED    20   HIGHEST WIND DIRECTION     S (200)
  HIGHEST GUST SPEED    28   HIGHEST GUST DIRECTION    SW (210)
  AVERAGE WIND SPEED     8.0


SKY COVER
  POSSIBLE SUNSHINE  MM
  AVERAGE SKY COVER 0.5


WEATHER CONDITIONS
 THE FOLLOWING WEATHER WAS RECORDED YESTERDAY.
  FOG


RELATIVE HUMIDITY (PERCENT)
 HIGHEST   100           800 AM
 LOWEST     50           300 PM
 AVERAGE    75

..........................................................


THE MADISON WI CLIMATE NORMALS FOR TODAY
                         NORMAL    RECORD    YEAR
 MAXIMUM TEMPERATURE (F)   37        62      1998
 MINIMUM TEMPERATURE (F)   23       -14      1887


SUNRISE AND SUNSET
NOVEMBER 28 2017......SUNRISE   706 AM CST   SUNSET   424 PM CST
NOVEMBER 29 2017......SUNRISE   707 AM CST   SUNSET   424 PM CST


-  INDICATES NEGATIVE NUMBERS.
R  INDICATES RECORD WAS SET OR TIED.
MM INDICATES DATA IS MISSING.
T  INDICATES TRACE AMOUNT.




$$
