000
CDUS43 KMKX 120641
CLIMSN


CLIMATE REPORT
NATIONAL WEATHER SERVICE IN MILWAUKEE
1241 AM CST SUN MAR 12 2017


...................................

...THE MADISON WI CLIMATE SUMMARY FOR MARCH 11 2017...

CLIMATE NORMAL PERIOD 1981 TO 2010
CLIMATE RECORD PERIOD 1871 TO 2017


WEATHER ITEM   OBSERVED TIME   RECORD YEAR NORMAL DEPARTURE LAST
                VALUE   (LST)  VALUE       VALUE  FROM      YEAR
                                                  NORMAL
..................................................................
TEMPERATURE (F)
 YESTERDAY
  MAXIMUM         25    402 PM  65    2012  41    -16       59
                                      2006
                                      1977
  MINIMUM         11    654 AM  -9    1948  23    -12       26
  AVERAGE         18                        32    -14       43

PRECIPITATION (IN)
  YESTERDAY        0.00          0.89 1898   0.06  -0.06     0.00
  MONTH TO DATE    0.66                      0.67  -0.01     0.48
  SINCE MAR 1      0.66                      0.67  -0.01     0.48
  SINCE JAN 1      5.36                      3.35   2.01     1.98

SNOWFALL (IN)
  YESTERDAY        0.0           6.2  1941   0.3   -0.3      0.0
  MONTH TO DATE    4.1                       3.1    1.0      3.5
  SINCE MAR 1      4.1                       3.1    1.0      3.5
  SINCE JUL 1     39.8                      44.2   -4.4     28.0
  SNOW DEPTH       0

DEGREE DAYS
 HEATING
  YESTERDAY       47                        33     14       22
  MONTH TO DATE  351                       386    -35      308
  SINCE MAR 1    351                       386    -35      308
  SINCE JUL 1   4863                      5872  -1009     4908

 COOLING
  YESTERDAY        0                         0      0        0
  MONTH TO DATE    0                         0      0        0
  SINCE MAR 1      0                         0      0        0
  SINCE JAN 1      0                         0      0        0
..................................................................


WIND (MPH)
  HIGHEST WIND SPEED    17   HIGHEST WIND DIRECTION     N (350)
  HIGHEST GUST SPEED    24   HIGHEST GUST DIRECTION     N (340)
  AVERAGE WIND SPEED     9.0


SKY COVER
  POSSIBLE SUNSHINE  MM
  AVERAGE SKY COVER 0.6


WEATHER CONDITIONS
 THE FOLLOWING WEATHER WAS RECORDED YESTERDAY.
  NO SIGNIFICANT WEATHER WAS OBSERVED.


RELATIVE HUMIDITY (PERCENT)
 HIGHEST    42           400 AM
 LOWEST     21           200 PM
 AVERAGE    32

..........................................................


THE MADISON WI CLIMATE NORMALS FOR TODAY
                         NORMAL    RECORD    YEAR
 MAXIMUM TEMPERATURE (F)   41        75      1990
 MINIMUM TEMPERATURE (F)   23        -7      1948


SUNRISE AND SUNSET
MARCH 12 2017.........SUNRISE   714 AM CDT   SUNSET   700 PM CDT
MARCH 13 2017.........SUNRISE   712 AM CDT   SUNSET   702 PM CDT


-  INDICATES NEGATIVE NUMBERS.
R  INDICATES RECORD WAS SET OR TIED.
MM INDICATES DATA IS MISSING.
T  INDICATES TRACE AMOUNT.




$$
