000
CDUS43 KMKX 052121
CLIMSN


CLIMATE REPORT
NATIONAL WEATHER SERVICE IN MILWAUKEE
420 PM CDT SAT AUG 5 2017


...................................

...THE MADISON WI CLIMATE SUMMARY FOR AUGUST 5 2017...
VALID TODAY AS OF 0400 PM LOCAL TIME.

CLIMATE NORMAL PERIOD 1981 TO 2010
CLIMATE RECORD PERIOD 1871 TO 2017


WEATHER ITEM   OBSERVED TIME   RECORD YEAR NORMAL DEPARTURE LAST
                VALUE   (LST)  VALUE       VALUE  FROM      YEAR
                                                  NORMAL
..................................................................
TEMPERATURE (F)
 TODAY
  MAXIMUM         77    242 PM  98    1947  80     -3       81
  MINIMUM         53    510 AM  45    1994  60     -7       65
                                      1974
  AVERAGE         65                        70     -5       73

PRECIPITATION (IN)
  TODAY            0.00          2.01 1977   0.14  -0.14     0.00
  MONTH TO DATE    0.46                      0.69  -0.23     1.61
  SINCE JUN 1     13.71                      9.41   4.30    12.19
  SINCE JAN 1     29.37                     21.24   8.13    21.98

SNOWFALL (IN)
  TODAY            0.0           0.0    MM   0.0    0.0      0.0
  MONTH TO DATE    0.0                       0.0    0.0      0.0
  SINCE JUN 1      0.0                       0.0    0.0      0.0
  SINCE JUL 1      0.0                       0.0    0.0      0.0
  SNOW DEPTH       0

DEGREE DAYS
 HEATING
  TODAY            0                         1     -1        0
  MONTH TO DATE    3                         2      1        0
  SINCE JUN 1     33                        72    -39       18
  SINCE JUL 1      3                        12     -9        4

 COOLING
  TODAY            0                         6     -6        8
  MONTH TO DATE   16                        30    -14       56
  SINCE JUN 1    375                       356     19      460
  SINCE JAN 1    390                       386      4      512
..................................................................


WIND (MPH)
  HIGHEST WIND SPEED    10   HIGHEST WIND DIRECTION    NW (310)
  HIGHEST GUST SPEED    16   HIGHEST GUST DIRECTION     W (280)
  AVERAGE WIND SPEED     3.9


SKY COVER
  POSSIBLE SUNSHINE  MM
  AVERAGE SKY COVER 0.5


WEATHER CONDITIONS
 THE FOLLOWING WEATHER WAS RECORDED TODAY.
  NO SIGNIFICANT WEATHER WAS OBSERVED.


RELATIVE HUMIDITY (PERCENT)
 HIGHEST   100           500 AM
 LOWEST     43           100 PM
 AVERAGE    72

..........................................................


THE MADISON WI CLIMATE NORMALS FOR TOMORROW
                         NORMAL    RECORD    YEAR
 MAXIMUM TEMPERATURE (F)   80        98      1947
 MINIMUM TEMPERATURE (F)   60        43      1992


SUNRISE AND SUNSET
AUGUST  5 2017........SUNRISE   552 AM CDT   SUNSET   813 PM CDT
AUGUST  6 2017........SUNRISE   553 AM CDT   SUNSET   812 PM CDT


-  INDICATES NEGATIVE NUMBERS.
R  INDICATES RECORD WAS SET OR TIED.
MM INDICATES DATA IS MISSING.
T  INDICATES TRACE AMOUNT.




$$
