000
CDUS43 KMKX 250659
CLIMSN


CLIMATE REPORT
NATIONAL WEATHER SERVICE IN MILWAUKEE
159 AM CDT WED MAR 25 2015


...................................

...THE MADISON WI CLIMATE SUMMARY FOR MARCH 24 2015...

CLIMATE NORMAL PERIOD 1981 TO 2010
CLIMATE RECORD PERIOD 1871 TO 2015


WEATHER ITEM   OBSERVED TIME   RECORD YEAR NORMAL DEPARTURE LAST
                VALUE   (LST)  VALUE       VALUE  FROM      YEAR
                                                  NORMAL
..................................................................
TEMPERATURE (F)
 YESTERDAY
  MAXIMUM         41    304 PM  76    1939  47     -6       36
  MINIMUM         16    612 AM  -6    1888  28    -12       16
  AVERAGE         29                        37     -8       26

PRECIPITATION (IN)
  YESTERDAY        0.17          2.28 2009   0.08   0.09     0.05
  MONTH TO DATE    0.48                      1.58  -1.10     0.76
  SINCE MAR 1      0.48                      1.58  -1.10     0.76
  SINCE JAN 1      1.68                      4.26  -2.58     2.65

SNOWFALL (IN)
  YESTERDAY        T             5.7  1937   0.2   -0.2      1.4
  MONTH TO DATE    3.8                       5.8   -2.0      8.0
  SINCE MAR 1      3.8                       5.8   -2.0      8.0
  SINCE JUL 1     33.3                      46.9  -13.6     58.0
  SNOW DEPTH       0

DEGREE DAYS
 HEATING
  YESTERDAY       36                        28      8       39
  MONTH TO DATE  735                       779    -44      947
  SINCE MAR 1    735                       779    -44      947
  SINCE JUL 1   6446                      6265    181     7059

 COOLING
  YESTERDAY        0                         0      0        0
  MONTH TO DATE    0                         0      0        0
  SINCE MAR 1      0                         0      0        0
  SINCE JAN 1      0                         0      0        0
..................................................................


WIND (MPH)
  HIGHEST WIND SPEED    21   HIGHEST WIND DIRECTION     E (110)
  HIGHEST GUST SPEED    25   HIGHEST GUST DIRECTION     E (110)
  AVERAGE WIND SPEED     9.5


SKY COVER
  POSSIBLE SUNSHINE  MM
  AVERAGE SKY COVER 0.6


WEATHER CONDITIONS
 THE FOLLOWING WEATHER WAS RECORDED YESTERDAY.
  LIGHT RAIN
  FREEZING RAIN
  LT FREEZING RAIN
  SLEET
  FOG


RELATIVE HUMIDITY (PERCENT)
 HIGHEST    92          1200 AM
 LOWEST     38           600 PM
 AVERAGE    65

..........................................................


THE MADISON WI CLIMATE NORMALS FOR TODAY
                         NORMAL    RECORD    YEAR
 MAXIMUM TEMPERATURE (F)   47        77      2007
 MINIMUM TEMPERATURE (F)   28        -4      1960


SUNRISE AND SUNSET
MARCH 25 2015.........SUNRISE   652 AM CDT   SUNSET   715 PM CDT
MARCH 26 2015.........SUNRISE   650 AM CDT   SUNSET   716 PM CDT


-  INDICATES NEGATIVE NUMBERS.
R  INDICATES RECORD WAS SET OR TIED.
MM INDICATES DATA IS MISSING.
T  INDICATES TRACE AMOUNT.




$$
