000
CDUS43 KMKX 300650
CLIMSN


CLIMATE REPORT
NATIONAL WEATHER SERVICE IN MILWAUKEE
149 AM CDT SAT SEP 30 2017


...................................

...THE MADISON WI CLIMATE SUMMARY FOR SEPTEMBER 29 2017...

CLIMATE NORMAL PERIOD 1981 TO 2010
CLIMATE RECORD PERIOD 1871 TO 2017


WEATHER ITEM   OBSERVED TIME   RECORD YEAR NORMAL DEPARTURE LAST
                VALUE   (LST)  VALUE       VALUE  FROM      YEAR
                                                  NORMAL
..................................................................
TEMPERATURE (F)
 YESTERDAY
  MAXIMUM         68    221 PM  90    1953  66      2       72
  MINIMUM         44   1159 PM  25    1949  44      0       51
  AVERAGE         56                        55      1       62

PRECIPITATION (IN)
  YESTERDAY        0.00          2.03 2015   0.09  -0.09     0.00
  MONTH TO DATE    0.55                      3.05  -2.50     8.37
  SINCE SEP 1      0.55                      3.05  -2.50     8.37
  SINCE JAN 1     33.31                     27.87   5.44    36.61

SNOWFALL (IN)
  YESTERDAY        0.0           0.0    MM   0.0    0.0      0.0
  MONTH TO DATE    0.0                       0.0    0.0      0.0
  SINCE SEP 1      0.0                       0.0    0.0      0.0
  SINCE JUL 1      0.0                       0.0    0.0      0.0
  SNOW DEPTH       0

DEGREE DAYS
 HEATING
  YESTERDAY        9                        10     -1        3
  MONTH TO DATE  102                       162    -60       37
  SINCE SEP 1    102                       162    -60       37
  SINCE JUL 1    127                       199    -72       44

 COOLING
  YESTERDAY        0                         1     -1        0
  MONTH TO DATE  110                        53     57       76
  SINCE SEP 1    110                        53     57       76
  SINCE JAN 1    570                       566      4      771
..................................................................


WIND (MPH)
  HIGHEST WIND SPEED    17   HIGHEST WIND DIRECTION     N (10)
  HIGHEST GUST SPEED    22   HIGHEST GUST DIRECTION     N (10)
  AVERAGE WIND SPEED     7.0


SKY COVER
  POSSIBLE SUNSHINE  MM
  AVERAGE SKY COVER 0.3


WEATHER CONDITIONS
 THE FOLLOWING WEATHER WAS RECORDED YESTERDAY.
  NO SIGNIFICANT WEATHER WAS OBSERVED.


RELATIVE HUMIDITY (PERCENT)
 HIGHEST    93           900 PM
 LOWEST     42           100 PM
 AVERAGE    68

..........................................................


THE MADISON WI CLIMATE NORMALS FOR TODAY
                         NORMAL    RECORD    YEAR
 MAXIMUM TEMPERATURE (F)   66        88      1971
 MINIMUM TEMPERATURE (F)   44        28      1993
                                             1883


SUNRISE AND SUNSET
SEPTEMBER 30 2017.....SUNRISE   654 AM CDT   SUNSET   640 PM CDT
OCTOBER  1 2017.......SUNRISE   655 AM CDT   SUNSET   638 PM CDT


-  INDICATES NEGATIVE NUMBERS.
R  INDICATES RECORD WAS SET OR TIED.
MM INDICATES DATA IS MISSING.
T  INDICATES TRACE AMOUNT.




$$
