000
CDUS43 KMKX 220706
CLIMSN


CLIMATE REPORT
NATIONAL WEATHER SERVICE IN MILWAUKEE
206 AM CDT SAT APR 22 2017


...................................

...THE MADISON WI CLIMATE SUMMARY FOR APRIL 21 2017...

CLIMATE NORMAL PERIOD 1981 TO 2010
CLIMATE RECORD PERIOD 1871 TO 2017


WEATHER ITEM   OBSERVED TIME   RECORD YEAR NORMAL DEPARTURE LAST
                VALUE   (LST)  VALUE       VALUE  FROM      YEAR
                                                  NORMAL
..................................................................
TEMPERATURE (F)
 YESTERDAY
  MAXIMUM         59    454 PM  84    1980  60     -1       70
  MINIMUM         37    448 AM  21    1981  38     -1       51
  AVERAGE         48                        49     -1       61

PRECIPITATION (IN)
  YESTERDAY        0.00          1.22 1972   0.11  -0.11     0.00
  MONTH TO DATE    2.98                      2.36   0.62     1.02
  SINCE MAR 1      5.81                      4.56   1.25     4.98
  SINCE JAN 1     10.51                      7.24   3.27     6.48

SNOWFALL (IN)
  YESTERDAY        0.0           1.0  1905   0.0    0.0      0.0
  MONTH TO DATE    T                         2.2   -2.2      4.2
  SINCE MAR 1      8.3                       9.2   -0.9      8.2
  SINCE JUL 1     44.0                      50.3   -6.3     32.7
  SNOW DEPTH       0

DEGREE DAYS
 HEATING
  YESTERDAY       17                        16      1        4
  MONTH TO DATE  300                       427   -127      426
  SINCE MAR 1   1249                      1390   -141     1196
  SINCE JUL 1   5761                      6876  -1115     5796

 COOLING
  YESTERDAY        0                         0      0        0
  MONTH TO DATE    0                         0      0        0
  SINCE MAR 1      0                         0      0        0
  SINCE JAN 1      0                         0      0        0
..................................................................


WIND (MPH)
  HIGHEST WIND SPEED    22   HIGHEST WIND DIRECTION     N (10)
  HIGHEST GUST SPEED    27   HIGHEST GUST DIRECTION     N (10)
  AVERAGE WIND SPEED     9.7


SKY COVER
  POSSIBLE SUNSHINE  MM
  AVERAGE SKY COVER 0.7


WEATHER CONDITIONS
 THE FOLLOWING WEATHER WAS RECORDED YESTERDAY.
  NO SIGNIFICANT WEATHER WAS OBSERVED.


RELATIVE HUMIDITY (PERCENT)
 HIGHEST    76           400 AM
 LOWEST     37           400 PM
 AVERAGE    57

..........................................................


THE MADISON WI CLIMATE NORMALS FOR TODAY
                         NORMAL    RECORD    YEAR
 MAXIMUM TEMPERATURE (F)   60        94      1980
 MINIMUM TEMPERATURE (F)   38        19      1986


SUNRISE AND SUNSET
APRIL 22 2017.........SUNRISE   604 AM CDT   SUNSET   749 PM CDT
APRIL 23 2017.........SUNRISE   602 AM CDT   SUNSET   750 PM CDT


-  INDICATES NEGATIVE NUMBERS.
R  INDICATES RECORD WAS SET OR TIED.
MM INDICATES DATA IS MISSING.
T  INDICATES TRACE AMOUNT.




$$
