000
CDUS43 KMKX 150655
CLIMSN


CLIMATE REPORT
NATIONAL WEATHER SERVICE IN MILWAUKEE
154 AM CDT FRI SEP 15 2017


...................................

...THE MADISON WI CLIMATE SUMMARY FOR SEPTEMBER 14 2017...

CLIMATE NORMAL PERIOD 1981 TO 2010
CLIMATE RECORD PERIOD 1871 TO 2017


WEATHER ITEM   OBSERVED TIME   RECORD YEAR NORMAL DEPARTURE LAST
                VALUE   (LST)  VALUE       VALUE  FROM      YEAR
                                                  NORMAL
..................................................................
TEMPERATURE (F)
 YESTERDAY
  MAXIMUM         82    325 PM  96    1939  73      9       75
  MINIMUM         52    509 AM  32    1963  51      1       56
  AVERAGE         67                        62      5       66

PRECIPITATION (IN)
  YESTERDAY        0.00          2.63 1914   0.10  -0.10      T
  MONTH TO DATE    0.14                      1.54  -1.40     3.84
  SINCE SEP 1      0.14                      1.54  -1.40     3.84
  SINCE JAN 1     32.90                     26.36   6.54    32.08

SNOWFALL (IN)
  YESTERDAY        0.0           0.0    MM   0.0    0.0      0.0
  MONTH TO DATE    0.0                       0.0    0.0      0.0
  SINCE SEP 1      0.0                       0.0    0.0      0.0
  SINCE JUL 1      0.0                       0.0    0.0      0.0
  SNOW DEPTH       0

DEGREE DAYS
 HEATING
  YESTERDAY        0                         5     -5        0
  MONTH TO DATE   70                        46     24        9
  SINCE SEP 1     70                        46     24        9
  SINCE JUL 1     95                        83     12       16

 COOLING
  YESTERDAY        2                         2      0        1
  MONTH TO DATE    4                        36    -32       45
  SINCE SEP 1      4                        36    -32       45
  SINCE JAN 1    464                       549    -85      740
..................................................................


WIND (MPH)
  HIGHEST WIND SPEED    14   HIGHEST WIND DIRECTION     S (170)
  HIGHEST GUST SPEED    23   HIGHEST GUST DIRECTION     S (190)
  AVERAGE WIND SPEED     5.9


SKY COVER
  POSSIBLE SUNSHINE  MM
  AVERAGE SKY COVER 0.2


WEATHER CONDITIONS
 THE FOLLOWING WEATHER WAS RECORDED YESTERDAY.
  FOG
  FOG W/VISIBILITY <= 1/4 MILE


RELATIVE HUMIDITY (PERCENT)
 HIGHEST   100           400 AM
 LOWEST     42           100 PM
 AVERAGE    71

..........................................................


THE MADISON WI CLIMATE NORMALS FOR TODAY
                         NORMAL    RECORD    YEAR
 MAXIMUM TEMPERATURE (F)   72        96      1939
 MINIMUM TEMPERATURE (F)   51        32      2007


SUNRISE AND SUNSET
SEPTEMBER 15 2017.....SUNRISE   637 AM CDT   SUNSET   707 PM CDT
SEPTEMBER 16 2017.....SUNRISE   638 AM CDT   SUNSET   705 PM CDT


-  INDICATES NEGATIVE NUMBERS.
R  INDICATES RECORD WAS SET OR TIED.
MM INDICATES DATA IS MISSING.
T  INDICATES TRACE AMOUNT.




$$
