000
CDUS43 KMKX 032145
CLIMSN


CLIMATE REPORT
NATIONAL WEATHER SERVICE IN MILWAUKEE
445 PM CDT MON JUL 3 2017


...................................

...THE MADISON WI CLIMATE SUMMARY FOR JULY 3 2017...
VALID TODAY AS OF 0400 PM LOCAL TIME.

CLIMATE NORMAL PERIOD 1981 TO 2010
CLIMATE RECORD PERIOD 1871 TO 2017


WEATHER ITEM   OBSERVED TIME   RECORD YEAR NORMAL DEPARTURE LAST
                VALUE   (LST)  VALUE       VALUE  FROM      YEAR
                                                  NORMAL
..................................................................
TEMPERATURE (F)
 TODAY
  MAXIMUM         79    259 PM  96    2012  82     -3       77
                                      1949
                                      1911
  MINIMUM         61    453 AM  42    1968  61      0       51
  AVERAGE         70                        71     -1       64

PRECIPITATION (IN)
  TODAY            0.00          3.89 1975   0.13  -0.13     0.00
  MONTH TO DATE    0.03                      0.41  -0.38     0.00
  SINCE JUN 1      6.76                      4.95   1.81     5.35
  SINCE JAN 1     22.42                     16.78   5.64    15.14

SNOWFALL (IN)
  TODAY            0.0           0.0    MM   0.0    0.0      0.0
  MONTH TO DATE    0.0                       0.0    0.0      0.0
  SINCE JUN 1      0.0                       0.0    0.0      0.0
  SINCE JUL 1      0.0                       0.0    0.0      0.0
  SNOW DEPTH       0

DEGREE DAYS
 HEATING
  TODAY            0                         0      0        1
  MONTH TO DATE    0                         0      0        2
  SINCE JUN 1     30                        60    -30       16
  SINCE JUL 1      0                         0      0        2

 COOLING
  TODAY            5                         7     -2        0
  MONTH TO DATE   16                        19     -3        0
  SINCE JUN 1    173                       139     34      149
  SINCE JAN 1    188                       169     19      201
..................................................................


WIND (MPH)
  HIGHEST WIND SPEED    15   HIGHEST WIND DIRECTION     E (110)
  HIGHEST GUST SPEED    20   HIGHEST GUST DIRECTION     E (100)
  AVERAGE WIND SPEED     6.2


SKY COVER
  POSSIBLE SUNSHINE  MM
  AVERAGE SKY COVER 0.6


WEATHER CONDITIONS
 THE FOLLOWING WEATHER WAS RECORDED TODAY.
  FOG


RELATIVE HUMIDITY (PERCENT)
 HIGHEST   100           300 AM
 LOWEST     52           100 PM
 AVERAGE    76

..........................................................


THE MADISON WI CLIMATE NORMALS FOR TOMORROW
                         NORMAL    RECORD    YEAR
 MAXIMUM TEMPERATURE (F)   82       102      2012
 MINIMUM TEMPERATURE (F)   61        44      1972
                                             1967


SUNRISE AND SUNSET
JULY  3 2017..........SUNRISE   523 AM CDT   SUNSET   840 PM CDT
JULY  4 2017..........SUNRISE   523 AM CDT   SUNSET   840 PM CDT


-  INDICATES NEGATIVE NUMBERS.
R  INDICATES RECORD WAS SET OR TIED.
MM INDICATES DATA IS MISSING.
T  INDICATES TRACE AMOUNT.




$$
