181
CDUS43 KMKX 080651
CLIMSN


CLIMATE REPORT
NATIONAL WEATHER SERVICE IN MILWAUKEE
1250 AM CST FRI DEC 8 2017


...................................

...THE MADISON WI CLIMATE SUMMARY FOR DECEMBER 7 2017...

CLIMATE NORMAL PERIOD 1981 TO 2010
CLIMATE RECORD PERIOD 1871 TO 2017


WEATHER ITEM   OBSERVED TIME   RECORD YEAR NORMAL DEPARTURE LAST
                VALUE   (LST)  VALUE       VALUE  FROM      YEAR
                                                  NORMAL
..................................................................
TEMPERATURE (F)
 YESTERDAY
  MAXIMUM         25    142 PM  60    1916  33     -8       24
  MINIMUM         16    901 AM -15    1972  19     -3       19
  AVERAGE         21                        26     -5       22

PRECIPITATION (IN)
  YESTERDAY        T             1.17 1967   0.07  -0.07      T
  MONTH TO DATE    0.47                      0.50  -0.03     0.47
  SINCE DEC 1      0.47                      0.50  -0.03     0.47
  SINCE JAN 1     38.02                     33.24   4.78    44.00

SNOWFALL (IN)
  YESTERDAY        T             8.4  1969   0.4   -0.4       T
  MONTH TO DATE    T                         2.8   -2.8      5.7
  SINCE DEC 1      T                         2.8   -2.8      5.7
  SINCE JUL 1      0.3                       6.9   -6.6      5.7
  SNOW DEPTH       0

DEGREE DAYS
 HEATING
  YESTERDAY       44                        39      5       43
  MONTH TO DATE  216                       266    -50      236
  SINCE DEC 1    216                       266    -50      236
  SINCE JUL 1   1575                      1845   -270     1258

 COOLING
  YESTERDAY        0                         0      0        0
  MONTH TO DATE    0                         0      0        0
  SINCE DEC 1      0                         0      0        0
  SINCE JAN 1    580                       568     12      780
..................................................................


WIND (MPH)
  HIGHEST WIND SPEED    17   HIGHEST WIND DIRECTION     W (290)
  HIGHEST GUST SPEED    28   HIGHEST GUST DIRECTION     W (280)
  AVERAGE WIND SPEED     8.7


SKY COVER
  POSSIBLE SUNSHINE  MM
  AVERAGE SKY COVER 0.4


WEATHER CONDITIONS
 THE FOLLOWING WEATHER WAS RECORDED YESTERDAY.
  LIGHT SNOW


RELATIVE HUMIDITY (PERCENT)
 HIGHEST    74           100 AM
 LOWEST     40           200 PM
 AVERAGE    57

..........................................................


THE MADISON WI CLIMATE NORMALS FOR TODAY
                         NORMAL    RECORD    YEAR
 MAXIMUM TEMPERATURE (F)   32        60      1946
 MINIMUM TEMPERATURE (F)   18       -16      1876


SUNRISE AND SUNSET
DECEMBER  8 2017......SUNRISE   717 AM CST   SUNSET   422 PM CST
DECEMBER  9 2017......SUNRISE   717 AM CST   SUNSET   422 PM CST


-  INDICATES NEGATIVE NUMBERS.
R  INDICATES RECORD WAS SET OR TIED.
MM INDICATES DATA IS MISSING.
T  INDICATES TRACE AMOUNT.




$$
