000
CDUS43 KMKX 230657
CLIMSN


CLIMATE REPORT
NATIONAL WEATHER SERVICE IN MILWAUKEE
157 AM CDT SUN AUG 23 2015


...................................

...THE MADISON WI CLIMATE SUMMARY FOR AUGUST 22 2015...

CLIMATE NORMAL PERIOD 1981 TO 2010
CLIMATE RECORD PERIOD 1871 TO 2015


WEATHER ITEM   OBSERVED TIME   RECORD YEAR NORMAL DEPARTURE LAST
                VALUE   (LST)  VALUE       VALUE  FROM      YEAR
                                                  NORMAL
..................................................................
TEMPERATURE (F)
 YESTERDAY
  MAXIMUM         80    316 PM  94    1976  79      1       91
                                      1936
  MINIMUM         63    556 AM  44    1967  58      5       72
  AVERAGE         72                        69      3       82

PRECIPITATION (IN)
  YESTERDAY        0.00          3.20 2007   0.14  -0.14     0.00
  MONTH TO DATE    2.26                      3.10  -0.84     3.88
  SINCE JUN 1     10.43                     11.82  -1.39    14.51
  SINCE JAN 1     20.95                     23.65  -2.70    26.26

SNOWFALL (IN)
  YESTERDAY        0.0           0.0    MM   0.0    0.0      0.0
  MONTH TO DATE    0.0                       0.0    0.0      0.0
  SINCE JUN 1      0.0                       0.0    0.0      0.0
  SINCE JUL 1      0.0                       0.0    0.0      0.0
  SNOW DEPTH       0

DEGREE DAYS
 HEATING
  YESTERDAY        0                         1     -1        0
  MONTH TO DATE    3                        19    -16        4
  SINCE JUN 1     56                        89    -33       26
  SINCE JUL 1     19                        29    -10       17

 COOLING
  YESTERDAY        7                         5      2       17
  MONTH TO DATE  160                       122     38      131
  SINCE JUN 1    471                       448     23      456
  SINCE JAN 1    521                       478     43      507
..................................................................


WIND (MPH)
  HIGHEST WIND SPEED    26   HIGHEST WIND DIRECTION     S (170)
  HIGHEST GUST SPEED    32   HIGHEST GUST DIRECTION     S (180)
  AVERAGE WIND SPEED    13.8


SKY COVER
  POSSIBLE SUNSHINE  MM
  AVERAGE SKY COVER 0.2


WEATHER CONDITIONS
 THE FOLLOWING WEATHER WAS RECORDED YESTERDAY.
  NO SIGNIFICANT WEATHER WAS OBSERVED.


RELATIVE HUMIDITY (PERCENT)
 HIGHEST    84           600 AM
 LOWEST     42           100 PM
 AVERAGE    63

..........................................................


THE MADISON WI CLIMATE NORMALS FOR TODAY
                         NORMAL    RECORD    YEAR
 MAXIMUM TEMPERATURE (F)   79        98      1947
 MINIMUM TEMPERATURE (F)   58        43      1952


SUNRISE AND SUNSET
AUGUST 23 2015........SUNRISE   611 AM CDT   SUNSET   748 PM CDT
AUGUST 24 2015........SUNRISE   613 AM CDT   SUNSET   746 PM CDT


-  INDICATES NEGATIVE NUMBERS.
R  INDICATES RECORD WAS SET OR TIED.
MM INDICATES DATA IS MISSING.
T  INDICATES TRACE AMOUNT.




$$
