000
CDUS43 KMKX 150046
CLIMSN


CLIMATE REPORT
NATIONAL WEATHER SERVICE IN MILWAUKEE
745 PM CDT THU AUG 14 2014


...................................

...THE MADISON WI CLIMATE SUMMARY FOR AUGUST 14 2014...
VALID TODAY AS OF 0700 PM LOCAL TIME.

CLIMATE NORMAL PERIOD 1981 TO 2010
CLIMATE RECORD PERIOD 1871 TO 2014


WEATHER ITEM   OBSERVED TIME   RECORD YEAR NORMAL DEPARTURE LAST
                VALUE   (LST)  VALUE       VALUE  FROM      YEAR
                                                  NORMAL
..................................................................
TEMPERATURE (F)
 TODAY
  MAXIMUM         73    509 PM  95    1988  80     -7       74
  MINIMUM         51    447 AM  37    1964  60     -9       46
  AVERAGE         62                        70     -8       60

PRECIPITATION (IN)
  TODAY            0.00          2.09 1981   0.15  -0.15     0.00
  MONTH TO DATE    2.69                      1.95   0.74     0.30
  SINCE JUN 1     13.32                     10.67   2.65    15.16
  SINCE JAN 1     25.07                     22.50   2.57    35.25

SNOWFALL (IN)
  TODAY           MM             0.0    MM   0.0   MM        0.0
  MONTH TO DATE    0.0                       0.0    0.0      0.0
  SINCE JUN 1      0.0                       0.0    0.0      0.0
  SINCE JUL 1      0.0                       0.0    0.0      0.0
  SNOW DEPTH      MM

DEGREE DAYS
 HEATING
  TODAY            3                         1      2        5
  MONTH TO DATE    3                        11     -8       12
  SINCE JUN 1     25                        81    -56       82
  SINCE JUL 1     16                        21     -5       30

 COOLING
  TODAY            0                         5     -5        0
  MONTH TO DATE   67                        82    -15       45
  SINCE JUN 1    392                       408    -16      413
  SINCE JAN 1    443                       438      5      466
..................................................................


WIND (MPH)
  HIGHEST WIND SPEED    10   HIGHEST WIND DIRECTION     E (80)
  HIGHEST GUST SPEED    17   HIGHEST GUST DIRECTION     E (80)
  AVERAGE WIND SPEED     4.0


SKY COVER
  POSSIBLE SUNSHINE  MM
  AVERAGE SKY COVER 0.4


WEATHER CONDITIONS
 THE FOLLOWING WEATHER WAS RECORDED TODAY.
  NO SIGNIFICANT WEATHER WAS OBSERVED.


RELATIVE HUMIDITY (PERCENT)
 HIGHEST    96           500 AM
 LOWEST     41           100 PM
 AVERAGE    69

..........................................................


THE MADISON WI CLIMATE NORMALS FOR TOMORROW
                         NORMAL    RECORD    YEAR
 MAXIMUM TEMPERATURE (F)   80        95      1988
                                             1955
 MINIMUM TEMPERATURE (F)   59        37      1979


SUNRISE AND SUNSET
AUGUST 14 2014........SUNRISE   602 AM CDT   SUNSET   801 PM CDT
AUGUST 15 2014........SUNRISE   603 AM CDT   SUNSET   800 PM CDT


-  INDICATES NEGATIVE NUMBERS.
R  INDICATES RECORD WAS SET OR TIED.
MM INDICATES DATA IS MISSING.
T  INDICATES TRACE AMOUNT.




$$
