000
CDUS43 KMKX 010643
CLIMSN


CLIMATE REPORT
NATIONAL WEATHER SERVICE IN MILWAUKEE
143 AM CDT WED NOV 1 2017


...................................

...THE MADISON WI CLIMATE SUMMARY FOR OCTOBER 31 2017...

CLIMATE NORMAL PERIOD 1981 TO 2010
CLIMATE RECORD PERIOD 1871 TO 2017


WEATHER ITEM   OBSERVED TIME   RECORD YEAR NORMAL DEPARTURE LAST
                VALUE   (LST)  VALUE       VALUE  FROM      YEAR
                                                  NORMAL
..................................................................
TEMPERATURE (F)
 YESTERDAY
  MAXIMUM         37    202 PM  77    1950  52    -15       61
                                      1933
  MINIMUM         32   1159 PM  16    1925  34     -2       38
  AVERAGE         35                        43     -8       50

PRECIPITATION (IN)
  YESTERDAY        0.00          1.21 1960   0.08  -0.08     0.00
  MONTH TO DATE    3.56                      2.40   1.16     4.96
  SINCE SEP 1      4.11                      5.53  -1.42    13.42
  SINCE JAN 1     36.87                     30.35   6.52    41.66

SNOWFALL (IN)
  YESTERDAY        0.0           3.2  1926   0.0    0.0      0.0
  MONTH TO DATE    T                         0.5   -0.5      0.0
  SINCE SEP 1      T                         0.5   -0.5      0.0
  SINCE JUL 1      T                         0.5   -0.5      0.0
  SNOW DEPTH      MM

DEGREE DAYS
 HEATING
  YESTERDAY       30                        22      8       15
  MONTH TO DATE  320                       506   -186      347
  SINCE SEP 1    433                       676   -243      389
  SINCE JUL 1    458                       713   -255      396

 COOLING
  YESTERDAY        0                         0      0        0
  MONTH TO DATE   10                         4      6        9
  SINCE SEP 1    120                        55     65       85
  SINCE JAN 1    580                       568     12      780
..................................................................


WIND (MPH)
  HIGHEST WIND SPEED    16   HIGHEST WIND DIRECTION    NW (300)
  HIGHEST GUST SPEED    23   HIGHEST GUST DIRECTION     W (270)
  AVERAGE WIND SPEED     6.5


SKY COVER
  POSSIBLE SUNSHINE  MM
  AVERAGE SKY COVER 0.9


WEATHER CONDITIONS
 THE FOLLOWING WEATHER WAS RECORDED YESTERDAY.
  NO SIGNIFICANT WEATHER WAS OBSERVED.


RELATIVE HUMIDITY (PERCENT)
 HIGHEST    63          1000 PM
 LOWEST     56           200 PM
 AVERAGE    60

..........................................................


THE MADISON WI CLIMATE NORMALS FOR TODAY
                         NORMAL    RECORD    YEAR
 MAXIMUM TEMPERATURE (F)   52        77      1933
 MINIMUM TEMPERATURE (F)   34        15      1873


SUNRISE AND SUNSET
NOVEMBER  1 2017......SUNRISE   732 AM CDT   SUNSET   549 PM CDT
NOVEMBER  2 2017......SUNRISE   734 AM CDT   SUNSET   548 PM CDT


-  INDICATES NEGATIVE NUMBERS.
R  INDICATES RECORD WAS SET OR TIED.
MM INDICATES DATA IS MISSING.
T  INDICATES TRACE AMOUNT.




$$
