000
CDUS43 KMKX 220655
CLIMSN


CLIMATE REPORT
NATIONAL WEATHER SERVICE IN MILWAUKEE
1254 AM CST THU JAN 22 2015


...................................

...THE MADISON WI CLIMATE SUMMARY FOR JANUARY 21 2015...

CLIMATE NORMAL PERIOD 1981 TO 2010
CLIMATE RECORD PERIOD 1871 TO 2015


WEATHER ITEM   OBSERVED TIME   RECORD YEAR NORMAL DEPARTURE LAST
                VALUE   (LST)  VALUE       VALUE  FROM      YEAR
                                                  NORMAL
..................................................................
TEMPERATURE (F)
 YESTERDAY
  MAXIMUM         30   1135 PM  52    1964  26      4        6
  MINIMUM         27    927 AM -29    1888  11     16       -5
  AVERAGE         29                        18     11        1

PRECIPITATION (IN)
  YESTERDAY        0.03          0.57 1895   0.04  -0.01     0.00
  MONTH TO DATE    0.45                      0.84  -0.39     0.36
  SINCE DEC 1      1.48                      2.58  -1.10     1.98
  SINCE JAN 1      0.45                      0.84  -0.39     0.36

SNOWFALL (IN)
  YESTERDAY        0.6           7.2  2008   0.4    0.2      0.0
  MONTH TO DATE    7.4                       8.7   -1.3      6.4
  SINCE DEC 1      7.5                      22.2  -14.7     28.5
  SINCE JUL 1     16.0                      26.3  -10.3     32.0
  SNOW DEPTH       1

DEGREE DAYS
 HEATING
  YESTERDAY       36                        46    -10       64
  MONTH TO DATE 1007                       975     32     1088
  SINCE DEC 1   2135                      2275   -140     2554
  SINCE JUL 1   3819                      3854    -35     4073

 COOLING
  YESTERDAY        0                         0      0        0
  MONTH TO DATE    0                         0      0        0
  SINCE DEC 1      0                         0      0        0
  SINCE JAN 1      0                         0      0        0
..................................................................


WIND (MPH)
  HIGHEST WIND SPEED    12   HIGHEST WIND DIRECTION    NE (50)
  HIGHEST GUST SPEED    14   HIGHEST GUST DIRECTION    NE (50)
  AVERAGE WIND SPEED     4.6


SKY COVER
  POSSIBLE SUNSHINE  MM
  AVERAGE SKY COVER 1.0


WEATHER CONDITIONS
 THE FOLLOWING WEATHER WAS RECORDED YESTERDAY.
  LIGHT SNOW
  FOG


RELATIVE HUMIDITY (PERCENT)
 HIGHEST    92           200 AM
 LOWEST     72           100 PM
 AVERAGE    82

..........................................................


THE MADISON WI CLIMATE NORMALS FOR TODAY
                         NORMAL    RECORD    YEAR
 MAXIMUM TEMPERATURE (F)   26        53      1964
 MINIMUM TEMPERATURE (F)   11       -26      1936


SUNRISE AND SUNSET
JANUARY 22 2015.......SUNRISE   722 AM CST   SUNSET   456 PM CST
JANUARY 23 2015.......SUNRISE   721 AM CST   SUNSET   457 PM CST


-  INDICATES NEGATIVE NUMBERS.
R  INDICATES RECORD WAS SET OR TIED.
MM INDICATES DATA IS MISSING.
T  INDICATES TRACE AMOUNT.




$$
