000
CDUS43 KMKX 042140
CLIMSN


CLIMATE REPORT
NATIONAL WEATHER SERVICE IN MILWAUKEE
440 PM CDT TUE JUL 4 2017


...................................

...THE MADISON WI CLIMATE SUMMARY FOR JULY 4 2017...
VALID TODAY AS OF 0400 PM LOCAL TIME.

CLIMATE NORMAL PERIOD 1981 TO 2010
CLIMATE RECORD PERIOD 1871 TO 2017


WEATHER ITEM   OBSERVED TIME   RECORD YEAR NORMAL DEPARTURE LAST
                VALUE   (LST)  VALUE       VALUE  FROM      YEAR
                                                  NORMAL
..................................................................
TEMPERATURE (F)
 TODAY
  MAXIMUM         83    220 PM 102    2012  82      1       75
  MINIMUM         54    429 AM  44    1972  61     -7       53
                                      1967
  AVERAGE         69                        71     -2       64

PRECIPITATION (IN)
  TODAY            0.00          1.39 1994   0.14  -0.14     0.00
  MONTH TO DATE    0.03                      0.55  -0.52     0.00
  SINCE JUN 1      6.76                      5.09   1.67     5.35
  SINCE JAN 1     22.42                     16.92   5.50    15.14

SNOWFALL (IN)
  TODAY            0.0           0.0    MM   0.0    0.0      0.0
  MONTH TO DATE    0.0                       0.0    0.0      0.0
  SINCE JUN 1      0.0                       0.0    0.0      0.0
  SINCE JUL 1      0.0                       0.0    0.0      0.0
  SNOW DEPTH       0

DEGREE DAYS
 HEATING
  TODAY            0                         0      0        1
  MONTH TO DATE    0                         0      0        3
  SINCE JUN 1     30                        60    -30       17
  SINCE JUL 1      0                         0      0        3

 COOLING
  TODAY            4                         7     -3        0
  MONTH TO DATE   21                        26     -5        0
  SINCE JUN 1    178                       146     32      149
  SINCE JAN 1    193                       176     17      201
..................................................................


WIND (MPH)
  HIGHEST WIND SPEED    13   HIGHEST WIND DIRECTION     E (90)
  HIGHEST GUST SPEED    15   HIGHEST GUST DIRECTION     E (100)
  AVERAGE WIND SPEED     4.0


SKY COVER
  POSSIBLE SUNSHINE  MM
  AVERAGE SKY COVER 0.3


WEATHER CONDITIONS
 THE FOLLOWING WEATHER WAS RECORDED TODAY.
  NO SIGNIFICANT WEATHER WAS OBSERVED.


RELATIVE HUMIDITY (PERCENT)
 HIGHEST    93           300 AM
 LOWEST     51           100 PM
 AVERAGE    72

..........................................................


THE MADISON WI CLIMATE NORMALS FOR TOMORROW
                         NORMAL    RECORD    YEAR
 MAXIMUM TEMPERATURE (F)   82       104      2012
 MINIMUM TEMPERATURE (F)   61        40      1972


SUNRISE AND SUNSET
JULY  4 2017..........SUNRISE   523 AM CDT   SUNSET   840 PM CDT
JULY  5 2017..........SUNRISE   524 AM CDT   SUNSET   840 PM CDT


-  INDICATES NEGATIVE NUMBERS.
R  INDICATES RECORD WAS SET OR TIED.
MM INDICATES DATA IS MISSING.
T  INDICATES TRACE AMOUNT.




$$
