000
CDUS43 KMKX 012234
CLIMSN


CLIMATE REPORT
NATIONAL WEATHER SERVICE IN MILWAUKEE
433 PM CST MON JAN 1 2018


...................................

...THE MADISON WI CLIMATE SUMMARY FOR JANUARY 1 2018...
VALID TODAY AS OF 0400 PM LOCAL TIME.

CLIMATE NORMAL PERIOD 1981 TO 2010
CLIMATE RECORD PERIOD 1871 TO 2017


WEATHER ITEM   OBSERVED TIME   RECORD YEAR NORMAL DEPARTURE LAST
                VALUE   (LST)  VALUE       VALUE  FROM      YEAR
                                                  NORMAL
..................................................................
TEMPERATURE (F)
 TODAY
  MAXIMUM          2    304 PM  54    1897  27    -25       36
  MINIMUM        -13    743 AM -16    1887  12    -25       17
  AVERAGE         -5                        19    -24       27

PRECIPITATION (IN)
  TODAY            0.00          1.80 1892   0.04  -0.04     0.00
  MONTH TO DATE    0.00                      0.04  -0.04     0.00
  SINCE DEC 1      0.73                      1.78  -1.05     2.03
  SINCE JAN 1      0.00                      0.04  -0.04     0.00

SNOWFALL (IN)
  TODAY            0.0           8.3  1942   0.4   -0.4      0.0
  MONTH TO DATE    0.0                       0.4   -0.4      0.0
  SINCE DEC 1      3.7                      13.9  -10.2     22.7
  SINCE JUL 1      4.0                      18.0  -14.0     22.7
  SNOW DEPTH       2

DEGREE DAYS
 HEATING
  TODAY           70                        46     24       38
  MONTH TO DATE   70                        46     24       38
  SINCE DEC 1   1393                      1346     47     1347
  SINCE JUL 1   2752                      2925   -173     2369

 COOLING
  TODAY            0                         0      0        0
  MONTH TO DATE    0                         0      0        0
  SINCE DEC 1      0                         0      0        0
  SINCE JAN 1      0                         0      0        0
..................................................................


WIND (MPH)
  HIGHEST WIND SPEED    13   HIGHEST WIND DIRECTION    NW (310)
  HIGHEST GUST SPEED    19   HIGHEST GUST DIRECTION    NW (320)
  AVERAGE WIND SPEED     6.8


SKY COVER
  POSSIBLE SUNSHINE  MM
  AVERAGE SKY COVER 0.0


WEATHER CONDITIONS
 THE FOLLOWING WEATHER WAS RECORDED TODAY.
  NO SIGNIFICANT WEATHER WAS OBSERVED.


RELATIVE HUMIDITY (PERCENT)
 HIGHEST    72           900 AM
 LOWEST     57          1200 AM
 AVERAGE    65

..........................................................


THE MADISON WI CLIMATE NORMALS FOR TOMORROW
                         NORMAL    RECORD    YEAR
 MAXIMUM TEMPERATURE (F)   27        53      1897
 MINIMUM TEMPERATURE (F)   12       -22      1879


SUNRISE AND SUNSET
JANUARY  1 2018.......SUNRISE   729 AM CST   SUNSET   433 PM CST
JANUARY  2 2018.......SUNRISE   729 AM CST   SUNSET   434 PM CST


-  INDICATES NEGATIVE NUMBERS.
R  INDICATES RECORD WAS SET OR TIED.
MM INDICATES DATA IS MISSING.
T  INDICATES TRACE AMOUNT.




$$
