000
CDUS43 KMKX 060655
CLIMSN


CLIMATE REPORT
NATIONAL WEATHER SERVICE IN MILWAUKEE
153 AM CDT SUN JUL 6 2014


...................................

...THE MADISON WI CLIMATE SUMMARY FOR JULY 5 2014...

CLIMATE NORMAL PERIOD 1981 TO 2010
CLIMATE RECORD PERIOD 1871 TO 2014


WEATHER ITEM   OBSERVED TIME   RECORD YEAR NORMAL DEPARTURE LAST
                VALUE   (LST)  VALUE       VALUE  FROM      YEAR
                                                  NORMAL
..................................................................
TEMPERATURE (F)
 YESTERDAY
  MAXIMUM         77   1211 PM 104    2012  82     -5       84
  MINIMUM         59    336 AM  40    1972  61     -2       67
  AVERAGE         68                        71     -3       76

PRECIPITATION (IN)
  YESTERDAY        0.00          3.75 1993   0.14  -0.14     0.00
  MONTH TO DATE    0.01                      0.69  -0.68     0.00
  SINCE JUN 1      9.56                      5.23   4.33    10.86
  SINCE JAN 1     21.31                     17.06   4.25    30.95

SNOWFALL (IN)
  YESTERDAY        0.0           0.0    MM   0.0    0.0      0.0
  MONTH TO DATE    0.0                       0.0    0.0      0.0
  SINCE JUN 1      0.0                       0.0    0.0      0.0
  SINCE JUL 1      0.0                       0.0    0.0      0.0
  SNOW DEPTH       0

DEGREE DAYS
 HEATING
  YESTERDAY        0                         0      0        0
  MONTH TO DATE    3                         0      3        2
  SINCE JUN 1     12                        60    -48       54
  SINCE JUL 1      3                         0      3        2

 COOLING
  YESTERDAY        3                         7     -4       11
  MONTH TO DATE   13                        33    -20       19
  SINCE JUN 1    195                       153     42      156
  SINCE JAN 1    246                       183     63      209
..................................................................


WIND (MPH)
  HIGHEST WIND SPEED    20   HIGHEST WIND DIRECTION     S (190)
  HIGHEST GUST SPEED    26   HIGHEST GUST DIRECTION     S (200)
  AVERAGE WIND SPEED     9.7


SKY COVER
  POSSIBLE SUNSHINE  MM
  AVERAGE SKY COVER 0.6


WEATHER CONDITIONS
 THE FOLLOWING WEATHER WAS RECORDED YESTERDAY.
  NO SIGNIFICANT WEATHER WAS OBSERVED.


RELATIVE HUMIDITY (PERCENT)
 HIGHEST    80           300 AM
 LOWEST     53          1000 AM
 AVERAGE    67

..........................................................


THE MADISON WI CLIMATE NORMALS FOR TODAY
                         NORMAL    RECORD    YEAR
 MAXIMUM TEMPERATURE (F)   82       102      2012
 MINIMUM TEMPERATURE (F)   61        36      1965


SUNRISE AND SUNSET
JULY  6 2014..........SUNRISE   525 AM CDT   SUNSET   839 PM CDT
JULY  7 2014..........SUNRISE   525 AM CDT   SUNSET   839 PM CDT


-  INDICATES NEGATIVE NUMBERS.
R  INDICATES RECORD WAS SET OR TIED.
MM INDICATES DATA IS MISSING.
T  INDICATES TRACE AMOUNT.




$$
