000
CDUS43 KMKX 280046
CLIMSN


CLIMATE REPORT
NATIONAL WEATHER SERVICE IN MILWAUKEE
643 PM CST SUN NOV 27 2016


...................................

...THE MADISON WI CLIMATE SUMMARY FOR NOVEMBER 27 2016...
VALID TODAY AS OF 0600 PM LOCAL TIME.

CLIMATE NORMAL PERIOD 1981 TO 2010
CLIMATE RECORD PERIOD 1871 TO 2016


WEATHER ITEM   OBSERVED TIME   RECORD YEAR NORMAL DEPARTURE LAST
                VALUE   (LST)  VALUE       VALUE  FROM      YEAR
                                                  NORMAL
..................................................................
TEMPERATURE (F)
 TODAY
  MAXIMUM         40    356 PM  65    1998  38      2       36
                                      1990
  MINIMUM         32    754 AM  -7    1887  23      9       27
  AVERAGE         36                        30      6       32

PRECIPITATION (IN)
  TODAY            0.01          1.33 1995   0.08  -0.07     0.21
  MONTH TO DATE    0.49                      2.16  -1.67     4.21
  SINCE SEP 1     13.91                      7.69   6.22    12.93
  SINCE JAN 1     42.15                     32.51   9.64    35.72

SNOWFALL (IN)
  TODAY            0.0           7.6  1995   0.2   -0.2       T
  MONTH TO DATE    T                         2.9   -2.9      4.1
  SINCE SEP 1      T                         3.4   -3.4      4.1
  SINCE JUL 1      T                         3.4   -3.4      4.1
  SNOW DEPTH       0

DEGREE DAYS
 HEATING
  TODAY           29                        35     -6       33
  MONTH TO DATE  555                       759   -204      579
  SINCE SEP 1    944                      1435   -491     1055
  SINCE JUL 1    951                      1472   -521     1087

 COOLING
  TODAY            0                         0      0        0
  MONTH TO DATE    0                         0      0        0
  SINCE SEP 1     85                        55     30      137
  SINCE JAN 1    780                       568    212      666
..................................................................


WIND (MPH)
  HIGHEST WIND SPEED    18   HIGHEST WIND DIRECTION    SE (150)
  HIGHEST GUST SPEED    23   HIGHEST GUST DIRECTION    SE (150)
  AVERAGE WIND SPEED     9.4


SKY COVER
  POSSIBLE SUNSHINE  MM
  AVERAGE SKY COVER 0.5


WEATHER CONDITIONS
 THE FOLLOWING WEATHER WAS RECORDED TODAY.
  LIGHT RAIN
  FOG
  HAZE


RELATIVE HUMIDITY (PERCENT)
 HIGHEST   100           500 PM
 LOWEST     85          1200 AM
 AVERAGE    93

..........................................................


THE MADISON WI CLIMATE NORMALS FOR TOMORROW
                         NORMAL    RECORD    YEAR
 MAXIMUM TEMPERATURE (F)   37        62      1998
 MINIMUM TEMPERATURE (F)   23       -14      1887


SUNRISE AND SUNSET
NOVEMBER 27 2016......SUNRISE   705 AM CST   SUNSET   425 PM CST
NOVEMBER 28 2016......SUNRISE   706 AM CST   SUNSET   424 PM CST


-  INDICATES NEGATIVE NUMBERS.
R  INDICATES RECORD WAS SET OR TIED.
MM INDICATES DATA IS MISSING.
T  INDICATES TRACE AMOUNT.




$$

HAHN
