000
CDUS43 KMKX 042128
CLIMSN


CLIMATE REPORT
NATIONAL WEATHER SERVICE IN MILWAUKEE
427 PM CDT MON SEP 4 2017


...................................

...THE MADISON WI CLIMATE SUMMARY FOR SEPTEMBER 4 2017...
VALID TODAY AS OF 0400 PM LOCAL TIME.

CLIMATE NORMAL PERIOD 1981 TO 2010
CLIMATE RECORD PERIOD 1871 TO 2017


WEATHER ITEM   OBSERVED TIME   RECORD YEAR NORMAL DEPARTURE LAST
                VALUE   (LST)  VALUE       VALUE  FROM      YEAR
                                                  NORMAL
..................................................................
TEMPERATURE (F)
 TODAY
  MAXIMUM         74    215 PM  94    1925  76     -2       78
  MINIMUM         68    642 AM  35    1974  55     13       58
  AVERAGE         71                        66      5       68

PRECIPITATION (IN)
  TODAY            0.00          1.81 1890   0.12  -0.12     0.00
  MONTH TO DATE    0.07                      0.46  -0.39     0.00
  SINCE SEP 1      0.07                      0.46  -0.39     0.00
  SINCE JAN 1     32.83                     25.28   7.55    28.24

SNOWFALL (IN)
  TODAY            0.0           0.0    MM   0.0    0.0      0.0
  MONTH TO DATE    0.0                       0.0    0.0      0.0
  SINCE SEP 1      0.0                       0.0    0.0      0.0
  SINCE JUL 1      0.0                       0.0    0.0      0.0
  SNOW DEPTH       0

DEGREE DAYS
 HEATING
  TODAY            0                         2     -2        0
  MONTH TO DATE   15                         8      7        5
  SINCE SEP 1     15                         8      7        5
  SINCE JUL 1     40                        45     -5       12

 COOLING
  TODAY            6                         3      3        3
  MONTH TO DATE    6                        12     -6        3
  SINCE SEP 1      6                        12     -6        3
  SINCE JAN 1    466                       525    -59      698
..................................................................


WIND (MPH)
  HIGHEST WIND SPEED    21   HIGHEST WIND DIRECTION    NW (330)
  HIGHEST GUST SPEED    27   HIGHEST GUST DIRECTION    NW (330)
  AVERAGE WIND SPEED     8.8


SKY COVER
  POSSIBLE SUNSHINE  MM
  AVERAGE SKY COVER 0.8


WEATHER CONDITIONS
 THE FOLLOWING WEATHER WAS RECORDED TODAY.
  NO SIGNIFICANT WEATHER WAS OBSERVED.


RELATIVE HUMIDITY (PERCENT)
 HIGHEST    78           800 AM
 LOWEST     46           200 PM
 AVERAGE    62

..........................................................


THE MADISON WI CLIMATE NORMALS FOR TOMORROW
                         NORMAL    RECORD    YEAR
 MAXIMUM TEMPERATURE (F)   76        93      1954
                                             1922
 MINIMUM TEMPERATURE (F)   55        36      1962


SUNRISE AND SUNSET
SEPTEMBER  4 2017.....SUNRISE   625 AM CDT   SUNSET   726 PM CDT
SEPTEMBER  5 2017.....SUNRISE   626 AM CDT   SUNSET   725 PM CDT


-  INDICATES NEGATIVE NUMBERS.
R  INDICATES RECORD WAS SET OR TIED.
MM INDICATES DATA IS MISSING.
T  INDICATES TRACE AMOUNT.




$$
