000
CDUS43 KMKX 191249
CLIMSN


CLIMATE REPORT
NATIONAL WEATHER SERVICE IN MILWAUKEE
745 AM CDT TUE MAY 19 2015


...................................

...THE MADISON WI CLIMATE SUMMARY FOR MAY 18 2015...

CLIMATE NORMAL PERIOD 1981 TO 2010
CLIMATE RECORD PERIOD 1871 TO 2015


WEATHER ITEM   OBSERVED TIME   RECORD YEAR NORMAL DEPARTURE LAST
                VALUE   (LST)  VALUE       VALUE  FROM      YEAR
                                                  NORMAL
..................................................................
TEMPERATURE (F)
 YESTERDAY
  MAXIMUM         70   1204 AM  91    1934  69      1       71
  MINIMUM         46   1159 PM  28    2002  47     -1       49
  AVERAGE         58                        58      0       60

PRECIPITATION (IN)
  YESTERDAY        0.00          2.09 2000   0.11  -0.11     0.00
  MONTH TO DATE    2.64                      1.96   0.68     1.44
  SINCE MAR 1      7.78                      7.56   0.22     7.83
  SINCE JAN 1      8.98                     10.24  -1.26     9.72

SNOWFALL (IN)
  YESTERDAY        0.0           0.0    MM   0.0    0.0      0.0
  MONTH TO DATE    0.0                       0.2   -0.2      0.0
  SINCE MAR 1      4.2                       9.8   -5.6      9.2
  SINCE JUL 1     33.7                      50.9  -17.2     59.2
  SNOW DEPTH       0

DEGREE DAYS
 HEATING
  YESTERDAY        7                         8     -1        5
  MONTH TO DATE  106                       184    -78      186
  SINCE MAR 1   1535                      1705   -170     1914
  SINCE JUL 1   7246                      7191     55     8026

 COOLING
  YESTERDAY        0                         1     -1        0
  MONTH TO DATE   26                         8     18        9
  SINCE MAR 1     26                        12     14        9
  SINCE JAN 1     26                        12     14        9
..................................................................


WIND (MPH)
  HIGHEST WIND SPEED    18   HIGHEST WIND DIRECTION     W (290)
  HIGHEST GUST SPEED    30   HIGHEST GUST DIRECTION     W (280)
  AVERAGE WIND SPEED    10.7


SKY COVER
  POSSIBLE SUNSHINE  MM
  AVERAGE SKY COVER 0.4


WEATHER CONDITIONS
 THE FOLLOWING WEATHER WAS RECORDED YESTERDAY.
  NO SIGNIFICANT WEATHER WAS OBSERVED.


RELATIVE HUMIDITY (PERCENT)
 HIGHEST    78           500 AM
 LOWEST     47           200 PM
 AVERAGE    63

..........................................................


THE MADISON WI CLIMATE NORMALS FOR TODAY
                         NORMAL    RECORD    YEAR
 MAXIMUM TEMPERATURE (F)   69        93      1975
 MINIMUM TEMPERATURE (F)   47        31      2002


SUNRISE AND SUNSET
MAY 19 2015...........SUNRISE   530 AM CDT   SUNSET   818 PM CDT
MAY 20 2015...........SUNRISE   529 AM CDT   SUNSET   819 PM CDT


-  INDICATES NEGATIVE NUMBERS.
R  INDICATES RECORD WAS SET OR TIED.
MM INDICATES DATA IS MISSING.
T  INDICATES TRACE AMOUNT.




$$
